{"id":50,"date":"2013-06-07T09:50:00","date_gmt":"2013-06-07T09:50:00","guid":{"rendered":"http:\/\/blog.espol.edu.ec\/aremvint\/?page_id=50"},"modified":"2013-06-07T09:50:00","modified_gmt":"2013-06-07T09:50:00","slug":"sony-vaio-duo-11","status":"publish","type":"page","link":"https:\/\/blog.espol.edu.ec\/aremvint\/pagina-ejemplo\/sony-vaio-duo-11\/","title":{"rendered":"Sony Vaio Duo 11"},"content":{"rendered":"<p><a href=\"http:\/\/blog.espol.edu.ec\/aremvint\/files\/2013\/06\/AIO-Duo11.jpg\"><img loading=\"lazy\" decoding=\"async\" class=\"aligncenter size-medium wp-image-51\" src=\"http:\/\/blog.espol.edu.ec\/aremvint\/files\/2013\/06\/AIO-Duo11-300x199.jpg\" alt=\"\" width=\"300\" height=\"199\" srcset=\"https:\/\/blog.espol.edu.ec\/aremvint\/files\/2013\/06\/AIO-Duo11-300x199.jpg 300w, https:\/\/blog.espol.edu.ec\/aremvint\/files\/2013\/06\/AIO-Duo11.jpg 800w\" sizes=\"auto, (max-width: 300px) 100vw, 300px\" \/><\/a>\u00a0En un mundillo dominado por los ultrabooks cl\u00f3nicos y los laptops h\u00edbridos de churrer\u00eda, hay que reconocer la originalidad del <a href=\"http:\/\/es.engadget.com\/tag\/VAIODuo11\/\">VAIO Duo 11<\/a>. Al C\u00e9sar lo que es del C\u00e9sar. El singular port\u00e1til con pantalla deslizable de <a href=\"http:\/\/es.engadget.com\/tag\/Sony\/\">Sony<\/a>, sucesor sui g\u00e9neris del <a href=\"http:\/\/es.engadget.com\/tag\/VAIOUX\/\">VAIO UX<\/a>, fue una de las m\u00e1s gratas sorpresas de la pasada <a href=\"http:\/\/es.engadget.com\/category\/IFA\/\">IFA<\/a> all\u00e1 por el mes de septiembre, y ahora ultima su lanzamiento comercial. Concretamente estar\u00e1 disponible el pr\u00f3ximo 26 de octubre desde 1.200 euros en Espa\u00f1a (en EEUU su precio base ser\u00e1 sensiblemente inferior: 1.100 d\u00f3lares).<br \/>\nRecopilando un poco lo dicho en ocasiones anteriores, porque con tanta novedad windowsera igual ya has perdido el hilo, el VAIO Duo 11 se ofrecer\u00e1 en su versi\u00f3n m\u00e1s esencial con un procesador i3, 4 GB de RAM y una SSD de 128 GB, aunque ser\u00e1 posible vitaminar esa ficha t\u00e9cnica con la inclusi\u00f3n de chips i5 e i7, as\u00ed como de una SSD de 256 GB. Ahora bien, el VAIO Duo 11 es mucho m\u00e1s que un ultrabook \"rarito\"; su pantalla <a href=\"http:\/\/es.engadget.com\/tag\/GorillaGlass\/\">Gorilla Glass<\/a> 1080p de 11,6 pulgadas es todo menos algo habitual, y lo mismo podemos decir de funciones como el GPS, el soporte <a href=\"http:\/\/es.engadget.com\/tag\/NFC\/\">NFC<\/a> o el stylus integrado (con 256 niveles de presi\u00f3n).<\/p>\n","protected":false},"excerpt":{"rendered":"<p>\u00a0En un mundillo dominado por los ultrabooks cl\u00f3nicos y los laptops h\u00edbridos de churrer\u00eda, hay que reconocer la originalidad del VAIO Duo 11. Al C\u00e9sar lo que es del C\u00e9sar. El singular port\u00e1til con pantalla deslizable de Sony, sucesor sui g\u00e9neris del VAIO UX, fue una de las m\u00e1s gratas sorpresas de la pasada IFA [&hellip;]<\/p>\n","protected":false},"author":8578,"featured_media":0,"parent":2,"menu_order":0,"comment_status":"open","ping_status":"open","template":"","meta":{"footnotes":""},"class_list":["post-50","page","type-page","status-publish","hentry"],"_links":{"self":[{"href":"https:\/\/blog.espol.edu.ec\/aremvint\/wp-json\/wp\/v2\/pages\/50","targetHints":{"allow":["GET"]}}],"collection":[{"href":"https:\/\/blog.espol.edu.ec\/aremvint\/wp-json\/wp\/v2\/pages"}],"about":[{"href":"https:\/\/blog.espol.edu.ec\/aremvint\/wp-json\/wp\/v2\/types\/page"}],"author":[{"embeddable":true,"href":"https:\/\/blog.espol.edu.ec\/aremvint\/wp-json\/wp\/v2\/users\/8578"}],"replies":[{"embeddable":true,"href":"https:\/\/blog.espol.edu.ec\/aremvint\/wp-json\/wp\/v2\/comments?post=50"}],"version-history":[{"count":1,"href":"https:\/\/blog.espol.edu.ec\/aremvint\/wp-json\/wp\/v2\/pages\/50\/revisions"}],"predecessor-version":[{"id":52,"href":"https:\/\/blog.espol.edu.ec\/aremvint\/wp-json\/wp\/v2\/pages\/50\/revisions\/52"}],"up":[{"embeddable":true,"href":"https:\/\/blog.espol.edu.ec\/aremvint\/wp-json\/wp\/v2\/pages\/2"}],"wp:attachment":[{"href":"https:\/\/blog.espol.edu.ec\/aremvint\/wp-json\/wp\/v2\/media?parent=50"}],"curies":[{"name":"wp","href":"https:\/\/api.w.org\/{rel}","templated":true}]}}