{"id":60,"date":"2013-06-07T10:04:38","date_gmt":"2013-06-07T10:04:38","guid":{"rendered":"http:\/\/blog.espol.edu.ec\/aremvint\/?page_id=60"},"modified":"2013-06-07T10:05:09","modified_gmt":"2013-06-07T10:05:09","slug":"mcbook-air","status":"publish","type":"page","link":"https:\/\/blog.espol.edu.ec\/aremvint\/pagina-ejemplo\/mcbook-air\/","title":{"rendered":"Mcbook Air"},"content":{"rendered":"<p><a href=\"http:\/\/blog.espol.edu.ec\/aremvint\/files\/2013\/06\/macbook-air.jpg\"><img loading=\"lazy\" decoding=\"async\" class=\"aligncenter size-medium wp-image-61\" src=\"http:\/\/blog.espol.edu.ec\/aremvint\/files\/2013\/06\/macbook-air-300x268.jpg\" alt=\"\" width=\"300\" height=\"268\" srcset=\"https:\/\/blog.espol.edu.ec\/aremvint\/files\/2013\/06\/macbook-air-300x268.jpg 300w, https:\/\/blog.espol.edu.ec\/aremvint\/files\/2013\/06\/macbook-air.jpg 500w\" sizes=\"auto, (max-width: 300px) 100vw, 300px\" \/><\/a><\/p>\n<table>\n<tbody>\n<tr>\n<th scope=\"row\"><a title=\"Categor\u00eda:Empresas de electr\u00f3nica\" href=\"http:\/\/es.wikipedia.org\/wiki\/Categor%C3%ADa:Empresas_de_electr%C3%B3nica\">Fabricante<\/a><\/th>\n<td><a title=\"Apple Inc.\" href=\"http:\/\/es.wikipedia.org\/wiki\/Apple_Inc.\">Apple Inc.<\/a><\/td>\n<\/tr>\n<tr>\n<th scope=\"row\">Tipo<\/th>\n<td><a title=\"Computadora port\u00e1til\" href=\"http:\/\/es.wikipedia.org\/wiki\/Computadora_port%C3%A1til\">Computador Port\u00e1til<\/a><\/td>\n<\/tr>\n<tr>\n<th scope=\"row\"><a title=\"Historia de los videojuegos\" href=\"http:\/\/es.wikipedia.org\/wiki\/Historia_de_los_videojuegos\">Generaci\u00f3n<\/a><\/th>\n<td>S\u00e9ptima<\/td>\n<\/tr>\n<tr>\n<th scope=\"row\">Lanzamiento<\/th>\n<td>Mayo 18 , 2010 (modelo actual); Mayo 16, 2006 (modelo original)<\/td>\n<\/tr>\n<tr>\n<th scope=\"row\">Alimentaci\u00f3n<\/th>\n<td>10 horas<\/td>\n<\/tr>\n<tr>\n<th scope=\"row\">Capacidad de almacenamiento<\/th>\n<td>250-500 GB<\/td>\n<\/tr>\n<tr>\n<th scope=\"row\">Soporte<\/th>\n<td><a title=\"Mac OS X\" href=\"http:\/\/es.wikipedia.org\/wiki\/Mac_OS_X\">Mac OS X<\/a><\/td>\n<\/tr>\n<tr>\n<th scope=\"row\">Pantalla<\/th>\n<td>13\"<\/td>\n<\/tr>\n<tr>\n<th scope=\"row\">Entrada<\/th>\n<td>Conector MagSafe, Micr\u00f3fono<\/td>\n<\/tr>\n<tr>\n<th scope=\"row\">Conectividad<\/th>\n<td><a title=\"USB\" href=\"http:\/\/es.wikipedia.org\/wiki\/USB\">USB<\/a>, <a title=\"Wi-Fi\" href=\"http:\/\/es.wikipedia.org\/wiki\/Wi-Fi\">Wi-Fi<\/a>, <a title=\"3G\" href=\"http:\/\/es.wikipedia.org\/wiki\/3G\">3G<\/a> (opcional), <a title=\"Bluetooth\" href=\"http:\/\/es.wikipedia.org\/wiki\/Bluetooth\">Bluetooth<\/a><\/td>\n<\/tr>\n<tr>\n<th scope=\"row\">Predecesor<\/th>\n<td><a title=\"IBook\" href=\"http:\/\/es.wikipedia.org\/wiki\/IBook\">iBook<\/a> y <a title=\"PowerBook\" href=\"http:\/\/es.wikipedia.org\/wiki\/PowerBook\">PowerBook<\/a> 12\"<\/td>\n<\/tr>\n<tr>\n<th scope=\"row\">Sucesor<\/th>\n<td><a title=\"MacBook Air\" href=\"http:\/\/es.wikipedia.org\/wiki\/MacBook_Air\">MacBook Air<\/a><\/td>\n<\/tr>\n<\/tbody>\n<\/table>\n","protected":false},"excerpt":{"rendered":"<p>Fabricante Apple Inc. Tipo Computador Port\u00e1til Generaci\u00f3n S\u00e9ptima Lanzamiento Mayo 18 , 2010 (modelo actual); Mayo 16, 2006 (modelo original) Alimentaci\u00f3n 10 horas Capacidad de almacenamiento 250-500 GB Soporte Mac OS X Pantalla 13\" Entrada Conector MagSafe, Micr\u00f3fono Conectividad USB, Wi-Fi, 3G (opcional), Bluetooth Predecesor iBook y PowerBook 12\" Sucesor MacBook Air<\/p>\n","protected":false},"author":8578,"featured_media":0,"parent":2,"menu_order":0,"comment_status":"open","ping_status":"open","template":"","meta":{"footnotes":""},"class_list":["post-60","page","type-page","status-publish","hentry"],"_links":{"self":[{"href":"https:\/\/blog.espol.edu.ec\/aremvint\/wp-json\/wp\/v2\/pages\/60","targetHints":{"allow":["GET"]}}],"collection":[{"href":"https:\/\/blog.espol.edu.ec\/aremvint\/wp-json\/wp\/v2\/pages"}],"about":[{"href":"https:\/\/blog.espol.edu.ec\/aremvint\/wp-json\/wp\/v2\/types\/page"}],"author":[{"embeddable":true,"href":"https:\/\/blog.espol.edu.ec\/aremvint\/wp-json\/wp\/v2\/users\/8578"}],"replies":[{"embeddable":true,"href":"https:\/\/blog.espol.edu.ec\/aremvint\/wp-json\/wp\/v2\/comments?post=60"}],"version-history":[{"count":3,"href":"https:\/\/blog.espol.edu.ec\/aremvint\/wp-json\/wp\/v2\/pages\/60\/revisions"}],"predecessor-version":[{"id":64,"href":"https:\/\/blog.espol.edu.ec\/aremvint\/wp-json\/wp\/v2\/pages\/60\/revisions\/64"}],"up":[{"embeddable":true,"href":"https:\/\/blog.espol.edu.ec\/aremvint\/wp-json\/wp\/v2\/pages\/2"}],"wp:attachment":[{"href":"https:\/\/blog.espol.edu.ec\/aremvint\/wp-json\/wp\/v2\/media?parent=60"}],"curies":[{"name":"wp","href":"https:\/\/api.w.org\/{rel}","templated":true}]}}