{"id":44,"date":"2016-10-25T03:49:02","date_gmt":"2016-10-25T03:49:02","guid":{"rendered":"http:\/\/blog.espol.edu.ec\/arnoldpinto\/?page_id=44"},"modified":"2016-10-25T03:49:02","modified_gmt":"2016-10-25T03:49:02","slug":"himno-de-duran","status":"publish","type":"page","link":"https:\/\/blog.espol.edu.ec\/arnoldpinto\/himno-de-duran\/","title":{"rendered":"Himno de Dur\u00e1n."},"content":{"rendered":"<div style=\"text-align: center\"><b>Himno del Cant\u00f3n Dur\u00e1n<\/b><\/div>\n<div style=\"text-align: center\">Letra y m\u00fasica: Luis Victoriano S\u00e1nchez Borja<\/div>\n<div><\/div>\n<div><\/div>\n<div style=\"text-align: center\"><img loading=\"lazy\" decoding=\"async\" class=\"aligncenter size-full wp-image-45\" src=\"http:\/\/blog.espol.edu.ec\/arnoldpinto\/files\/2016\/10\/Escudo.jpg\" alt=\"escudo\" width=\"210\" height=\"250\" \/><br \/>\n<b>Coro<\/b><\/div>\n<div style=\"text-align: center\">Salve Excelso mi Cant\u00f3n Dur\u00e1n<\/div>\n<div style=\"text-align: center\">nos postramos ante ti reverente<\/div>\n<div style=\"text-align: center\">ya tu nombre brillara para siempre<\/div>\n<div style=\"text-align: center\">cual destellos de luz de sol naciente<\/div>\n<div style=\"text-align: center\">ya tu nombre brillara para siempre<\/div>\n<div style=\"text-align: center\">cual destellos de luz de sol naciente<\/div>\n<div style=\"text-align: center\">\n<b>I<\/b><\/div>\n<div style=\"text-align: center\">!Oh, Dur\u00e1n!, con tu cielo inmutable<\/div>\n<div style=\"text-align: center\">fiel testigo de luchas y glorias<\/div>\n<div style=\"text-align: center\">cubrio el ambito con gritos de obreros<\/div>\n<div style=\"text-align: center\">proclamando derechos y anhelos<\/div>\n<div style=\"text-align: center\">ni las balas ni el penal pudieron<\/div>\n<div style=\"text-align: center\">doblegar su pasion sindical.<\/div>\n<div style=\"text-align: center\">\n<b>II<\/b><\/div>\n<div style=\"text-align: center\">Bananeros, Fleishman y alcoholes<\/div>\n<div style=\"text-align: center\">a la par con los Ferroviarios<\/div>\n<div style=\"text-align: center\">con trabajo y civismo hicieron<\/div>\n<div style=\"text-align: center\">de esta tierra un crisol de la patria<\/div>\n<div style=\"text-align: center\">difundieron su nombre Ecuador<\/div>\n<div style=\"text-align: center\">difundieron su nombre Ecuador.<\/div>\n<div style=\"text-align: center\">\n<b>III<\/b><\/div>\n<div style=\"text-align: center\">Con justicia y gran regocijo<\/div>\n<div style=\"text-align: center\">fuiste ungido y nombrado cant\u00f3n<\/div>\n<div style=\"text-align: center\">!Oh Dur\u00e1n!, orgulloso de tus hijos<\/div>\n<div style=\"text-align: center\">te yergues a la vera oriental<\/div>\n<div style=\"text-align: center\">del gran Guayas coloso reductos<\/div>\n<div style=\"text-align: center\">de los r\u00edos que unen las cumbres.<\/div>\n<div style=\"text-align: center\">los valles, llanuras y el mar<\/div>\n<div style=\"text-align: center\">los valles, llanuras y el mar.<\/div>\n<div style=\"text-align: center\">\n<b>IV<\/b><\/div>\n<div style=\"text-align: center\">En deporte se pase\u00f3 por el mundo<\/div>\n<div style=\"text-align: center\">el equipo de b\u00e1squet Ferroviarios<\/div>\n<div style=\"text-align: center\">se grabaron en nuestras pupilas<\/div>\n<div style=\"text-align: center\">los titanes de la lid sempiternos<\/div>\n<div style=\"text-align: center\">Gonzalo Aparicio, Herminio,<\/div>\n<div style=\"text-align: center\">Cisneros, Jes\u00fas, Le\u00f3n y Ayala,<\/div>\n<div style=\"text-align: center\">Pablo P\u00edo y Jacinta Sandiford<\/div>\n<div style=\"text-align: center\">que a Dur\u00e1n su juventud ofrendaron<\/div>\n<div style=\"text-align: center\">Pablo P\u00edo y Jacinta Sandiford.<\/div>\n<div style=\"text-align: center\">\n<b>V<\/b><\/div>\n<div style=\"text-align: center\">Quien pudiera ser poeta o algo grande<\/div>\n<div style=\"text-align: center\">para escribir en oro su historia<\/div>\n<div style=\"text-align: center\">de tus hijos pedir sus memorias<\/div>\n<div style=\"text-align: center\">y en sus pechos hacerte un altar<\/div>\n<div style=\"text-align: center\">de tus hijos pedir sus memorias<\/div>\n<div style=\"text-align: center\">y en sus pechos hacerte un altar.<\/div>\n<div style=\"text-align: center\">\n!Oh Dur\u00e1n!,!Oh Dur\u00e1n!,<\/div>\n<div style=\"text-align: center\">!Oh Dur\u00e1n!,<\/div>\n<div style=\"text-align: center\">!Oh Dur\u00e1n!,!Oh Dur\u00e1n!,<\/div>\n<div style=\"text-align: center\">!Oh Dur\u00e1n!,<\/div>\n","protected":false},"excerpt":{"rendered":"<p>Himno del Cant\u00f3n Dur\u00e1n Letra y m\u00fasica: Luis Victoriano S\u00e1nchez Borja Coro Salve Excelso mi Cant\u00f3n Dur\u00e1n nos postramos ante ti reverente ya tu nombre brillara para siempre cual destellos de luz de sol naciente ya tu nombre brillara para siempre cual destellos de luz de sol naciente I !Oh, Dur\u00e1n!, con tu cielo inmutable &hellip; <\/p>\n<p><a class=\"more-link btn\" href=\"https:\/\/blog.espol.edu.ec\/arnoldpinto\/himno-de-duran\/\">Seguir leyendo<\/a><\/p>\n","protected":false},"author":10568,"featured_media":0,"parent":0,"menu_order":0,"comment_status":"closed","ping_status":"closed","template":"","meta":{"footnotes":""},"class_list":["post-44","page","type-page","status-publish","hentry","nodate","item-wrap"],"_links":{"self":[{"href":"https:\/\/blog.espol.edu.ec\/arnoldpinto\/wp-json\/wp\/v2\/pages\/44","targetHints":{"allow":["GET"]}}],"collection":[{"href":"https:\/\/blog.espol.edu.ec\/arnoldpinto\/wp-json\/wp\/v2\/pages"}],"about":[{"href":"https:\/\/blog.espol.edu.ec\/arnoldpinto\/wp-json\/wp\/v2\/types\/page"}],"author":[{"embeddable":true,"href":"https:\/\/blog.espol.edu.ec\/arnoldpinto\/wp-json\/wp\/v2\/users\/10568"}],"replies":[{"embeddable":true,"href":"https:\/\/blog.espol.edu.ec\/arnoldpinto\/wp-json\/wp\/v2\/comments?post=44"}],"version-history":[{"count":1,"href":"https:\/\/blog.espol.edu.ec\/arnoldpinto\/wp-json\/wp\/v2\/pages\/44\/revisions"}],"predecessor-version":[{"id":46,"href":"https:\/\/blog.espol.edu.ec\/arnoldpinto\/wp-json\/wp\/v2\/pages\/44\/revisions\/46"}],"wp:attachment":[{"href":"https:\/\/blog.espol.edu.ec\/arnoldpinto\/wp-json\/wp\/v2\/media?parent=44"}],"curies":[{"name":"wp","href":"https:\/\/api.w.org\/{rel}","templated":true}]}}

Himno de Durán.

<div style="text-align: center"><b>Himno del Cantón Durán</b></div>
<div style="text-align: center">Letra y música: Luis Victoriano Sánchez Borja</div>
<div></div>
<div></div>
<div style="text-align: center"><img loading="lazy" decoding="async" class="aligncenter size-full wp-image-45" src="http://blog.espol.edu.ec/arnoldpinto/files/2016/10/Escudo.jpg" alt="escudo" width="210" height="250" /><br />
<b>Coro</b></div>
<div style="text-align: center">Salve Excelso mi Cantón Durán</div>
<div style="text-align: center">nos postramos ante ti reverente</div>
<div style="text-align: center">ya tu nombre brillara para siempre</div>
<div style="text-align: center">cual destellos de luz de sol naciente</div>
<div style="text-align: center">ya tu nombre brillara para siempre</div>
<div style="text-align: center">cual destellos de luz de sol naciente</div>
<div style="text-align: center">
<b>I</b></div>
<div style="text-align: center">!Oh, Durán!, con tu cielo inmutable</div>
<div style="text-align: center">fiel testigo de luchas y glorias</div>
<div style="text-align: center">cubrio el ambito con gritos de obreros</div>
<div style="text-align: center">proclamando derechos y anhelos</div>
<div style="text-align: center">ni las balas ni el penal pudieron</div>
<div style="text-align: center">doblegar su pasion sindical.</div>
<div style="text-align: center">
<b>II</b></div>
<div style="text-align: center">Bananeros, Fleishman y alcoholes</div>
<div style="text-align: center">a la par con los Ferroviarios</div>
<div style="text-align: center">con trabajo y civismo hicieron</div>
<div style="text-align: center">de esta tierra un crisol de la patria</div>
<div style="text-align: center">difundieron su nombre Ecuador</div>
<div style="text-align: center">difundieron su nombre Ecuador.</div>
<div style="text-align: center">
<b>III</b></div>
<div style="text-align: center">Con justicia y gran regocijo</div>
<div style="text-align: center">fuiste ungido y nombrado cantón</div>
<div style="text-align: center">!Oh Durán!, orgulloso de tus hijos</div>
<div style="text-align: center">te yergues a la vera oriental</div>
<div style="text-align: center">del gran Guayas coloso reductos</div>
<div style="text-align: center">de los ríos que unen las cumbres.</div>
<div style="text-align: center">los valles, llanuras y el mar</div>
<div style="text-align: center">los valles, llanuras y el mar.</div>
<div style="text-align: center">
<b>IV</b></div>
<div style="text-align: center">En deporte se paseó por el mundo</div>
<div style="text-align: center">el equipo de básquet Ferroviarios</div>
<div style="text-align: center">se grabaron en nuestras pupilas</div>
<div style="text-align: center">los titanes de la lid sempiternos</div>
<div style="text-align: center">Gonzalo Aparicio, Herminio,</div>
<div style="text-align: center">Cisneros, Jesús, León y Ayala,</div>
<div style="text-align: center">Pablo Pío y Jacinta Sandiford</div>
<div style="text-align: center">que a Durán su juventud ofrendaron</div>
<div style="text-align: center">Pablo Pío y Jacinta Sandiford.</div>
<div style="text-align: center">
<b>V</b></div>
<div style="text-align: center">Quien pudiera ser poeta o algo grande</div>
<div style="text-align: center">para escribir en oro su historia</div>
<div style="text-align: center">de tus hijos pedir sus memorias</div>
<div style="text-align: center">y en sus pechos hacerte un altar</div>
<div style="text-align: center">de tus hijos pedir sus memorias</div>
<div style="text-align: center">y en sus pechos hacerte un altar.</div>
<div style="text-align: center">
!Oh Durán!,!Oh Durán!,</div>
<div style="text-align: center">!Oh Durán!,</div>
<div style="text-align: center">!Oh Durán!,!Oh Durán!,</div>
<div style="text-align: center">!Oh Durán!,</div>

<p>Himno del Cantón Durán Letra y música: Luis Victoriano Sánchez Borja Coro Salve Excelso mi Cantón Durán nos postramos ante ti reverente ya tu nombre brillara para siempre cual destellos de luz de sol naciente ya tu nombre brillara para siempre cual destellos de luz de sol naciente I !Oh, Durán!, con tu cielo inmutable &hellip; </p>
<p><a class="more-link btn" href="https://blog.espol.edu.ec/arnoldpinto/himno-de-duran/">Seguir leyendo</a></p>
