{"id":82,"date":"2016-10-25T19:27:06","date_gmt":"2016-10-25T19:27:06","guid":{"rendered":"http:\/\/blog.espol.edu.ec\/arnoldpinto\/?page_id=82"},"modified":"2016-10-25T19:30:57","modified_gmt":"2016-10-25T19:30:57","slug":"calendarario-y-cronograma-de-las-actividades-de-tu-canton","status":"publish","type":"page","link":"https:\/\/blog.espol.edu.ec\/arnoldpinto\/calendarario-y-cronograma-de-las-actividades-de-tu-canton\/","title":{"rendered":"Calendarario, y cronograma de las actividades de tu Cant\u00f3n"},"content":{"rendered":"<p>Es un \u00a0honor hacerles la invitaci\u00f3n de las actividades que se dar\u00e1n en el cant\u00f3n Dur\u00e1n , as\u00ed que les mantendr\u00e9 informado con todas las labores que realizaremos en esa ciudad, no olvides de dejar tus comentarios y hacernos saber temas en el cual podamos tratar , recuerda tu opini\u00f3n cuenta!!!<\/p>\n<p>&nbsp;<\/p>\n<p>&nbsp;<\/p>\n<div id=\"attachment_83\" style=\"width: 300px\" class=\"wp-caption aligncenter\"><img loading=\"lazy\" decoding=\"async\" aria-describedby=\"caption-attachment-83\" class=\"wp-image-83 size-medium\" src=\"http:\/\/blog.espol.edu.ec\/arnoldpinto\/files\/2016\/10\/duranResilienteLogo-300x129.png\" width=\"300\" height=\"129\" srcset=\"https:\/\/blog.espol.edu.ec\/arnoldpinto\/files\/2016\/10\/duranResilienteLogo-300x129.png 300w, https:\/\/blog.espol.edu.ec\/arnoldpinto\/files\/2016\/10\/duranResilienteLogo.png 337w\" sizes=\"auto, (max-width: 300px) 100vw, 300px\" \/><p id=\"caption-attachment-83\" class=\"wp-caption-text\">Este es un programa que empre el cuidado de nuestro cant\u00f3n as\u00ed que te invitamos a conocer mas en<a href=\"http:\/\/www.duran.gob.ec\/municipio\/alexandra\/index.php?option=com_k2&amp;view=item&amp;id=737:duran-resiliente&amp;Itemid=813\" target=\"_blank\"> Duran Resiliente.<\/a><\/p><\/div>\n<h2 class=\"itemTitle\">Ni\u00f1os de Dur\u00e1n vivieron con entusiasmo <a href=\"http:\/\/www.anabad.org\/noticias-anabad\/28-bibliotecas\/1358-24-octubre-dia-internacional-de-la-biblioteca.html\" target=\"_blank\">D\u00eda de la Biblioteca<\/a><img loading=\"lazy\" decoding=\"async\" class=\"aligncenter size-medium wp-image-84\" src=\"http:\/\/blog.espol.edu.ec\/arnoldpinto\/files\/2016\/10\/4ab6f5fd703b5bb734c4bf88679e8b92_L-300x225.jpg\" alt=\"4ab6f5fd703b5bb734c4bf88679e8b92_l\" width=\"300\" height=\"225\" srcset=\"https:\/\/blog.espol.edu.ec\/arnoldpinto\/files\/2016\/10\/4ab6f5fd703b5bb734c4bf88679e8b92_L-300x225.jpg 300w, https:\/\/blog.espol.edu.ec\/arnoldpinto\/files\/2016\/10\/4ab6f5fd703b5bb734c4bf88679e8b92_L-768x576.jpg 768w, https:\/\/blog.espol.edu.ec\/arnoldpinto\/files\/2016\/10\/4ab6f5fd703b5bb734c4bf88679e8b92_L.jpg 800w\" sizes=\"auto, (max-width: 300px) 100vw, 300px\" \/><\/h2>\n<p>En un evento coordinado por la <a href=\"http:\/\/www.duran.gob.ec\/municipio\/alexandra\/index.php?option=com_content&amp;view=featured&amp;Itemid=435\" target=\"_blank\">Alcald\u00eda de Dur\u00e1n<\/a>, ni\u00f1os de varios sectores del cant\u00f3n se congregaron este lunes en el malec\u00f3n Mar\u00eda Piedad, para festejar el D\u00eda Internacional de la Biblioteca. La actividad fue dirigida por un grupo de estudiantes de la <a href=\"http:\/\/www.ug.edu.ec\/\" target=\"_blank\">Universidad Estatal de Guayaquil<\/a>, quienes realizan actividades de Vinculaci\u00f3n con la Comunidad. En el escenario expusieron junto a los chicos el Programa de incentivo a la Promoci\u00f3n de Valores y Animaci\u00f3n a la Lectura.<\/p>\n<p>fuente:<a href=\"http:\/\/www.duran.gob.ec\/municipio\/alexandra\/index.php?option=com_content&amp;view=featured&amp;Itemid=435\" target=\"_blank\"> Alcald\u00eda de Dur\u00e1n<\/a><\/p>\n","protected":false},"excerpt":{"rendered":"<p>Es un \u00a0honor hacerles la invitaci\u00f3n de las actividades que se dar\u00e1n en el cant\u00f3n Dur\u00e1n , as\u00ed que les mantendr\u00e9 informado con todas las labores que realizaremos en esa ciudad, no olvides de dejar tus comentarios y hacernos saber temas en el cual podamos tratar , recuerda tu opini\u00f3n cuenta!!! &nbsp; &nbsp; Ni\u00f1os de &hellip; <\/p>\n<p><a class=\"more-link btn\" href=\"https:\/\/blog.espol.edu.ec\/arnoldpinto\/calendarario-y-cronograma-de-las-actividades-de-tu-canton\/\">Seguir leyendo<\/a><\/p>\n","protected":false},"author":10568,"featured_media":0,"parent":0,"menu_order":0,"comment_status":"closed","ping_status":"closed","template":"","meta":{"footnotes":""},"class_list":["post-82","page","type-page","status-publish","hentry","nodate","item-wrap"],"_links":{"self":[{"href":"https:\/\/blog.espol.edu.ec\/arnoldpinto\/wp-json\/wp\/v2\/pages\/82","targetHints":{"allow":["GET"]}}],"collection":[{"href":"https:\/\/blog.espol.edu.ec\/arnoldpinto\/wp-json\/wp\/v2\/pages"}],"about":[{"href":"https:\/\/blog.espol.edu.ec\/arnoldpinto\/wp-json\/wp\/v2\/types\/page"}],"author":[{"embeddable":true,"href":"https:\/\/blog.espol.edu.ec\/arnoldpinto\/wp-json\/wp\/v2\/users\/10568"}],"replies":[{"embeddable":true,"href":"https:\/\/blog.espol.edu.ec\/arnoldpinto\/wp-json\/wp\/v2\/comments?post=82"}],"version-history":[{"count":2,"href":"https:\/\/blog.espol.edu.ec\/arnoldpinto\/wp-json\/wp\/v2\/pages\/82\/revisions"}],"predecessor-version":[{"id":86,"href":"https:\/\/blog.espol.edu.ec\/arnoldpinto\/wp-json\/wp\/v2\/pages\/82\/revisions\/86"}],"wp:attachment":[{"href":"https:\/\/blog.espol.edu.ec\/arnoldpinto\/wp-json\/wp\/v2\/media?parent=82"}],"curies":[{"name":"wp","href":"https:\/\/api.w.org\/{rel}","templated":true}]}}

Calendarario, y cronograma de las actividades de tu Cantón

<p>Es un  honor hacerles la invitación de las actividades que se darán en el cantón Durán , así que les mantendré informado con todas las labores que realizaremos en esa ciudad, no olvides de dejar tus comentarios y hacernos saber temas en el cual podamos tratar , recuerda tu opinión cuenta!!!</p>
<p>&nbsp;</p>
<p>&nbsp;</p>
<div id="attachment_83" style="width: 300px" class="wp-caption aligncenter"><img loading="lazy" decoding="async" aria-describedby="caption-attachment-83" class="wp-image-83 size-medium" src="http://blog.espol.edu.ec/arnoldpinto/files/2016/10/duranResilienteLogo-300x129.png" width="300" height="129" srcset="https://blog.espol.edu.ec/arnoldpinto/files/2016/10/duranResilienteLogo-300x129.png 300w, https://blog.espol.edu.ec/arnoldpinto/files/2016/10/duranResilienteLogo.png 337w" sizes="auto, (max-width: 300px) 100vw, 300px" /><p id="caption-attachment-83" class="wp-caption-text">Este es un programa que empre el cuidado de nuestro cantón así que te invitamos a conocer mas en<a href="http://www.duran.gob.ec/municipio/alexandra/index.php?option=com_k2&amp;view=item&amp;id=737:duran-resiliente&amp;Itemid=813" target="_blank"> Duran Resiliente.</a></p></div>
<h2 class="itemTitle">Niños de Durán vivieron con entusiasmo <a href="http://www.anabad.org/noticias-anabad/28-bibliotecas/1358-24-octubre-dia-internacional-de-la-biblioteca.html" target="_blank">Día de la Biblioteca</a><img loading="lazy" decoding="async" class="aligncenter size-medium wp-image-84" src="http://blog.espol.edu.ec/arnoldpinto/files/2016/10/4ab6f5fd703b5bb734c4bf88679e8b92_L-300x225.jpg" alt="4ab6f5fd703b5bb734c4bf88679e8b92_l" width="300" height="225" srcset="https://blog.espol.edu.ec/arnoldpinto/files/2016/10/4ab6f5fd703b5bb734c4bf88679e8b92_L-300x225.jpg 300w, https://blog.espol.edu.ec/arnoldpinto/files/2016/10/4ab6f5fd703b5bb734c4bf88679e8b92_L-768x576.jpg 768w, https://blog.espol.edu.ec/arnoldpinto/files/2016/10/4ab6f5fd703b5bb734c4bf88679e8b92_L.jpg 800w" sizes="auto, (max-width: 300px) 100vw, 300px" /></h2>
<p>En un evento coordinado por la <a href="http://www.duran.gob.ec/municipio/alexandra/index.php?option=com_content&amp;view=featured&amp;Itemid=435" target="_blank">Alcaldía de Durán</a>, niños de varios sectores del cantón se congregaron este lunes en el malecón María Piedad, para festejar el Día Internacional de la Biblioteca. La actividad fue dirigida por un grupo de estudiantes de la <a href="http://www.ug.edu.ec/" target="_blank">Universidad Estatal de Guayaquil</a>, quienes realizan actividades de Vinculación con la Comunidad. En el escenario expusieron junto a los chicos el Programa de incentivo a la Promoción de Valores y Animación a la Lectura.</p>
<p>fuente:<a href="http://www.duran.gob.ec/municipio/alexandra/index.php?option=com_content&amp;view=featured&amp;Itemid=435" target="_blank"> Alcaldía de Durán</a></p>

<p>Es un  honor hacerles la invitación de las actividades que se darán en el cantón Durán , así que les mantendré informado con todas las labores que realizaremos en esa ciudad, no olvides de dejar tus comentarios y hacernos saber temas en el cual podamos tratar , recuerda tu opinión cuenta!!! &nbsp; &nbsp; Niños de &hellip; </p>
<p><a class="more-link btn" href="https://blog.espol.edu.ec/arnoldpinto/calendarario-y-cronograma-de-las-actividades-de-tu-canton/">Seguir leyendo</a></p>
