{"id":38,"date":"2020-10-08T23:09:15","date_gmt":"2020-10-08T21:09:15","guid":{"rendered":"http:\/\/blog.espol.edu.ec\/auto\/?page_id=38"},"modified":"2024-05-21T05:49:20","modified_gmt":"2024-05-21T03:49:20","slug":"contactos","status":"publish","type":"page","link":"https:\/\/blog.espol.edu.ec\/auto2\/contactos\/","title":{"rendered":"EQUIPO DE TRABAJO"},"content":{"rendered":"<p>A continuaci\u00f3n se muestra los contactos de los profesores y ayudantes del laboratorio de la carrera de\u00a0 Ing. Electr\u00f3nica y Automatizaci\u00f3n para el segundo t\u00e9rmino\u00a0 del a\u00f1o lectivo 2023-2024<\/p>\n<p><strong>PROFESOR DE LA MATERIA\u00a0<\/strong><\/p>\n<p>Damian Alberto Larco Gomez<\/p>\n<p>dlarco@espol.edu.ec<\/p>\n<p>&nbsp;<\/p>\n<p><strong>PROFESOR DEL LABORATORIO<\/strong><\/p>\n<p>Jos\u00e9 Enrique Cueva Tumbaco<\/p>\n<p><span style=\"font-size: 1rem\">josecuev<\/span><span style=\"font-size: 1rem\">@espol.edu.ec<\/span><\/p>\n<p>&nbsp;<\/p>\n<p>&nbsp;<\/p>\n","protected":false},"excerpt":{"rendered":"<p>A continuaci\u00f3n se muestra los contactos de los profesores y ayudantes del laboratorio de la carrera de\u00a0 Ing. Electr\u00f3nica y Automatizaci\u00f3n para el segundo t\u00e9rmino\u00a0 del a\u00f1o lectivo 2023-2024 PROFESOR DE LA MATERIA\u00a0 Damian Alberto Larco Gomez dlarco@espol.edu.ec &nbsp; PROFESOR DEL LABORATORIO Jos\u00e9 Enrique Cueva Tumbaco josecuev@espol.edu.ec &nbsp; &nbsp;<\/p>\n","protected":false},"author":11112,"featured_media":0,"parent":0,"menu_order":0,"comment_status":"closed","ping_status":"closed","template":"","meta":{"footnotes":""},"class_list":["post-38","page","type-page","status-publish","hentry"],"_links":{"self":[{"href":"https:\/\/blog.espol.edu.ec\/auto2\/wp-json\/wp\/v2\/pages\/38","targetHints":{"allow":["GET"]}}],"collection":[{"href":"https:\/\/blog.espol.edu.ec\/auto2\/wp-json\/wp\/v2\/pages"}],"about":[{"href":"https:\/\/blog.espol.edu.ec\/auto2\/wp-json\/wp\/v2\/types\/page"}],"author":[{"embeddable":true,"href":"https:\/\/blog.espol.edu.ec\/auto2\/wp-json\/wp\/v2\/users\/11112"}],"replies":[{"embeddable":true,"href":"https:\/\/blog.espol.edu.ec\/auto2\/wp-json\/wp\/v2\/comments?post=38"}],"version-history":[{"count":7,"href":"https:\/\/blog.espol.edu.ec\/auto2\/wp-json\/wp\/v2\/pages\/38\/revisions"}],"predecessor-version":[{"id":449,"href":"https:\/\/blog.espol.edu.ec\/auto2\/wp-json\/wp\/v2\/pages\/38\/revisions\/449"}],"wp:attachment":[{"href":"https:\/\/blog.espol.edu.ec\/auto2\/wp-json\/wp\/v2\/media?parent=38"}],"curies":[{"name":"wp","href":"https:\/\/api.w.org\/{rel}","templated":true}]}}