{"id":200,"date":"2020-08-28T06:47:24","date_gmt":"2020-08-28T04:47:24","guid":{"rendered":"http:\/\/blog.espol.edu.ec\/automatizacion\/?page_id=200"},"modified":"2025-02-15T00:43:17","modified_gmt":"2025-02-14T23:43:17","slug":"ya-consegui-empresa","status":"publish","type":"page","link":"https:\/\/blog.espol.edu.ec\/automatizacion\/ya-consegui-empresa\/","title":{"rendered":"Ya tengo empresa"},"content":{"rendered":"<ul>\n<li><strong>En el caso de que el estudiante haya obtenido un cupo de pr\u00e1cticas presenciales o por teletrabajo en una empresa con o sin convenio \u00bfCu\u00e1l es el proceso que se debe seguir?<\/strong><\/li>\n<\/ul>\n<ol>\n<li>Deber\u00e1 llenar el siguiente formulario utilizando un correo de Gmail valido.\u00a0<a href=\"https:\/\/forms.gle\/buNarS5R3TpP24Q69\" target=\"_blank\" rel=\"noopener\">https:\/\/forms.gle\/buNarS5R3TpP24Q69<\/a><\/li>\n<li>Revisar la copia de respuesta enviada autom\u00e1ticamente por el sistema al correo Gmail.<\/li>\n<li>Enviar la copia de respuesta en PDF al correo por correo, con el asunto \"Inicio de pr\u00e1cticas empresariales\" al coordinador de pr\u00e1cticas empresariales de la carrera y pasantias-auto@fiec.espol.edu.ec<\/li>\n<li>Una vez haya enviado el correo, se responder\u00e1 en la brevedad posible para continuar con el proceso.<\/li>\n<\/ol>\n<p>Nota: M\u00e1ximo se contar\u00e1n 30 horas semanales<\/p>\n<p>Nota: M\u00e1ximo 30 horas semanales<\/p>\n<p><strong style=\"font-size: 1rem\">Nota:<\/strong><span style=\"font-size: 1rem\"> Si la empresa no tiene convenio con la universidad, el estudiante debe asegurarse de enviar el contacto de recursos humanos y el posible jefe inmediato de la empresa tanto el n\u00famero de tel\u00e9fono como correo electr\u00f3nico.<\/span><\/p>\n<p>Una vez haya enviado el correo, se responder\u00e1 en la brevedad posible para continuar con el proceso.<\/p>\n","protected":false},"excerpt":{"rendered":"<p>En el caso de que el estudiante haya obtenido un cupo de pr\u00e1cticas presenciales o por teletrabajo en una empresa con o sin convenio \u00bfCu\u00e1l es el proceso que se debe seguir? Deber\u00e1 llenar el siguiente formulario utilizando un correo de Gmail valido.\u00a0https:\/\/forms.gle\/buNarS5R3TpP24Q69 Revisar la copia de respuesta enviada autom\u00e1ticamente por el sistema al correo &hellip; <\/p>\n<p class=\"link-more\"><a href=\"https:\/\/blog.espol.edu.ec\/automatizacion\/ya-consegui-empresa\/\" class=\"more-link\">Continuar leyendo<span class=\"screen-reader-text\"> \"Ya tengo empresa\"<\/span><\/a><\/p>\n","protected":false},"author":11136,"featured_media":0,"parent":0,"menu_order":0,"comment_status":"closed","ping_status":"closed","template":"","meta":{"footnotes":""},"class_list":["post-200","page","type-page","status-publish","hentry"],"_links":{"self":[{"href":"https:\/\/blog.espol.edu.ec\/automatizacion\/wp-json\/wp\/v2\/pages\/200","targetHints":{"allow":["GET"]}}],"collection":[{"href":"https:\/\/blog.espol.edu.ec\/automatizacion\/wp-json\/wp\/v2\/pages"}],"about":[{"href":"https:\/\/blog.espol.edu.ec\/automatizacion\/wp-json\/wp\/v2\/types\/page"}],"author":[{"embeddable":true,"href":"https:\/\/blog.espol.edu.ec\/automatizacion\/wp-json\/wp\/v2\/users\/11136"}],"replies":[{"embeddable":true,"href":"https:\/\/blog.espol.edu.ec\/automatizacion\/wp-json\/wp\/v2\/comments?post=200"}],"version-history":[{"count":14,"href":"https:\/\/blog.espol.edu.ec\/automatizacion\/wp-json\/wp\/v2\/pages\/200\/revisions"}],"predecessor-version":[{"id":706,"href":"https:\/\/blog.espol.edu.ec\/automatizacion\/wp-json\/wp\/v2\/pages\/200\/revisions\/706"}],"wp:attachment":[{"href":"https:\/\/blog.espol.edu.ec\/automatizacion\/wp-json\/wp\/v2\/media?parent=200"}],"curies":[{"name":"wp","href":"https:\/\/api.w.org\/{rel}","templated":true}]}}