{"id":94,"date":"2020-08-21T02:19:21","date_gmt":"2020-08-21T00:19:21","guid":{"rendered":"http:\/\/blog.espol.edu.ec\/ayudantiaspa\/?page_id=94"},"modified":"2024-09-13T19:01:49","modified_gmt":"2024-09-13T17:01:49","slug":"formatos-para-pasantias","status":"publish","type":"page","link":"https:\/\/blog.espol.edu.ec\/automatizacion\/formatos-para-pasantias\/","title":{"rendered":"Formatos"},"content":{"rendered":"<p>A continuaci\u00f3n encontrar\u00e1 todos los formatos de los documentos que usted necesite para convalidar su proceso de pasant\u00edas. Solo de click para descargarlos.<\/p>\n<ul>\n<li><strong>Ejemplos de borrador de cronograma de actividades.<\/strong><\/li>\n<\/ul>\n<p><a href=\"http:\/\/blog.espol.edu.ec\/automatizacion\/files\/2021\/09\/Cronograma1.xlsx\" target=\"_blank\" rel=\"noopener\">Cronograma 1<\/a><\/p>\n<p><a href=\"http:\/\/blog.espol.edu.ec\/automatizacion\/files\/2021\/09\/Cronograma2.xlsx\" target=\"_blank\" rel=\"noopener\">Cronograma 2<\/a><\/p>\n<ul>\n<li><strong>Ejemplo de actividad semanal\u00a0<\/strong><\/li>\n<\/ul>\n<p><a href=\"http:\/\/blog.espol.edu.ec\/automatizacion\/files\/2022\/02\/Ejemplo-de-actividad-semanal.pdf\" target=\"_blank\" rel=\"noopener\">Actividad semanal<\/a><\/p>\n<ul>\n<li><strong>Test de habilidades blandas\u00a0<\/strong><\/li>\n<\/ul>\n<p><a href=\"https:\/\/lab.foxize.com\/test\/test-de-habilidades-profesionales-107-59\" target=\"_blank\" rel=\"noopener\">Test online<\/a><\/p>\n<ul>\n<li>\n<h6>Formato UVS-05A<\/h6>\n<\/li>\n<\/ul>\n<p><a href=\"http:\/\/blog.espol.edu.ec\/automatizacion\/files\/2021\/03\/5.-FOR-UVS-05A-CARTA-DE-COMPROMISO-PARA-INSTITUCIONES-CON-CONVENIO.docx\" target=\"_blank\" rel=\"noopener\">FOR-UVS-05A CARTA DE COMPROMISO PARA INSTITUCIONES CON CONVENIO<\/a><\/p>\n<p><a href=\"http:\/\/blog.espol.edu.ec\/automatizacion\/files\/2024\/02\/R\u00fabrica-Tutor-actualizada.docx\">R\u00fabrica\u00a0 tutor\u00a0<\/a><\/p>\n<ul>\n<li><strong>Informe de pasant\u00edas o pr\u00e1cticas<\/strong><\/li>\n<\/ul>\n<p><a href=\"http:\/\/blog.espol.edu.ec\/automatizacion\/files\/2024\/09\/Evidencia_Practica_20536-1.pdf\" target=\"_blank\" rel=\"noopener\">Ejemplo de informe de PE\u00a0<\/a><\/p>\n<ul>\n<li><strong>Video de testimonio de pasantias\u00a0<\/strong><\/li>\n<\/ul>\n<p><a href=\"https:\/\/youtu.be\/Z5E5jwOV3g4\">Ejemplo de video<\/a><\/p>\n","protected":false},"excerpt":{"rendered":"<p>A continuaci\u00f3n encontrar\u00e1 todos los formatos de los documentos que usted necesite para convalidar su proceso de pasant\u00edas. Solo de click para descargarlos. Ejemplos de borrador de cronograma de actividades. Cronograma 1 Cronograma 2 Ejemplo de actividad semanal\u00a0 Actividad semanal Test de habilidades blandas\u00a0 Test online Formato UVS-05A FOR-UVS-05A CARTA DE COMPROMISO PARA INSTITUCIONES CON &hellip; <\/p>\n<p class=\"link-more\"><a href=\"https:\/\/blog.espol.edu.ec\/automatizacion\/formatos-para-pasantias\/\" class=\"more-link\">Continuar leyendo<span class=\"screen-reader-text\"> \"Formatos\"<\/span><\/a><\/p>\n","protected":false},"author":11112,"featured_media":0,"parent":0,"menu_order":0,"comment_status":"closed","ping_status":"closed","template":"","meta":{"footnotes":""},"class_list":["post-94","page","type-page","status-publish","hentry"],"_links":{"self":[{"href":"https:\/\/blog.espol.edu.ec\/automatizacion\/wp-json\/wp\/v2\/pages\/94","targetHints":{"allow":["GET"]}}],"collection":[{"href":"https:\/\/blog.espol.edu.ec\/automatizacion\/wp-json\/wp\/v2\/pages"}],"about":[{"href":"https:\/\/blog.espol.edu.ec\/automatizacion\/wp-json\/wp\/v2\/types\/page"}],"author":[{"embeddable":true,"href":"https:\/\/blog.espol.edu.ec\/automatizacion\/wp-json\/wp\/v2\/users\/11112"}],"replies":[{"embeddable":true,"href":"https:\/\/blog.espol.edu.ec\/automatizacion\/wp-json\/wp\/v2\/comments?post=94"}],"version-history":[{"count":17,"href":"https:\/\/blog.espol.edu.ec\/automatizacion\/wp-json\/wp\/v2\/pages\/94\/revisions"}],"predecessor-version":[{"id":700,"href":"https:\/\/blog.espol.edu.ec\/automatizacion\/wp-json\/wp\/v2\/pages\/94\/revisions\/700"}],"wp:attachment":[{"href":"https:\/\/blog.espol.edu.ec\/automatizacion\/wp-json\/wp\/v2\/media?parent=94"}],"curies":[{"name":"wp","href":"https:\/\/api.w.org\/{rel}","templated":true}]}}