{"id":51,"date":"2014-06-10T04:15:44","date_gmt":"2014-06-10T04:15:44","guid":{"rendered":"http:\/\/blog.espol.edu.ec\/beloor\/?page_id=51"},"modified":"2014-06-10T04:45:15","modified_gmt":"2014-06-10T04:45:15","slug":"sobre-el-tutor","status":"publish","type":"page","link":"https:\/\/blog.espol.edu.ec\/beloor\/sobre-el-tutor\/","title":{"rendered":"Sobre el Tutor"},"content":{"rendered":"<p><iframe loading=\"lazy\" src=\"http:\/\/www.slideshare.net\/slideshow\/embed_code\/35680418\" width=\"427\" height=\"356\" frameborder=\"0\" allowfullscreen> <\/iframe> <\/p>\n<div style=\"margin-bottom:5px\"> <strong> <a href=\"https:\/\/www.slideshare.net\/bolivarloor\/bolvar-efrn-35680418\" title=\"Bol\u00edvar efr\u00e9n\" target=\"_blank\">Bol\u00edvar efr\u00e9n<\/a> <\/strong> from <strong><a href=\"http:\/\/www.slideshare.net\/bolivarloor\" target=\"_blank\">Bol\u00edvar Loor<\/a><\/strong> <\/div>\n","protected":false},"excerpt":{"rendered":"<p>Bol\u00edvar efr\u00e9n from Bol\u00edvar Loor<\/p>\n","protected":false},"author":9066,"featured_media":0,"parent":0,"menu_order":0,"comment_status":"open","ping_status":"open","template":"","meta":{"footnotes":""},"class_list":["post-51","page","type-page","status-publish","hentry"],"_links":{"self":[{"href":"https:\/\/blog.espol.edu.ec\/beloor\/wp-json\/wp\/v2\/pages\/51","targetHints":{"allow":["GET"]}}],"collection":[{"href":"https:\/\/blog.espol.edu.ec\/beloor\/wp-json\/wp\/v2\/pages"}],"about":[{"href":"https:\/\/blog.espol.edu.ec\/beloor\/wp-json\/wp\/v2\/types\/page"}],"author":[{"embeddable":true,"href":"https:\/\/blog.espol.edu.ec\/beloor\/wp-json\/wp\/v2\/users\/9066"}],"replies":[{"embeddable":true,"href":"https:\/\/blog.espol.edu.ec\/beloor\/wp-json\/wp\/v2\/comments?post=51"}],"version-history":[{"count":3,"href":"https:\/\/blog.espol.edu.ec\/beloor\/wp-json\/wp\/v2\/pages\/51\/revisions"}],"predecessor-version":[{"id":61,"href":"https:\/\/blog.espol.edu.ec\/beloor\/wp-json\/wp\/v2\/pages\/51\/revisions\/61"}],"wp:attachment":[{"href":"https:\/\/blog.espol.edu.ec\/beloor\/wp-json\/wp\/v2\/media?parent=51"}],"curies":[{"name":"wp","href":"https:\/\/api.w.org\/{rel}","templated":true}]}}