{"id":44,"date":"2014-11-11T06:37:52","date_gmt":"2014-11-11T06:37:52","guid":{"rendered":"http:\/\/blog.espol.edu.ec\/bgarcia\/?page_id=44"},"modified":"2014-11-11T06:37:52","modified_gmt":"2014-11-11T06:37:52","slug":"juegos","status":"publish","type":"page","link":"https:\/\/blog.espol.edu.ec\/bgarcia\/juegos\/","title":{"rendered":"Juegos"},"content":{"rendered":"<h2>Angry Birds<\/h2>\n<p><a href=\"http:\/\/blog.espol.edu.ec\/bgarcia\/files\/2014\/11\/Angry-Birds-Logo.png\"><img loading=\"lazy\" decoding=\"async\" class=\"alignnone size-medium wp-image-45\" src=\"http:\/\/blog.espol.edu.ec\/bgarcia\/files\/2014\/11\/Angry-Birds-Logo-300x199.png\" alt=\"Angry-Birds-Logo\" width=\"300\" height=\"199\" srcset=\"https:\/\/blog.espol.edu.ec\/bgarcia\/files\/2014\/11\/Angry-Birds-Logo-300x199.png 300w, https:\/\/blog.espol.edu.ec\/bgarcia\/files\/2014\/11\/Angry-Birds-Logo.png 897w\" sizes=\"auto, (max-width: 300px) 100vw, 300px\" \/><\/a><\/p>\n<p>El 2012 ha sido el a\u00f1o de <strong>Angry Birds<\/strong>, en el que se han establecido como una de las nuevas marcas mas relevantes del mercado. Una de las razones de su \u00e9xito en <strong>Android<\/strong>es que todas sus versiones aportan diversi\u00f3n gratuita, y han salido unas cuantas. Desde\u00a0Seasons hasta el mas reciente cruce con Star Wars, todas tienen en com\u00fan el objetivo final de eliminar a los cerdos a base de tirar p\u00e1jaros con un tirachinas. Para triunfar tendr\u00e1s que calcular el tiro de manera que destruyas las estructuras en la que est\u00e1n los cerdos de la manera mas eficiiente, aunque conforme avances y pruebes otros juegos de la saga se introducen mas variables a tener en cuenta.<\/p>\n<p>&nbsp;<\/p>\n<h2>Line Runner<\/h2>\n<p><a href=\"http:\/\/blog.espol.edu.ec\/bgarcia\/files\/2014\/11\/line-runner.png\"><img loading=\"lazy\" decoding=\"async\" class=\"alignnone size-medium wp-image-46\" src=\"http:\/\/blog.espol.edu.ec\/bgarcia\/files\/2014\/11\/line-runner-300x300.png\" alt=\"line-runner\" width=\"300\" height=\"300\" srcset=\"https:\/\/blog.espol.edu.ec\/bgarcia\/files\/2014\/11\/line-runner-300x300.png 300w, https:\/\/blog.espol.edu.ec\/bgarcia\/files\/2014\/11\/line-runner-150x150.png 150w, https:\/\/blog.espol.edu.ec\/bgarcia\/files\/2014\/11\/line-runner.png 1024w\" sizes=\"auto, (max-width: 300px) 100vw, 300px\" \/><\/a><\/p>\n<p><strong>Line Runner<\/strong> es un juego no recomendable para los que quieran un entretenimiento tranquilo. Controlamos a un personaje de dise\u00f1o simplista que lo \u00fanico que hace es correr hacia delante. Solo tenemos dos controles: rodar y saltar. Con eso tendremos que esquivar todos los obst\u00e1culos que aparecer\u00e1n en nuestro camino. Es un juego que requiere unos buenos reflejos pero tambi\u00e9n una buena memoria que nos permita ir mejorando nuestras marcas. La versi\u00f3n gratuita tiene anuncios que se pueden desactivar comprando la edici\u00f3n Plus.<\/p>\n<p>&nbsp;<\/p>\n<h2>Cut the Rope<\/h2>\n<p><a href=\"http:\/\/blog.espol.edu.ec\/bgarcia\/files\/2014\/11\/unnamed.png\"><img loading=\"lazy\" decoding=\"async\" class=\"alignnone size-full wp-image-47\" src=\"http:\/\/blog.espol.edu.ec\/bgarcia\/files\/2014\/11\/unnamed.png\" alt=\"unnamed\" width=\"300\" height=\"300\" srcset=\"https:\/\/blog.espol.edu.ec\/bgarcia\/files\/2014\/11\/unnamed.png 300w, https:\/\/blog.espol.edu.ec\/bgarcia\/files\/2014\/11\/unnamed-150x150.png 150w\" sizes=\"auto, (max-width: 300px) 100vw, 300px\" \/><\/a><\/p>\n<p>Cut the Rope es un juego basado en la f\u00edsica de un caramelo, que tendremos que hacer llegar a la boca de nuestro monstruo particular. El caramelo en cuesti\u00f3n cuelga de una cuerda, que cortaremos en el momento apropiado para aprovechar la inercia. La cosa se complica conforme vamos subiendo niveles, con teleportadores que aprovechar y peligros que tendremos que esquivar. Existe una versi\u00f3n de pago que elimina la publicidad.<\/p>\n<p>&nbsp;<\/p>\n<p>&nbsp;<\/p>\n","protected":false},"excerpt":{"rendered":"<p>Angry Birds El 2012 ha sido el a\u00f1o de Angry Birds, en el que se han establecido como una de las nuevas marcas mas relevantes del mercado. Una de las razones de su \u00e9xito en Androides que todas sus versiones aportan diversi\u00f3n gratuita, y han salido unas cuantas. Desde\u00a0Seasons hasta el mas reciente cruce con [&hellip;]<\/p>\n","protected":false},"author":9342,"featured_media":0,"parent":0,"menu_order":0,"comment_status":"open","ping_status":"open","template":"","meta":{"footnotes":""},"class_list":["post-44","page","type-page","status-publish","hentry"],"_links":{"self":[{"href":"https:\/\/blog.espol.edu.ec\/bgarcia\/wp-json\/wp\/v2\/pages\/44","targetHints":{"allow":["GET"]}}],"collection":[{"href":"https:\/\/blog.espol.edu.ec\/bgarcia\/wp-json\/wp\/v2\/pages"}],"about":[{"href":"https:\/\/blog.espol.edu.ec\/bgarcia\/wp-json\/wp\/v2\/types\/page"}],"author":[{"embeddable":true,"href":"https:\/\/blog.espol.edu.ec\/bgarcia\/wp-json\/wp\/v2\/users\/9342"}],"replies":[{"embeddable":true,"href":"https:\/\/blog.espol.edu.ec\/bgarcia\/wp-json\/wp\/v2\/comments?post=44"}],"version-history":[{"count":1,"href":"https:\/\/blog.espol.edu.ec\/bgarcia\/wp-json\/wp\/v2\/pages\/44\/revisions"}],"predecessor-version":[{"id":48,"href":"https:\/\/blog.espol.edu.ec\/bgarcia\/wp-json\/wp\/v2\/pages\/44\/revisions\/48"}],"wp:attachment":[{"href":"https:\/\/blog.espol.edu.ec\/bgarcia\/wp-json\/wp\/v2\/media?parent=44"}],"curies":[{"name":"wp","href":"https:\/\/api.w.org\/{rel}","templated":true}]}}