{"id":45,"date":"2015-06-02T02:48:46","date_gmt":"2015-06-02T02:48:46","guid":{"rendered":"http:\/\/blog.espol.edu.ec\/bgpulley\/?page_id=45"},"modified":"2015-06-02T03:21:34","modified_gmt":"2015-06-02T03:21:34","slug":"cachorros","status":"publish","type":"page","link":"https:\/\/blog.espol.edu.ec\/bgpulley\/cachorros\/","title":{"rendered":"CACHORROS"},"content":{"rendered":"<p>Los primeros d\u00edas que pase el cachorro contigo le marcar\u00e1n para siempre. Por lo tanto, aseg\u00farate de que le das todo tu\u00a0<b>afecto y atenci\u00f3n<\/b>. Al principio, el animal estar\u00e1 un poco inquieto, por lo que es mejor llevarlo a casa cuando no haya demasiada gente. D\u00e9jale<b>explorar su entorno<\/b>\u00a0pero no le dejes solo durante mucho tiempo.<\/p>\n<p><a href=\"http:\/\/blog.espol.edu.ec\/bgpulley\/files\/2015\/06\/images.jpeg\"><img loading=\"lazy\" decoding=\"async\" class=\"aligncenter size-full wp-image-54\" src=\"http:\/\/blog.espol.edu.ec\/bgpulley\/files\/2015\/06\/images.jpeg\" alt=\"images\" width=\"259\" height=\"194\" \/><\/a><\/p>\n<p>En su primera semana, puede presentar un sentimiento de nostalgia debido a la separaci\u00f3n de su madre y gimotear\u00e1 constantemente. Si \u00e9ste es el caso, m\u00edmale un poco y consu\u00e9lalo, pero no le permitas entrar en tu cama: es una mala costumbre que, posteriormente ser\u00e1 dif\u00edcil de quitar.<\/p>\n<h3>Elementos esenciales para tu cachorro<\/h3>\n<ul>\n<li>* Un cuenco de\u00a0<b>agua<\/b>\u00a0y otro de\u00a0<b>comida<\/b>.<\/li>\n<li>* Un\u00a0<b>alimento nutritivo<\/b>\u00a0y espec\u00edfico para su etapa vital.<\/li>\n<li>* Una cesta o\u00a0<b>cama<\/b>.<\/li>\n<li>*\u00a0<b>Cepillo y peine<\/b>.<\/li>\n<li>* Tarjeta de identificaci\u00f3n (o\u00a0<b>microchip<\/b>).<\/li>\n<li>*\u00a0<b>Collar<\/b>\u00a0y<b>\u00a0correa<\/b>.<\/li>\n<li>*\u00a0<b>Champ\u00fa, cepillo y pasta de dientes<\/b>\u00a0para perros.<\/li>\n<li>*\u00a0<b>Juguetes<\/b>\u00a0seguros y de calidad para masticar que faciliten la dentici\u00f3n.<\/li>\n<\/ul>\n<h3><a href=\"http:\/\/blog.espol.edu.ec\/bgpulley\/files\/2015\/06\/imgres-1.jpg\"><img loading=\"lazy\" decoding=\"async\" class=\"  wp-image-36 alignleft\" src=\"http:\/\/blog.espol.edu.ec\/bgpulley\/files\/2015\/06\/imgres-1.jpg\" alt=\"imgres-1\" width=\"236\" height=\"146\" \/><\/a> <a href=\"http:\/\/blog.espol.edu.ec\/bgpulley\/files\/2015\/06\/images.jpg\"><img loading=\"lazy\" decoding=\"async\" class=\"  wp-image-35 alignright\" src=\"http:\/\/blog.espol.edu.ec\/bgpulley\/files\/2015\/06\/images.jpg\" alt=\"images\" width=\"225\" height=\"168\" \/><\/a> <a href=\"http:\/\/blog.espol.edu.ec\/bgpulley\/files\/2015\/06\/images-3.jpg\"><img loading=\"lazy\" decoding=\"async\" class=\"  wp-image-31 alignnone\" src=\"http:\/\/blog.espol.edu.ec\/bgpulley\/files\/2015\/06\/images-3.jpg\" alt=\"images-3\" width=\"225\" height=\"168\" \/><\/a><\/h3>\n<h3>Dieta y ejercicio<\/h3>\n<p>La<b>\u00a0dieta<\/b>\u00a0y el\u00a0<b>ejercicio<\/b>\u00a0son vitales para el bienestar de tu cachorro. Al ser muy juguetones y en\u00e9rgicos, debes asegurarte de que realizan el ejercicio adecuado. La cantidad exacta de ejercicio variar\u00e1, naturalmente, seg\u00fan la raza y es el veterinario o el criador qui\u00e9n debe aconsejarte sobre el tema. Tambi\u00e9n es el responsable de dar al perro la nutrici\u00f3n que necesite desde el principio. Como estos temas son tan importantes, se comentan m\u00e1s adelante en otra secci\u00f3n de este manual.<\/p>\n<h3><a href=\"http:\/\/blog.espol.edu.ec\/bgpulley\/files\/2015\/06\/images-1.jpeg\"><img loading=\"lazy\" decoding=\"async\" class=\"  wp-image-53 alignleft\" src=\"http:\/\/blog.espol.edu.ec\/bgpulley\/files\/2015\/06\/images-1.jpeg\" alt=\"images-1\" width=\"205\" height=\"213\" \/><\/a> <a href=\"http:\/\/blog.espol.edu.ec\/bgpulley\/files\/2015\/06\/cachorros-descanzando-6621.jpg\"><img loading=\"lazy\" decoding=\"async\" class=\"aligncenter  wp-image-55\" src=\"http:\/\/blog.espol.edu.ec\/bgpulley\/files\/2015\/06\/cachorros-descanzando-6621.jpg\" alt=\"cachorros-descanzando-6621\" width=\"336\" height=\"210\" srcset=\"https:\/\/blog.espol.edu.ec\/bgpulley\/files\/2015\/06\/cachorros-descanzando-6621.jpg 1920w, https:\/\/blog.espol.edu.ec\/bgpulley\/files\/2015\/06\/cachorros-descanzando-6621-300x188.jpg 300w, https:\/\/blog.espol.edu.ec\/bgpulley\/files\/2015\/06\/cachorros-descanzando-6621-1024x640.jpg 1024w\" sizes=\"auto, (max-width: 336px) 100vw, 336px\" \/><\/a><\/h3>\n<h3><\/h3>\n<h3>Entrenamiento b\u00e1sico<\/h3>\n<p>A nadie le gusta un perro desobediente e incontrolado, por lo que cuanto antes comiences su entrenamiento, mejor. Muchos entrenadores profesionales recomiendan una clase temprana de\u00a0<b>obediencia<\/b>\u00a0para facilitar el proceso. Una de las primeras cosas que deber\u00e1s ense\u00f1ar a tu cachorro es a reconocer su nombre. Util\u00edzalo con tanta frecuencia como puedas para llamar su atenci\u00f3n: cuando le felicites y cuando le das de comer. Pronto aprender\u00e1 a responder a su nombre cuando le llames. La\u00a0<b>repetici\u00f3n<\/b>\u00a0es importante cuando se entrenan cachorros. Y recuerda que debes tener\u00a0<b>paciencia<\/b>.<\/p>\n<p>Aqu\u00ed tienes algunos\u00a0<b>trucos<\/b>\u00a0para el adiestramiento:<\/p>\n<p>* Sigue una pauta de\u00a0<b>dos sesiones<\/b>\u00a0de entrenamiento cada d\u00eda, de 5 minutos de duraci\u00f3n.<\/p>\n<p>* Para evitar la confusi\u00f3n, usa el mismo tono y palabras para ciertas \u00f3rdenes. Ponte<b>\u00a0serio<\/b>, para que tu cachorro aprenda que debe tomarse el entrenamiento en serio.<\/p>\n<p>* Si pierdes la paciencia, tu cachorro lo percibir\u00e1 y el entrenamiento ser\u00e1 m\u00e1s dif\u00edcil. Intenta estar\u00a0<b>calmado<\/b>.<\/p>\n<p>* Nunca golpees a tu cachorro, ni le levantes la voz. Usa los mismos\u00a0<b>elogios<\/b>\u00a0cuando proceda y un firme 'No' cuando debas corregirle.<\/p>\n<p>* Termina las sesiones de entrenamiento con un\u00a0<b>comentario alegre<\/b>.<\/p>\n<p>&nbsp;<\/p>\n","protected":false},"excerpt":{"rendered":"<p>Los primeros d\u00edas que pase el cachorro contigo le marcar\u00e1n para siempre. Por lo tanto, aseg\u00farate de que le das todo tu\u00a0afecto y atenci\u00f3n. Al principio, el animal estar\u00e1 un poco inquieto, por lo que es mejor llevarlo a casa cuando no haya demasiada gente. D\u00e9jaleexplorar su entorno\u00a0pero no le dejes solo durante mucho tiempo. [&hellip;]<\/p>\n","protected":false},"author":9636,"featured_media":0,"parent":0,"menu_order":0,"comment_status":"open","ping_status":"open","template":"","meta":{"footnotes":""},"class_list":["post-45","page","type-page","status-publish","hentry"],"_links":{"self":[{"href":"https:\/\/blog.espol.edu.ec\/bgpulley\/wp-json\/wp\/v2\/pages\/45","targetHints":{"allow":["GET"]}}],"collection":[{"href":"https:\/\/blog.espol.edu.ec\/bgpulley\/wp-json\/wp\/v2\/pages"}],"about":[{"href":"https:\/\/blog.espol.edu.ec\/bgpulley\/wp-json\/wp\/v2\/types\/page"}],"author":[{"embeddable":true,"href":"https:\/\/blog.espol.edu.ec\/bgpulley\/wp-json\/wp\/v2\/users\/9636"}],"replies":[{"embeddable":true,"href":"https:\/\/blog.espol.edu.ec\/bgpulley\/wp-json\/wp\/v2\/comments?post=45"}],"version-history":[{"count":3,"href":"https:\/\/blog.espol.edu.ec\/bgpulley\/wp-json\/wp\/v2\/pages\/45\/revisions"}],"predecessor-version":[{"id":57,"href":"https:\/\/blog.espol.edu.ec\/bgpulley\/wp-json\/wp\/v2\/pages\/45\/revisions\/57"}],"wp:attachment":[{"href":"https:\/\/blog.espol.edu.ec\/bgpulley\/wp-json\/wp\/v2\/media?parent=45"}],"curies":[{"name":"wp","href":"https:\/\/api.w.org\/{rel}","templated":true}]}}