{"id":170,"date":"2019-10-04T16:27:00","date_gmt":"2019-10-04T16:27:00","guid":{"rendered":"http:\/\/blog.espol.edu.ec\/bicentenario\/?page_id=170"},"modified":"2019-10-05T00:24:56","modified_gmt":"2019-10-05T00:24:56","slug":"pagina-9","status":"publish","type":"page","link":"https:\/\/blog.espol.edu.ec\/bicentenario\/pagina-9\/","title":{"rendered":"P\u00e1gina 9: Encarcelamiento en el castillo de M\u00e1h-k\u00fa"},"content":{"rendered":"<p><iframe loading=\"lazy\" src=\"https:\/\/www.facebook.com\/plugins\/post.php?href=https%3A%2F%2Fwww.facebook.com%2Fluminariasnuevodia%2Fposts%2F2164426883854110&amp;width=500\" width=\"500\" height=\"750\" frameborder=\"0\"><\/iframe><\/p>\n","protected":false},"excerpt":{"rendered":"","protected":false},"author":8049,"featured_media":0,"parent":0,"menu_order":0,"comment_status":"closed","ping_status":"closed","template":"","meta":{"footnotes":""},"class_list":["post-170","page","type-page","status-publish","hentry"],"_links":{"self":[{"href":"https:\/\/blog.espol.edu.ec\/bicentenario\/wp-json\/wp\/v2\/pages\/170","targetHints":{"allow":["GET"]}}],"collection":[{"href":"https:\/\/blog.espol.edu.ec\/bicentenario\/wp-json\/wp\/v2\/pages"}],"about":[{"href":"https:\/\/blog.espol.edu.ec\/bicentenario\/wp-json\/wp\/v2\/types\/page"}],"author":[{"embeddable":true,"href":"https:\/\/blog.espol.edu.ec\/bicentenario\/wp-json\/wp\/v2\/users\/8049"}],"replies":[{"embeddable":true,"href":"https:\/\/blog.espol.edu.ec\/bicentenario\/wp-json\/wp\/v2\/comments?post=170"}],"version-history":[{"count":4,"href":"https:\/\/blog.espol.edu.ec\/bicentenario\/wp-json\/wp\/v2\/pages\/170\/revisions"}],"predecessor-version":[{"id":238,"href":"https:\/\/blog.espol.edu.ec\/bicentenario\/wp-json\/wp\/v2\/pages\/170\/revisions\/238"}],"wp:attachment":[{"href":"https:\/\/blog.espol.edu.ec\/bicentenario\/wp-json\/wp\/v2\/media?parent=170"}],"curies":[{"name":"wp","href":"https:\/\/api.w.org\/{rel}","templated":true}]}}

Página 9: Encarcelamiento en el castillo de Máh-kú
