{"id":42,"date":"2014-06-10T22:05:15","date_gmt":"2014-06-10T22:05:15","guid":{"rendered":"http:\/\/blog.espol.edu.ec\/bnnaula\/?page_id=42"},"modified":"2014-06-10T22:08:40","modified_gmt":"2014-06-10T22:08:40","slug":"frases-sobre-mascotitas","status":"publish","type":"page","link":"https:\/\/blog.espol.edu.ec\/bnnaula\/frases-sobre-mascotitas\/","title":{"rendered":"Frases sobre mascotitas"},"content":{"rendered":"<blockquote>\n<p style=\"text-align: center\"><span style=\"color: #808080\">\"Sostengo que cuanto m\u00e1s indefensa es una criatura, m\u00e1s derechos tiene a ser protegida por el hombre contra la crueldad del hombre. Debo realizar todav\u00eda muchas purificaciones y sacrificios personales para poder salvar a esos animales indefensos de un sacrificio que no tiene nada de sagrado. Ruego constantemente a Dios para que nazca sobre esta tierra alg\u00fan gran esp\u00edritu, hombre o mujer, encendido en la piedad divina, capaz de librarnos de nuestros horrendos pecados contra los animales, salvar las vidas de criaturas inocentes y purificar los templos.\" <strong>Mahatma Gandhi<\/strong><\/span><\/p>\n<p style=\"text-align: center\">\n<p style=\"text-align: center\"><span style=\"color: #808080\">\"Los animales necesitan nuestra ayuda, San Francisco se interesaba por los animales desvalidos y por los pobres.\"<strong> Juan Pablo II\u00a0<\/strong><\/span><\/p>\n<p style=\"text-align: center\">\n<p style=\"text-align: center\"><span style=\"color: #808080\">\"Los animales son de Dios. La bestialidad es humana.\" <strong>V\u00edctor Hugo.<\/strong><\/span><\/p>\n<p style=\"text-align: center\">\n<p style=\"text-align: center\"><span style=\"color: #808080\">\"La no violencia lleva a la m\u00e1s alta \u00e9tica, lo cual es la meta de la evoluci\u00f3n. Hasta que no cesemos de da\u00f1ar a otros seres vivos, somos a\u00fan salvajes.\"<strong>Thomas Edison.<\/strong><\/span><\/p>\n<p style=\"text-align: center\">\n<div id=\"attachment_46\" style=\"width: 310px\" class=\"wp-caption aligncenter\"><a href=\"http:\/\/blog.espol.edu.ec\/bnnaula\/files\/2014\/06\/abchuellitas1.png\" target=\"_blank\"><img loading=\"lazy\" decoding=\"async\" aria-describedby=\"caption-attachment-46\" class=\"wp-image-46 size-medium\" src=\"http:\/\/blog.espol.edu.ec\/bnnaula\/files\/2014\/06\/abchuellitas1-300x231.png\" alt=\"\" width=\"300\" height=\"231\" srcset=\"https:\/\/blog.espol.edu.ec\/bnnaula\/files\/2014\/06\/abchuellitas1-300x231.png 300w, https:\/\/blog.espol.edu.ec\/bnnaula\/files\/2014\/06\/abchuellitas1.png 640w\" sizes=\"auto, (max-width: 300px) 100vw, 300px\" \/><\/a><p id=\"caption-attachment-46\" class=\"wp-caption-text\">Mi mascota es mi familia.<\/p><\/div><\/blockquote>\n","protected":false},"excerpt":{"rendered":"<p>\"Sostengo que cuanto m\u00e1s indefensa es una criatura, m\u00e1s derechos tiene a ser protegida por el hombre contra la crueldad del hombre. Debo realizar todav\u00eda muchas purificaciones y sacrificios personales para poder salvar a esos animales indefensos de un sacrificio que no tiene nada de sagrado. Ruego constantemente a Dios para que nazca sobre esta [&hellip;]<\/p>\n","protected":false},"author":9155,"featured_media":0,"parent":0,"menu_order":0,"comment_status":"open","ping_status":"open","template":"","meta":{"footnotes":""},"class_list":["post-42","page","type-page","status-publish","hentry"],"_links":{"self":[{"href":"https:\/\/blog.espol.edu.ec\/bnnaula\/wp-json\/wp\/v2\/pages\/42","targetHints":{"allow":["GET"]}}],"collection":[{"href":"https:\/\/blog.espol.edu.ec\/bnnaula\/wp-json\/wp\/v2\/pages"}],"about":[{"href":"https:\/\/blog.espol.edu.ec\/bnnaula\/wp-json\/wp\/v2\/types\/page"}],"author":[{"embeddable":true,"href":"https:\/\/blog.espol.edu.ec\/bnnaula\/wp-json\/wp\/v2\/users\/9155"}],"replies":[{"embeddable":true,"href":"https:\/\/blog.espol.edu.ec\/bnnaula\/wp-json\/wp\/v2\/comments?post=42"}],"version-history":[{"count":3,"href":"https:\/\/blog.espol.edu.ec\/bnnaula\/wp-json\/wp\/v2\/pages\/42\/revisions"}],"predecessor-version":[{"id":47,"href":"https:\/\/blog.espol.edu.ec\/bnnaula\/wp-json\/wp\/v2\/pages\/42\/revisions\/47"}],"wp:attachment":[{"href":"https:\/\/blog.espol.edu.ec\/bnnaula\/wp-json\/wp\/v2\/media?parent=42"}],"curies":[{"name":"wp","href":"https:\/\/api.w.org\/{rel}","templated":true}]}}