{"id":88,"date":"2014-11-11T19:37:41","date_gmt":"2014-11-12T00:37:41","guid":{"rendered":"http:\/\/blog.espol.edu.ec\/brcedeno\/?page_id=88"},"modified":"2014-11-12T17:04:25","modified_gmt":"2014-11-12T22:04:25","slug":"mi-primera-guitarra","status":"publish","type":"page","link":"https:\/\/blog.espol.edu.ec\/brcedeno\/mi-primera-guitarra\/","title":{"rendered":"PRINCIPIANTES"},"content":{"rendered":"<p>AQU\u00cd LES ADJUNTO ALGUNOS V\u00cdDEOS QUE ME SIRVIERON MUCHO EN MI CAMINO PARA APRENDER A ENTONAR ESTE MARAVILLOSO INSTRUMENTO. DISFR\u00daTENLOS.<\/p>\n<p>LES COMPARTO \u00a0ESTE CURSO DE GUITARRA<br \/>\n<iframe loading=\"lazy\" src=\"\/\/www.slideshare.net\/slideshow\/embed_code\/41479183\" width=\"476\" height=\"400\" frameborder=\"0\"><\/iframe><br \/>\n&nbsp;<\/p>\n<p>LAS PARTES DE LA GUITARRA.<img decoding=\"async\" src=\"http:\/\/josheriberto.galeon.com\/partes1.jpg\" alt=\"\" \/><\/p>\n<p>&nbsp;<\/p>\n<p><iframe loading=\"lazy\" title=\"C\u00f3mo tocar Guitarra Principiantes &quot;LECCI\u00d3N 1&quot; (HD) Guitarra Ac\u00fastica CURSO COMPLETO - Christianvib\" width=\"500\" height=\"281\" src=\"https:\/\/www.youtube.com\/embed\/S_9xE85QIFI?feature=oembed\" frameborder=\"0\" allow=\"accelerometer; autoplay; clipboard-write; encrypted-media; gyroscope; picture-in-picture; web-share\" referrerpolicy=\"strict-origin-when-cross-origin\" allowfullscreen><\/iframe><\/p>\n<p><iframe loading=\"lazy\" title=\"Curso de guitarra para principiantes 2\" width=\"500\" height=\"281\" src=\"https:\/\/www.youtube.com\/embed\/PDqZrWbzuCc?list=PLBDFD8F552D559357\" frameborder=\"0\" allow=\"accelerometer; autoplay; clipboard-write; encrypted-media; gyroscope; picture-in-picture; web-share\" referrerpolicy=\"strict-origin-when-cross-origin\" allowfullscreen><\/iframe><\/p>\n<p><iframe loading=\"lazy\" title=\"Clases de guitarra para principiantes #1: Las partes de la guitarra\" width=\"500\" height=\"281\" src=\"https:\/\/www.youtube.com\/embed\/L3_EGxOLcv0?feature=oembed\" frameborder=\"0\" allow=\"accelerometer; autoplay; clipboard-write; encrypted-media; gyroscope; picture-in-picture; web-share\" referrerpolicy=\"strict-origin-when-cross-origin\" allowfullscreen><\/iframe><\/p>\n<p><iframe loading=\"lazy\" title=\"Clases de guitarra para principiantes #2: La postura correcta \u00bfQu\u00e9 posici\u00f3n es la mejor?\" width=\"500\" height=\"281\" src=\"https:\/\/www.youtube.com\/embed\/QqB1vaicNxU?feature=oembed\" frameborder=\"0\" allow=\"accelerometer; autoplay; clipboard-write; encrypted-media; gyroscope; picture-in-picture; web-share\" referrerpolicy=\"strict-origin-when-cross-origin\" allowfullscreen><\/iframe><\/p>\n<p><iframe loading=\"lazy\" title=\"Clases de guitarra para principiantes #8: Los acordes b\u00e1sicos SIN CEJILLA\" width=\"500\" height=\"281\" src=\"https:\/\/www.youtube.com\/embed\/zHEnL5F7qNY?feature=oembed\" frameborder=\"0\" allow=\"accelerometer; autoplay; clipboard-write; encrypted-media; gyroscope; picture-in-picture; web-share\" referrerpolicy=\"strict-origin-when-cross-origin\" allowfullscreen><\/iframe><\/p>\n<p><iframe loading=\"lazy\" title=\"Clases de guitarra para principiantes #9: Los acordes b\u00e1sicos CON CEJILLA\" width=\"500\" height=\"281\" src=\"https:\/\/www.youtube.com\/embed\/K8Rh4BGkTQ8?feature=oembed\" frameborder=\"0\" allow=\"accelerometer; autoplay; clipboard-write; encrypted-media; gyroscope; picture-in-picture; web-share\" referrerpolicy=\"strict-origin-when-cross-origin\" allowfullscreen><\/iframe><\/p>\n","protected":false},"excerpt":{"rendered":"<p>AQU\u00cd LES ADJUNTO ALGUNOS V\u00cdDEOS QUE ME SIRVIERON MUCHO EN MI CAMINO PARA APRENDER A ENTONAR ESTE MARAVILLOSO INSTRUMENTO. DISFR\u00daTENLOS. LES COMPARTO \u00a0ESTE CURSO DE GUITARRA &nbsp; LAS PARTES DE LA GUITARRA. &nbsp;<\/p>\n","protected":false},"author":9316,"featured_media":0,"parent":0,"menu_order":0,"comment_status":"open","ping_status":"open","template":"","meta":{"footnotes":""},"class_list":["post-88","page","type-page","status-publish","hentry"],"_links":{"self":[{"href":"https:\/\/blog.espol.edu.ec\/brcedeno\/wp-json\/wp\/v2\/pages\/88","targetHints":{"allow":["GET"]}}],"collection":[{"href":"https:\/\/blog.espol.edu.ec\/brcedeno\/wp-json\/wp\/v2\/pages"}],"about":[{"href":"https:\/\/blog.espol.edu.ec\/brcedeno\/wp-json\/wp\/v2\/types\/page"}],"author":[{"embeddable":true,"href":"https:\/\/blog.espol.edu.ec\/brcedeno\/wp-json\/wp\/v2\/users\/9316"}],"replies":[{"embeddable":true,"href":"https:\/\/blog.espol.edu.ec\/brcedeno\/wp-json\/wp\/v2\/comments?post=88"}],"version-history":[{"count":4,"href":"https:\/\/blog.espol.edu.ec\/brcedeno\/wp-json\/wp\/v2\/pages\/88\/revisions"}],"predecessor-version":[{"id":114,"href":"https:\/\/blog.espol.edu.ec\/brcedeno\/wp-json\/wp\/v2\/pages\/88\/revisions\/114"}],"wp:attachment":[{"href":"https:\/\/blog.espol.edu.ec\/brcedeno\/wp-json\/wp\/v2\/media?parent=88"}],"curies":[{"name":"wp","href":"https:\/\/api.w.org\/{rel}","templated":true}]}}