{"id":81,"date":"2015-11-22T18:33:03","date_gmt":"2015-11-22T18:33:03","guid":{"rendered":"http:\/\/blog.espol.edu.ec\/brosado\/?page_id=81"},"modified":"2015-11-23T13:21:50","modified_gmt":"2015-11-23T13:21:50","slug":"la-tierra","status":"publish","type":"page","link":"https:\/\/blog.espol.edu.ec\/brosado\/la-tierra\/","title":{"rendered":"LA TIERRA"},"content":{"rendered":"<p>La Tierra es el tercer planeta desde el Sol y el quinto del Sistema Solar en cuanto a tama\u00f1o.<\/p>\n<p>Es el \u00fanico planeta conocido que tiene vida, aunque algunos de los otros planetas tienen atm\u00f3sferas y contienen agua.<\/p>\n<div class=\"imgc\"><img loading=\"lazy\" decoding=\"async\" class=\"foto aligncenter\" src=\"http:\/\/www.astromia.com\/tierraluna\/fotos\/latierra.jpg\" alt=\"Superficie del planeta Tierra\" width=\"500\" height=\"272\" \/><\/div>\n<p>Gira describiendo una \u00f3rbita el\u00edptica alrededor de su estrella, nuestro Sol, a unos 150 millones de km, en, aproximadamente, un a\u00f1o. Al mismo tiempo gira sobre su propio eje cada d\u00eda.<\/p>\n<p>La Tierra no es una esfera perfecta, ya que el ecuador se engrosa 21 km, el polo norte est\u00e1 dilatado 10 m y el polo sur est\u00e1 hundido unos 31 metros.<\/p>\n<p>La Tierra posee una atm\u00f3sfera rica en ox\u00edgeno, temperaturas moderadas, agua abundante y una composici\u00f3n qu\u00edmica variada. El planeta se compone de rocas y metales, s\u00f3lidos en el exterior, pero fundidos en el interior.<\/p>\n<div class=\"imgc\"><img loading=\"lazy\" decoding=\"async\" class=\"foto aligncenter\" src=\"http:\/\/www.astromia.com\/tierraluna\/fotos\/latierra1.jpg\" alt=\"La atm\u00f3sfera de la Tierra\" width=\"500\" height=\"338\" \/><\/div>\n<p>Desde la antig\u00fcedad se han elaborado mapas pera representar la Tierra. Con la llegada de la fotograf\u00eda, los ordenadores y la astron\u00e1utica, la superf\u00edcie terrestre ha sido estudiada con detalle, aunque todav\u00eda queda mucho por descubrir.<\/p>\n","protected":false},"excerpt":{"rendered":"<p>La Tierra es el tercer planeta desde el Sol y el quinto del Sistema Solar en cuanto a tama\u00f1o. Es el \u00fanico planeta conocido que tiene vida, aunque algunos de los otros planetas tienen atm\u00f3sferas y contienen agua. Gira describiendo una \u00f3rbita el\u00edptica alrededor de su estrella, nuestro Sol, a unos 150 millones de km, [&hellip;]<\/p>\n","protected":false},"author":10038,"featured_media":99,"parent":0,"menu_order":0,"comment_status":"closed","ping_status":"closed","template":"","meta":{"footnotes":""},"class_list":["post-81","page","type-page","status-publish","has-post-thumbnail","hentry"],"_links":{"self":[{"href":"https:\/\/blog.espol.edu.ec\/brosado\/wp-json\/wp\/v2\/pages\/81","targetHints":{"allow":["GET"]}}],"collection":[{"href":"https:\/\/blog.espol.edu.ec\/brosado\/wp-json\/wp\/v2\/pages"}],"about":[{"href":"https:\/\/blog.espol.edu.ec\/brosado\/wp-json\/wp\/v2\/types\/page"}],"author":[{"embeddable":true,"href":"https:\/\/blog.espol.edu.ec\/brosado\/wp-json\/wp\/v2\/users\/10038"}],"replies":[{"embeddable":true,"href":"https:\/\/blog.espol.edu.ec\/brosado\/wp-json\/wp\/v2\/comments?post=81"}],"version-history":[{"count":1,"href":"https:\/\/blog.espol.edu.ec\/brosado\/wp-json\/wp\/v2\/pages\/81\/revisions"}],"predecessor-version":[{"id":82,"href":"https:\/\/blog.espol.edu.ec\/brosado\/wp-json\/wp\/v2\/pages\/81\/revisions\/82"}],"wp:featuredmedia":[{"embeddable":true,"href":"https:\/\/blog.espol.edu.ec\/brosado\/wp-json\/wp\/v2\/media\/99"}],"wp:attachment":[{"href":"https:\/\/blog.espol.edu.ec\/brosado\/wp-json\/wp\/v2\/media?parent=81"}],"curies":[{"name":"wp","href":"https:\/\/api.w.org\/{rel}","templated":true}]}}