{"id":126,"date":"2009-08-28T23:45:52","date_gmt":"2009-08-29T03:45:52","guid":{"rendered":"http:\/\/blog.espol.edu.ec\/calara\/?page_id=126"},"modified":"2009-08-28T23:56:17","modified_gmt":"2009-08-29T03:56:17","slug":"information","status":"publish","type":"page","link":"https:\/\/blog.espol.edu.ec\/calara\/information\/","title":{"rendered":"Information"},"content":{"rendered":"<p>La raz\u00f3n por la cual yo escog\u00ed este tema es que es uno de mis pasatiempo favoritos y el cual me ha dado mucha agilidad mental es muy interesante la historia que envuelve y eso te llama la atenci\u00f3n cuando me siento estresado siempre me distraigo jugando este videojuego y as\u00ed cuando termino me puedo concentrar mejor en las cosas que voy a realizar se los recomiendo mucho si les gusta los juegos de estrategia este para mi es el mejor que se ha creado hasta este momento.<\/p>\n<p>En esta p\u00e1gina he subido mucho consejos de c\u00f3mo jugar y algunos videos de el juego ustedes podr\u00e1n ver de qu\u00e9 se trata y si les gusta empezarlo a jugar tambi\u00e9n intentare subir algunos consejos de c\u00f3mo poner cosas en su blog pero eso de poco en poco.<\/p>\n<p>Espero les guste y cualquier inquietud me la hacen llegar.<\/p>\n","protected":false},"excerpt":{"rendered":"<p>La raz\u00f3n por la cual yo escog\u00ed este tema es que es uno de mis pasatiempo favoritos y el cual me ha dado mucha agilidad mental es muy interesante la historia que envuelve y eso te llama la atenci\u00f3n cuando me siento estresado siempre me distraigo jugando este videojuego y as\u00ed cuando termino me puedo [&hellip;]<\/p>\n","protected":false},"author":1701,"featured_media":0,"parent":0,"menu_order":1,"comment_status":"open","ping_status":"open","template":"","meta":{"footnotes":""},"class_list":["post-126","page","type-page","status-publish","hentry"],"_links":{"self":[{"href":"https:\/\/blog.espol.edu.ec\/calara\/wp-json\/wp\/v2\/pages\/126","targetHints":{"allow":["GET"]}}],"collection":[{"href":"https:\/\/blog.espol.edu.ec\/calara\/wp-json\/wp\/v2\/pages"}],"about":[{"href":"https:\/\/blog.espol.edu.ec\/calara\/wp-json\/wp\/v2\/types\/page"}],"author":[{"embeddable":true,"href":"https:\/\/blog.espol.edu.ec\/calara\/wp-json\/wp\/v2\/users\/1701"}],"replies":[{"embeddable":true,"href":"https:\/\/blog.espol.edu.ec\/calara\/wp-json\/wp\/v2\/comments?post=126"}],"version-history":[{"count":4,"href":"https:\/\/blog.espol.edu.ec\/calara\/wp-json\/wp\/v2\/pages\/126\/revisions"}],"predecessor-version":[{"id":130,"href":"https:\/\/blog.espol.edu.ec\/calara\/wp-json\/wp\/v2\/pages\/126\/revisions\/130"}],"wp:attachment":[{"href":"https:\/\/blog.espol.edu.ec\/calara\/wp-json\/wp\/v2\/media?parent=126"}],"curies":[{"name":"wp","href":"https:\/\/api.w.org\/{rel}","templated":true}]}}