{"id":73,"date":"2009-08-10T13:07:37","date_gmt":"2009-08-10T17:07:37","guid":{"rendered":"http:\/\/blog.espol.edu.ec\/calara\/?page_id=73"},"modified":"2009-08-10T13:10:29","modified_gmt":"2009-08-10T17:10:29","slug":"dota","status":"publish","type":"page","link":"https:\/\/blog.espol.edu.ec\/calara\/dota\/","title":{"rendered":"DoTa"},"content":{"rendered":"<p>Despu\u00e9s de jugar toda la campa\u00f1a te recomiendo mucho que juegue el mapa DOTA es muy interesante y es el m\u00e1s entretenido despu\u00e9s de la campa\u00f1a el mapa consiste en llegar al otro bando enemigo que est\u00e1 al otro lado del mapa y para conseguirlo tienes que ir destruyendo torres de protecci\u00f3n en el camino esto se juega con un solo personaje es muy popular en battle net (jugar v\u00eda internet) se puede jugar de m\u00e1ximo 10 jugadores cinco de cada bando<\/p>\n<p class=\"MsoNormal\" style=\"margin: 0cm 0cm 10pt\"><span style=\"font-family: Calibri;font-size: small\">As\u00ed inicia el juego<\/span><\/p>\n<p style=\"text-align: center\"><a href=\"http:\/\/blog.espol.edu.ec\/calara\/files\/2009\/08\/grafico11.jpg\"><img loading=\"lazy\" decoding=\"async\" class=\"aligncenter size-medium wp-image-74\" src=\"http:\/\/blog.espol.edu.ec\/calara\/files\/2009\/08\/grafico11-300x225.jpg\" alt=\"grafico11\" width=\"346\" height=\"251\" \/><\/a><a href=\"http:\/\/blog.espol.edu.ec\/calara\/files\/2009\/08\/grafico12.jpg\"><\/a><\/p>\n<p class=\"MsoNormal\" style=\"margin: 0cm 0cm 10pt\"><span style=\"font-family: Calibri;font-size: small\">Torre protectora de los sentinelas<\/span><\/p>\n<p class=\"MsoNormal\" style=\"text-align: center;margin: 0cm 0cm 10pt\"><span style=\"font-family: Calibri;font-size: small\"><a href=\"http:\/\/blog.espol.edu.ec\/calara\/files\/2009\/08\/grafico21.jpg\"><img loading=\"lazy\" decoding=\"async\" class=\"size-medium wp-image-76 aligncenter\" src=\"http:\/\/blog.espol.edu.ec\/calara\/files\/2009\/08\/grafico21-300x225.jpg\" alt=\"grafico21\" width=\"346\" height=\"228\" \/><\/a><\/span><\/p>\n<p class=\"MsoNormal\" style=\"margin: 0cm 0cm 10pt\"><span style=\"font-family: Calibri;font-size: small\">Torre protectora de los scourge<\/span><\/p>\n<p class=\"MsoNormal\" style=\"text-align: center;margin: 0cm 0cm 10pt\"><a href=\"http:\/\/blog.espol.edu.ec\/calara\/files\/2009\/08\/grafico3.jpg\"><img loading=\"lazy\" decoding=\"async\" class=\"size-medium wp-image-77 aligncenter\" src=\"http:\/\/blog.espol.edu.ec\/calara\/files\/2009\/08\/grafico3-300x188.jpg\" alt=\"grafico3\" width=\"432\" height=\"241\" \/><\/a><\/p>\n<p class=\"MsoNormal\" style=\"margin: 0cm 0cm 10pt\"><span style=\"font-family: Calibri;font-size: small\">Y <span>\u00a0<\/span>aqu\u00ed comienza la batalla <\/span><\/p>\n<p class=\"MsoNormal\" style=\"text-align: center;margin: 0cm 0cm 10pt\"><a href=\"http:\/\/blog.espol.edu.ec\/calara\/files\/2009\/08\/grafico4.jpg\"><img loading=\"lazy\" decoding=\"async\" class=\"size-medium wp-image-78 aligncenter\" src=\"http:\/\/blog.espol.edu.ec\/calara\/files\/2009\/08\/grafico4-300x196.jpg\" alt=\"grafico4\" width=\"428\" height=\"267\" \/><\/a><\/p>\n","protected":false},"excerpt":{"rendered":"<p>Despu\u00e9s de jugar toda la campa\u00f1a te recomiendo mucho que juegue el mapa DOTA es muy interesante y es el m\u00e1s entretenido despu\u00e9s de la campa\u00f1a el mapa consiste en llegar al otro bando enemigo que est\u00e1 al otro lado del mapa y para conseguirlo tienes que ir destruyendo torres de protecci\u00f3n en el camino [&hellip;]<\/p>\n","protected":false},"author":1701,"featured_media":0,"parent":0,"menu_order":0,"comment_status":"open","ping_status":"open","template":"","meta":{"footnotes":""},"class_list":["post-73","page","type-page","status-publish","hentry"],"_links":{"self":[{"href":"https:\/\/blog.espol.edu.ec\/calara\/wp-json\/wp\/v2\/pages\/73","targetHints":{"allow":["GET"]}}],"collection":[{"href":"https:\/\/blog.espol.edu.ec\/calara\/wp-json\/wp\/v2\/pages"}],"about":[{"href":"https:\/\/blog.espol.edu.ec\/calara\/wp-json\/wp\/v2\/types\/page"}],"author":[{"embeddable":true,"href":"https:\/\/blog.espol.edu.ec\/calara\/wp-json\/wp\/v2\/users\/1701"}],"replies":[{"embeddable":true,"href":"https:\/\/blog.espol.edu.ec\/calara\/wp-json\/wp\/v2\/comments?post=73"}],"version-history":[{"count":3,"href":"https:\/\/blog.espol.edu.ec\/calara\/wp-json\/wp\/v2\/pages\/73\/revisions"}],"predecessor-version":[{"id":80,"href":"https:\/\/blog.espol.edu.ec\/calara\/wp-json\/wp\/v2\/pages\/73\/revisions\/80"}],"wp:attachment":[{"href":"https:\/\/blog.espol.edu.ec\/calara\/wp-json\/wp\/v2\/media?parent=73"}],"curies":[{"name":"wp","href":"https:\/\/api.w.org\/{rel}","templated":true}]}}