{"id":2,"date":"2015-11-11T17:47:39","date_gmt":"2015-11-11T17:47:39","guid":{"rendered":"http:\/\/blog.espol.edu.ec\/caradrod\/?page_id=2"},"modified":"2015-11-23T03:48:54","modified_gmt":"2015-11-23T03:48:54","slug":"pagina-ejemplo","status":"publish","type":"page","link":"https:\/\/blog.espol.edu.ec\/caradrod\/pagina-ejemplo\/","title":{"rendered":"About"},"content":{"rendered":"<h2 style=\"text-align: left\"><a href=\"http:\/\/blog.espol.edu.ec\/caradrod\/files\/2015\/11\/IMG_168901913523501.jpeg\"><img loading=\"lazy\" decoding=\"async\" class=\"alignleft wp-image-87 size-full\" src=\"http:\/\/blog.espol.edu.ec\/caradrod\/files\/2015\/11\/IMG_168901913523501.jpeg\" alt=\"\" width=\"540\" height=\"720\" srcset=\"https:\/\/blog.espol.edu.ec\/caradrod\/files\/2015\/11\/IMG_168901913523501.jpeg 540w, https:\/\/blog.espol.edu.ec\/caradrod\/files\/2015\/11\/IMG_168901913523501-225x300.jpeg 225w\" sizes=\"auto, (max-width: 540px) 100vw, 540px\" \/><\/a><strong>SAN CRISTOBAL<\/strong><\/h2>\n<p style=\"text-align: justify\">San Crist\u00f3bal es una encantadora isla conocida por la amabilidad de sus habitantes y la diversidad de atractivos tur\u00edsticos. Tiene una poblaci\u00f3n de 7.475 habitantes radicadas en Puerto Baquerizo Moreno y la parte alta de la isla que se dedican a actividades como el turismo, la pesca. el comercio, la agricultura y el servicio p\u00fablico. Se distingue de las otras islas pobladas por la estrecha convivencia entre el hombre y la naturaleza y la presencia permanente de fuentes de agua dulce.<\/p>\n<p style=\"text-align: justify\">La isla San Crist\u00f3bal cuenta con diferentes actividades tur\u00edsticas tanto de aventura como de recreaci\u00f3n para el disfrute de los turistas nacionales y extranjeros.<\/p>\n<p style=\"text-align: left\">\u00ad<\/p>\n<p style=\"text-align: left\">\u200f<\/p>\n<p style=\"text-align: left\">\u200c<\/p>\n<p style=\"text-align: left\">\u200c<\/p>\n<p style=\"text-align: left\">\u200c<\/p>\n<p style=\"text-align: left\">\u200c\u200c<\/p>\n<p style=\"text-align: left\">\u200c\u200c<\/p>\n<p style=\"text-align: left\">\u200c<\/p>\n<p style=\"text-align: left\">(Photo by C\u00e9sar Rojas -<span style=\"color: #ff6600\">\u00a0<a style=\"color: #ff6600\" href=\"https:\/\/www.facebook.com\/Galapagos-Inspiration-615966475095920\/?ref=br_rs\" target=\"_blank\">https:\/\/www.facebook.com\/Galapagos-Inspiration-615966475095920\/?ref=br_rs<\/a><\/span>\u00a0)<\/p>\n<hr \/>\n\n\t\t<style type=\"text\/css\">\n\t\t\t#gallery-1 {\n\t\t\t\tmargin: auto;\n\t\t\t}\n\t\t\t#gallery-1 .gallery-item {\n\t\t\t\tfloat: left;\n\t\t\t\tmargin-top: 10px;\n\t\t\t\ttext-align: center;\n\t\t\t\twidth: 25%;\n\t\t\t}\n\t\t\t#gallery-1 img {\n\t\t\t\tborder: 2px solid #cfcfcf;\n\t\t\t}\n\t\t\t#gallery-1 .gallery-caption {\n\t\t\t\tmargin-left: 0;\n\t\t\t}\n\t\t\t\/* see gallery_shortcode() in wp-includes\/media.php *\/\n\t\t<\/style>\n\t\t<div id='gallery-1' class='gallery galleryid-2 gallery-columns-4 gallery-size-large'><dl class='gallery-item'>\n\t\t\t<dt class='gallery-icon landscape'>\n\t\t\t\t<a href='https:\/\/blog.espol.edu.ec\/caradrod\/pagina-ejemplo\/dsc09470\/'><img loading=\"lazy\" decoding=\"async\" width=\"610\" height=\"458\" src=\"https:\/\/blog.espol.edu.ec\/caradrod\/files\/2015\/11\/DSC09470-1024x768.jpg\" class=\"attachment-large size-large\" alt=\"\" aria-describedby=\"gallery-1-163\" srcset=\"https:\/\/blog.espol.edu.ec\/caradrod\/files\/2015\/11\/DSC09470-1024x768.jpg 1024w, https:\/\/blog.espol.edu.ec\/caradrod\/files\/2015\/11\/DSC09470-300x225.jpg 300w\" sizes=\"auto, (max-width: 610px) 100vw, 610px\" \/><\/a>\n\t\t\t<\/dt>\n\t\t\t\t<dd class='wp-caption-text gallery-caption' id='gallery-1-163'>\n\t\t\t\tContacto Visual\n\t\t\t\t<\/dd><\/dl><dl class='gallery-item'>\n\t\t\t<dt class='gallery-icon landscape'>\n\t\t\t\t<a href='https:\/\/blog.espol.edu.ec\/caradrod\/pagina-ejemplo\/mann1\/'><img loading=\"lazy\" decoding=\"async\" width=\"610\" height=\"398\" src=\"https:\/\/blog.espol.edu.ec\/caradrod\/files\/2015\/11\/mann1.jpg\" class=\"attachment-large size-large\" alt=\"\" aria-describedby=\"gallery-1-170\" srcset=\"https:\/\/blog.espol.edu.ec\/caradrod\/files\/2015\/11\/mann1.jpg 998w, https:\/\/blog.espol.edu.ec\/caradrod\/files\/2015\/11\/mann1-300x196.jpg 300w\" sizes=\"auto, (max-width: 610px) 100vw, 610px\" \/><\/a>\n\t\t\t<\/dt>\n\t\t\t\t<dd class='wp-caption-text gallery-caption' id='gallery-1-170'>\n\t\t\t\tPlaya Mann\n\t\t\t\t<\/dd><\/dl><dl class='gallery-item'>\n\t\t\t<dt class='gallery-icon landscape'>\n\t\t\t\t<a href='https:\/\/blog.espol.edu.ec\/caradrod\/pagina-ejemplo\/tijeretas\/'><img loading=\"lazy\" decoding=\"async\" width=\"610\" height=\"407\" src=\"https:\/\/blog.espol.edu.ec\/caradrod\/files\/2015\/11\/tijeretas-1024x683.jpg\" class=\"attachment-large size-large\" alt=\"\" aria-describedby=\"gallery-1-169\" srcset=\"https:\/\/blog.espol.edu.ec\/caradrod\/files\/2015\/11\/tijeretas-1024x683.jpg 1024w, https:\/\/blog.espol.edu.ec\/caradrod\/files\/2015\/11\/tijeretas-300x200.jpg 300w, https:\/\/blog.espol.edu.ec\/caradrod\/files\/2015\/11\/tijeretas.jpg 1170w\" sizes=\"auto, (max-width: 610px) 100vw, 610px\" \/><\/a>\n\t\t\t<\/dt>\n\t\t\t\t<dd class='wp-caption-text gallery-caption' id='gallery-1-169'>\n\t\t\t\tTijeretas\n\t\t\t\t<\/dd><\/dl><dl class='gallery-item'>\n\t\t\t<dt class='gallery-icon landscape'>\n\t\t\t\t<a href='https:\/\/blog.espol.edu.ec\/caradrod\/pagina-ejemplo\/puntapitt\/'><img loading=\"lazy\" decoding=\"async\" width=\"610\" height=\"407\" src=\"https:\/\/blog.espol.edu.ec\/caradrod\/files\/2015\/11\/puntapitt-1024x683.jpg\" class=\"attachment-large size-large\" alt=\"\" aria-describedby=\"gallery-1-168\" srcset=\"https:\/\/blog.espol.edu.ec\/caradrod\/files\/2015\/11\/puntapitt-1024x683.jpg 1024w, https:\/\/blog.espol.edu.ec\/caradrod\/files\/2015\/11\/puntapitt-300x200.jpg 300w, https:\/\/blog.espol.edu.ec\/caradrod\/files\/2015\/11\/puntapitt.jpg 1170w\" sizes=\"auto, (max-width: 610px) 100vw, 610px\" \/><\/a>\n\t\t\t<\/dt>\n\t\t\t\t<dd class='wp-caption-text gallery-caption' id='gallery-1-168'>\n\t\t\t\tPunta Pitt\n\t\t\t\t<\/dd><\/dl><br style=\"clear: both\" \/><dl class='gallery-item'>\n\t\t\t<dt class='gallery-icon landscape'>\n\t\t\t\t<a href='https:\/\/blog.espol.edu.ec\/caradrod\/pagina-ejemplo\/manglecito\/'><img loading=\"lazy\" decoding=\"async\" width=\"610\" height=\"407\" src=\"https:\/\/blog.espol.edu.ec\/caradrod\/files\/2015\/11\/manglecito-1024x683.jpg\" class=\"attachment-large size-large\" alt=\"\" aria-describedby=\"gallery-1-167\" srcset=\"https:\/\/blog.espol.edu.ec\/caradrod\/files\/2015\/11\/manglecito-1024x683.jpg 1024w, https:\/\/blog.espol.edu.ec\/caradrod\/files\/2015\/11\/manglecito-300x200.jpg 300w, https:\/\/blog.espol.edu.ec\/caradrod\/files\/2015\/11\/manglecito.jpg 1170w\" sizes=\"auto, (max-width: 610px) 100vw, 610px\" \/><\/a>\n\t\t\t<\/dt>\n\t\t\t\t<dd class='wp-caption-text gallery-caption' id='gallery-1-167'>\n\t\t\t\tManglecito\n\t\t\t\t<\/dd><\/dl><dl class='gallery-item'>\n\t\t\t<dt class='gallery-icon landscape'>\n\t\t\t\t<a href='https:\/\/blog.espol.edu.ec\/caradrod\/pagina-ejemplo\/loberia05\/'><img loading=\"lazy\" decoding=\"async\" width=\"610\" height=\"405\" src=\"https:\/\/blog.espol.edu.ec\/caradrod\/files\/2015\/11\/loberia05-1024x680.jpg\" class=\"attachment-large size-large\" alt=\"\" aria-describedby=\"gallery-1-166\" srcset=\"https:\/\/blog.espol.edu.ec\/caradrod\/files\/2015\/11\/loberia05.jpg 1024w, https:\/\/blog.espol.edu.ec\/caradrod\/files\/2015\/11\/loberia05-300x199.jpg 300w\" sizes=\"auto, (max-width: 610px) 100vw, 610px\" \/><\/a>\n\t\t\t<\/dt>\n\t\t\t\t<dd class='wp-caption-text gallery-caption' id='gallery-1-166'>\n\t\t\t\tLoberia\n\t\t\t\t<\/dd><\/dl><dl class='gallery-item'>\n\t\t\t<dt class='gallery-icon landscape'>\n\t\t\t\t<a href='https:\/\/blog.espol.edu.ec\/caradrod\/pagina-ejemplo\/leondormido02-5-1170-780-80-wm-right_bottom-100-logosmallpng\/'><img loading=\"lazy\" decoding=\"async\" width=\"610\" height=\"353\" src=\"https:\/\/blog.espol.edu.ec\/caradrod\/files\/2015\/11\/leondormido02-5-1170-780-80-wm-right_bottom-100-logosmallpng-1024x592.jpg\" class=\"attachment-large size-large\" alt=\"\" aria-describedby=\"gallery-1-164\" srcset=\"https:\/\/blog.espol.edu.ec\/caradrod\/files\/2015\/11\/leondormido02-5-1170-780-80-wm-right_bottom-100-logosmallpng-1024x592.jpg 1024w, https:\/\/blog.espol.edu.ec\/caradrod\/files\/2015\/11\/leondormido02-5-1170-780-80-wm-right_bottom-100-logosmallpng-300x173.jpg 300w, https:\/\/blog.espol.edu.ec\/caradrod\/files\/2015\/11\/leondormido02-5-1170-780-80-wm-right_bottom-100-logosmallpng.jpg 1164w\" sizes=\"auto, (max-width: 610px) 100vw, 610px\" \/><\/a>\n\t\t\t<\/dt>\n\t\t\t\t<dd class='wp-caption-text gallery-caption' id='gallery-1-164'>\n\t\t\t\tLeon Dormido\n\t\t\t\t<\/dd><\/dl><dl class='gallery-item'>\n\t\t\t<dt class='gallery-icon landscape'>\n\t\t\t\t<a href='https:\/\/blog.espol.edu.ec\/caradrod\/pagina-ejemplo\/leondormido011-4-1170-780-80-wm-right_bottom-100-logosmallpng\/'><img loading=\"lazy\" decoding=\"async\" width=\"610\" height=\"349\" src=\"https:\/\/blog.espol.edu.ec\/caradrod\/files\/2015\/11\/leondormido011-4-1170-780-80-wm-right_bottom-100-logosmallpng-1024x586.jpg\" class=\"attachment-large size-large\" alt=\"\" aria-describedby=\"gallery-1-165\" srcset=\"https:\/\/blog.espol.edu.ec\/caradrod\/files\/2015\/11\/leondormido011-4-1170-780-80-wm-right_bottom-100-logosmallpng-1024x586.jpg 1024w, https:\/\/blog.espol.edu.ec\/caradrod\/files\/2015\/11\/leondormido011-4-1170-780-80-wm-right_bottom-100-logosmallpng-300x172.jpg 300w, https:\/\/blog.espol.edu.ec\/caradrod\/files\/2015\/11\/leondormido011-4-1170-780-80-wm-right_bottom-100-logosmallpng.jpg 1170w\" sizes=\"auto, (max-width: 610px) 100vw, 610px\" \/><\/a>\n\t\t\t<\/dt>\n\t\t\t\t<dd class='wp-caption-text gallery-caption' id='gallery-1-165'>\n\t\t\t\tLeon Dormido\n\t\t\t\t<\/dd><\/dl><br style=\"clear: both\" \/><dl class='gallery-item'>\n\t\t\t<dt class='gallery-icon landscape'>\n\t\t\t\t<a href='https:\/\/blog.espol.edu.ec\/caradrod\/pagina-ejemplo\/dsc03829-46-1170-780-80-wm-right_bottom-100-logosmallpng\/'><img loading=\"lazy\" decoding=\"async\" width=\"610\" height=\"362\" src=\"https:\/\/blog.espol.edu.ec\/caradrod\/files\/2015\/11\/DSC03829-46-1170-780-80-wm-right_bottom-100-logosmallpng-1024x608.jpg\" class=\"attachment-large size-large\" alt=\"\" aria-describedby=\"gallery-1-162\" srcset=\"https:\/\/blog.espol.edu.ec\/caradrod\/files\/2015\/11\/DSC03829-46-1170-780-80-wm-right_bottom-100-logosmallpng-1024x608.jpg 1024w, https:\/\/blog.espol.edu.ec\/caradrod\/files\/2015\/11\/DSC03829-46-1170-780-80-wm-right_bottom-100-logosmallpng-300x178.jpg 300w, https:\/\/blog.espol.edu.ec\/caradrod\/files\/2015\/11\/DSC03829-46-1170-780-80-wm-right_bottom-100-logosmallpng.jpg 1040w\" sizes=\"auto, (max-width: 610px) 100vw, 610px\" \/><\/a>\n\t\t\t<\/dt>\n\t\t\t\t<dd class='wp-caption-text gallery-caption' id='gallery-1-162'>\n\t\t\t\tLangosta \n\t\t\t\t<\/dd><\/dl><dl class='gallery-item'>\n\t\t\t<dt class='gallery-icon landscape'>\n\t\t\t\t<a href='https:\/\/blog.espol.edu.ec\/caradrod\/pagina-ejemplo\/dsc01520\/'><img loading=\"lazy\" decoding=\"async\" width=\"610\" height=\"458\" src=\"https:\/\/blog.espol.edu.ec\/caradrod\/files\/2015\/11\/DSC01520-1024x768.jpg\" class=\"attachment-large size-large\" alt=\"\" aria-describedby=\"gallery-1-161\" srcset=\"https:\/\/blog.espol.edu.ec\/caradrod\/files\/2015\/11\/DSC01520-1024x768.jpg 1024w, https:\/\/blog.espol.edu.ec\/caradrod\/files\/2015\/11\/DSC01520-300x225.jpg 300w\" sizes=\"auto, (max-width: 610px) 100vw, 610px\" \/><\/a>\n\t\t\t<\/dt>\n\t\t\t\t<dd class='wp-caption-text gallery-caption' id='gallery-1-161'>\n\t\t\t\tOur Island\n\t\t\t\t<\/dd><\/dl><dl class='gallery-item'>\n\t\t\t<dt class='gallery-icon landscape'>\n\t\t\t\t<a href='https:\/\/blog.espol.edu.ec\/caradrod\/pagina-ejemplo\/islalobos\/'><img loading=\"lazy\" decoding=\"async\" width=\"610\" height=\"407\" src=\"https:\/\/blog.espol.edu.ec\/caradrod\/files\/2015\/11\/islalobos-1024x683.jpg\" class=\"attachment-large size-large\" alt=\"\" aria-describedby=\"gallery-1-160\" srcset=\"https:\/\/blog.espol.edu.ec\/caradrod\/files\/2015\/11\/islalobos-1024x683.jpg 1024w, https:\/\/blog.espol.edu.ec\/caradrod\/files\/2015\/11\/islalobos-300x200.jpg 300w, https:\/\/blog.espol.edu.ec\/caradrod\/files\/2015\/11\/islalobos.jpg 1170w\" sizes=\"auto, (max-width: 610px) 100vw, 610px\" \/><\/a>\n\t\t\t<\/dt>\n\t\t\t\t<dd class='wp-caption-text gallery-caption' id='gallery-1-160'>\n\t\t\t\tBabe Sea Lion\n\t\t\t\t<\/dd><\/dl><dl class='gallery-item'>\n\t\t\t<dt class='gallery-icon landscape'>\n\t\t\t\t<a href='https:\/\/blog.espol.edu.ec\/caradrod\/pagina-ejemplo\/06-36-1170-780-80-wm-right_bottom-100-logosmallpng\/'><img loading=\"lazy\" decoding=\"async\" width=\"610\" height=\"395\" src=\"https:\/\/blog.espol.edu.ec\/caradrod\/files\/2015\/11\/06-36-1170-780-80-wm-right_bottom-100-logosmallpng-1024x663.jpg\" class=\"attachment-large size-large\" alt=\"\" aria-describedby=\"gallery-1-159\" srcset=\"https:\/\/blog.espol.edu.ec\/caradrod\/files\/2015\/11\/06-36-1170-780-80-wm-right_bottom-100-logosmallpng-1024x663.jpg 1024w, https:\/\/blog.espol.edu.ec\/caradrod\/files\/2015\/11\/06-36-1170-780-80-wm-right_bottom-100-logosmallpng-300x194.jpg 300w, https:\/\/blog.espol.edu.ec\/caradrod\/files\/2015\/11\/06-36-1170-780-80-wm-right_bottom-100-logosmallpng.jpg 1040w\" sizes=\"auto, (max-width: 610px) 100vw, 610px\" \/><\/a>\n\t\t\t<\/dt>\n\t\t\t\t<dd class='wp-caption-text gallery-caption' id='gallery-1-159'>\n\t\t\t\tBuceo con tortuga\n\t\t\t\t<\/dd><\/dl><br style=\"clear: both\" \/>\n\t\t<\/div>\n\n<p>&nbsp;<\/p>\n","protected":false},"excerpt":{"rendered":"<p>SAN CRISTOBAL San Crist\u00f3bal es una encantadora isla conocida por la amabilidad de sus habitantes y la diversidad de atractivos tur\u00edsticos. Tiene una poblaci\u00f3n de 7.475 habitantes radicadas en Puerto Baquerizo Moreno y la parte alta de la isla que se dedican a actividades como el turismo, la pesca. el comercio, la agricultura y el [&hellip;]<\/p>\n","protected":false},"author":10025,"featured_media":0,"parent":0,"menu_order":0,"comment_status":"closed","ping_status":"open","template":"","meta":{"footnotes":""},"class_list":["post-2","page","type-page","status-publish","hentry"],"_links":{"self":[{"href":"https:\/\/blog.espol.edu.ec\/caradrod\/wp-json\/wp\/v2\/pages\/2","targetHints":{"allow":["GET"]}}],"collection":[{"href":"https:\/\/blog.espol.edu.ec\/caradrod\/wp-json\/wp\/v2\/pages"}],"about":[{"href":"https:\/\/blog.espol.edu.ec\/caradrod\/wp-json\/wp\/v2\/types\/page"}],"author":[{"embeddable":true,"href":"https:\/\/blog.espol.edu.ec\/caradrod\/wp-json\/wp\/v2\/users\/10025"}],"replies":[{"embeddable":true,"href":"https:\/\/blog.espol.edu.ec\/caradrod\/wp-json\/wp\/v2\/comments?post=2"}],"version-history":[{"count":24,"href":"https:\/\/blog.espol.edu.ec\/caradrod\/wp-json\/wp\/v2\/pages\/2\/revisions"}],"predecessor-version":[{"id":75,"href":"https:\/\/blog.espol.edu.ec\/caradrod\/wp-json\/wp\/v2\/pages\/2\/revisions\/75"}],"wp:attachment":[{"href":"https:\/\/blog.espol.edu.ec\/caradrod\/wp-json\/wp\/v2\/media?parent=2"}],"curies":[{"name":"wp","href":"https:\/\/api.w.org\/{rel}","templated":true}]}}