{"id":206,"date":"2009-08-26T00:10:01","date_gmt":"2009-08-26T04:10:01","guid":{"rendered":"http:\/\/blog.espol.edu.ec\/cari22\/?page_id=206"},"modified":"2009-09-15T08:32:43","modified_gmt":"2009-09-15T12:32:43","slug":"xatutiles-herramientas-para-tu-blog-o-web","status":"publish","type":"page","link":"https:\/\/blog.espol.edu.ec\/cari22\/xatutiles-herramientas-para-tu-blog-o-web\/","title":{"rendered":"Page Rank"},"content":{"rendered":"<h1>PageRank<\/h1>\n<p><strong>PageRank<\/strong> (PR) es un valor num\u00e9rico que representa la importancia que una p\u00e1gina web tiene en Internet. Google se hace la idea de que cuando una p\u00e1gina coloca un enlace (link) a otra, es de hecho un voto para esta \u00faltima.<\/p>\n<p>Cuantos m\u00e1s votos tenga una p\u00e1gina, ser\u00e1 considerada m\u00e1s importante por Google. Adem\u00e1s, la importancia de la p\u00e1gina que emite su voto tambi\u00e9n determina el peso de este voto. De esta manera, Google calcula la importancia de una p\u00e1gina gracias a todos los votos que reciba, teniendo en cuenta tambi\u00e9n la importancia de cada p\u00e1gina que emite el voto.<\/p>\n<p>PageRank (desarrollado por los fundadores Larry Page y Sergey Brin) es la manera que tiene Google de decidir la importancia de una p\u00e1gina. Es un dato valioso, porque es uno de los factores que determinan la posici\u00f3n que va a tener una p\u00e1gina dentro de los resultados de la b\u00fasqueda. <strong>No es el \u00fanico factor<\/strong> que Google utiliza para clasificar las p\u00e1ginas, pero s\u00ed es <strong>uno de los m\u00e1s importantes<\/strong>.<\/p>\n<p>Hay que tener en cuenta que no todos los links son tenidos en cuenta por Google. Por ejemplo, Google filtra y descarta los enlaces de p\u00e1ginas dedicadas exclusivamente a colocar links (llamadas 'link farms').<\/p>\n<p>Adem\u00e1s, Google admite que una p\u00e1gina no puede controlar los links que apuntan hacia ella, pero s\u00ed que puede controlar los enlaces que esta p\u00e1gina coloca hacia otras p\u00e1ginas. Por ello, links hacia una p\u00e1gina no pueden perjudicarla, pero s\u00ed que enlaces que una p\u00e1gina coloque hacia sitios penalizados, pueden ser perjudiciales para su PageRankTM.<\/p>\n<p>Si un sitio web tiene PR0, generalmente es una web penalizada, y podr\u00eda ser poco inteligente colocar un link hacia ella.<\/p>\n<p>Una manera de conocer el PageRankTM de una p\u00e1gina es decarg\u00e1ndose <a href=\"http:\/\/toolbar.google.com\/\">la barra de b\u00fasqueda de Google<\/a> (solamente disponible para MS IExplorer). Aparece una barra en la que se muestra en color verde el valor de PageRankTM en una escala de 0 a 10. Sitios web con PR10 son Yahoo!, Microsoft, Adobe, Macromedia, o la propia Google. Teneis una lista completa con los sitios con PR10.<\/p>\n<p>El algoritmo de 'PageRank' fue patentado en Estados Unidos el d\u00eda 8 de enero de 1998, por Larry Page. El t\u00edtulo original es 'Method for node ranking in a linked database', y le fue asignado el n\u00famero de patente 6,285,999<\/p>\n<h1>Palabras Clave<\/h1>\n<p>Son las palabras para las cuales quieres aparecer en la primera posici\u00f3n de los resultados de Google cuando se busca por ellas. <!-- google_ad_section_start(weight=ignore) -->Por ejemplo, \"coches usados\", \"abogados en caracas\" o \"sms gratis\".<!-- google_ad_section_end --><\/p>\n<p>Planea con antelaci\u00f3n cada p\u00e1gina web y destina 2 o 3 palabras claves (keywords) por p\u00e1gina. Es decir, no intentes que la misma p\u00e1gina web aparezca en las primeras posiciones de Google buscando por muchas palabras. Ser\u00e1 muy dif\u00edcil conseguirlo.<\/p>\n<h2>\u00bfQu\u00e9 palabras claves (keywords) utilizo?<\/h2>\n<p>Puede que tengas un sitio web dedicado al negocio de coches, pero no sepas qu\u00e9 palabras clave escoger.<\/p>\n<p>Una herramienta muy \u00fatil nos la proporciona Google en el <a href=\"https:\/\/adwords.google.es\/select\/KeywordSandbox\" target=\"_blank\">KeywordSandbox<\/a>. En realidad se trata de una ayuda para escoger palabras en el programa '<a href=\"http:\/\/google.dirson.com\/adwords.php\">AdWords<\/a>', pero nos puede ayudar mucho para escoger nuestras palabras claves.<\/p>\n<p>Por ejemplo, al introducir la palabra <!-- google_ad_section_start(weight=ignore) -->'coches', esta herramienta nos sugiere 'alquiler de coches', 'coches usados' o 'coches nuevos'<!-- google_ad_section_end -->, aparte de otras muchas m\u00e1s. A partir de esto, deber\u00edamos plantearnos una estrategia con las palabras clave (keywords).<\/p>\n<p>Otras herramientas que sugieren palabras clave:<\/p>\n<ul>\n<li><a href=\"http:\/\/es.espotting.com\/popups\/keywordgenbox.asp\">http:\/\/es.espotting.com\/popups\/keywordgenbox.asp<\/a><\/li>\n<li><a href=\"http:\/\/inventory.overture.com\/d\/searchinventory\/suggestion\/\">http:\/\/inventory.overture.com\/d\/searchinventory\/suggestion\/<\/a><\/li>\n<li><a href=\"http:\/\/www.7search.com\/scripts\/advertiser\/sample_get.asp\"> http:\/\/www.7search.com\/scripts\/advertiser\/sample_get.asp <\/a><\/li>\n<\/ul>\n<p>Tampoco conviene olvidar las p\u00e1ginas que hacen una clasificaci\u00f3n de las palabras m\u00e1s buscadas o m\u00e1s populares, como el Zeitgeist de Google. Te podr\u00e1n servir de ayuda para nuevas palabras claves.<\/p>\n<p>Otras p\u00e1ginas que muestran las palabras m\u00e1s buscadas:<\/p>\n<ul>\n<li><a href=\"http:\/\/sp.ask.com\/docs\/about\/jeevesiq.html\">http:\/\/sp.ask.com\/docs\/about\/jeevesiq.html<\/a><\/li>\n<li><a href=\"http:\/\/50.lycos.com\/\">http:\/\/50.lycos.com\/<\/a><\/li>\n<li><a href=\"http:\/\/buzz.yahoo.com\/\">http:\/\/buzz.yahoo.com\/<\/a><\/li>\n<\/ul>\n","protected":false},"excerpt":{"rendered":"<p>PageRank PageRank (PR) es un valor num\u00e9rico que representa la importancia que una p\u00e1gina web tiene en Internet. Google se hace la idea de que cuando una p\u00e1gina coloca un enlace (link) a otra, es de hecho un voto para esta \u00faltima. Cuantos m\u00e1s votos tenga una p\u00e1gina, ser\u00e1 considerada m\u00e1s importante por Google. Adem\u00e1s, [&hellip;]<\/p>\n","protected":false},"author":1934,"featured_media":0,"parent":0,"menu_order":0,"comment_status":"open","ping_status":"open","template":"","meta":{"footnotes":""},"class_list":["post-206","page","type-page","status-publish","hentry"],"_links":{"self":[{"href":"https:\/\/blog.espol.edu.ec\/cari22\/wp-json\/wp\/v2\/pages\/206","targetHints":{"allow":["GET"]}}],"collection":[{"href":"https:\/\/blog.espol.edu.ec\/cari22\/wp-json\/wp\/v2\/pages"}],"about":[{"href":"https:\/\/blog.espol.edu.ec\/cari22\/wp-json\/wp\/v2\/types\/page"}],"author":[{"embeddable":true,"href":"https:\/\/blog.espol.edu.ec\/cari22\/wp-json\/wp\/v2\/users\/1934"}],"replies":[{"embeddable":true,"href":"https:\/\/blog.espol.edu.ec\/cari22\/wp-json\/wp\/v2\/comments?post=206"}],"version-history":[{"count":8,"href":"https:\/\/blog.espol.edu.ec\/cari22\/wp-json\/wp\/v2\/pages\/206\/revisions"}],"predecessor-version":[{"id":232,"href":"https:\/\/blog.espol.edu.ec\/cari22\/wp-json\/wp\/v2\/pages\/206\/revisions\/232"}],"wp:attachment":[{"href":"https:\/\/blog.espol.edu.ec\/cari22\/wp-json\/wp\/v2\/media?parent=206"}],"curies":[{"name":"wp","href":"https:\/\/api.w.org\/{rel}","templated":true}]}}