{"id":75,"date":"2009-07-26T21:39:49","date_gmt":"2009-07-27T01:39:49","guid":{"rendered":"http:\/\/blog.espol.edu.ec\/cari22\/crea-tu-web\/"},"modified":"2009-08-10T20:26:40","modified_gmt":"2009-08-11T00:26:40","slug":"crea-tu-web","status":"publish","type":"page","link":"https:\/\/blog.espol.edu.ec\/cari22\/crea-tu-web\/","title":{"rendered":"Herramientas Utiles para tu Pagina Web"},"content":{"rendered":"<h1>Herramientas \u00datiles para Tu P\u00e1gina Web<\/h1>\n<p>En este apartado de Como Crear Tu Web encontrar\u00e1s algunas herramientas que pueden serte \u00fatiles a la hora de crear tu propia web.<\/p>\n<p>En primer lugar tenemos una secci\u00f3n donde daremos a conocer los distintos \"<a href=\"http:\/\/blog.espol.edu.ec\/cari22\/wp-admin\/programas-introducion.html\">Programas<\/a>\" que podemos usar para dise\u00f1ar la web, para crear banners o retocar im\u00e1genes, programas de FTP, navegadores para verificar nuestras p\u00e1ginas y todos aquellos que me parezcan \u00fatiles o que vosotros mismos nos aconsejeis usar.<\/p>\n<p>En la secci\u00f3n \"<a href=\"http:\/\/blog.espol.edu.ec\/cari22\/wp-admin\/imagenes-introducion.html\">Im\u00e1genes<\/a>\" dispones de un mont\u00f3n de im\u00e1genes para decorar y construir tu p\u00e1gina web. Botones de varios colores, buzones graciosos, fondos de p\u00e1gina, etc, etc.<\/p>\n<p>Si deseas una m\u00fasica de fondo o un sonido para los menus, en la secci\u00f3n \"<a href=\"http:\/\/blog.espol.edu.ec\/cari22\/wp-admin\/sonidos-introducion.html\">Sonidos<\/a>\" dispones de varios archivos de m\u00fasica y de sonidos para descargarte y usar libremente.<\/p>\n<p>En la secci\u00f3n \"<a href=\"http:\/\/blog.espol.edu.ec\/cari22\/wp-admin\/plantillas-introducion.html\">Plantillas<\/a>\" intentar\u00e9 colocaros algunos kits con distintos dise\u00f1os por si quer\u00e9is usarlos como plantillas para vuestra p\u00e1gina web.<\/p>\n<p>Tambi\u00e9n encontrar\u00e1s una secci\u00f3n de \"<a href=\"http:\/\/blog.espol.edu.ec\/cari22\/wp-admin\/enlaces-interesantes-introducion.html\">Enlaces Interesantes<\/a>\", lo mejor que he encontrado en la red sobre este mundillo del dise\u00f1o de p\u00e1ginas web.<\/p>\n<p>Y por \u00faltimo la \"<a href=\"http:\/\/blog.espol.edu.ec\/cari22\/wp-admin\/enciclopedia-introducion.html\">Enciclopedia Web<\/a>\", donde poco a poco ir\u00e9 explicando algunos conceptos b\u00e1sicos y algunas curiosidades relacionadas con nuestro tema.<\/p>\n<p>Espero que todo te sea util!<\/p>\n<p><!--[if !mso]&gt;--><\/p>\n","protected":false},"excerpt":{"rendered":"<p>Herramientas \u00datiles para Tu P\u00e1gina Web En este apartado de Como Crear Tu Web encontrar\u00e1s algunas herramientas que pueden serte \u00fatiles a la hora de crear tu propia web. En primer lugar tenemos una secci\u00f3n donde daremos a conocer los distintos \"Programas\" que podemos usar para dise\u00f1ar la web, para crear banners o retocar im\u00e1genes, [&hellip;]<\/p>\n","protected":false},"author":1934,"featured_media":0,"parent":0,"menu_order":0,"comment_status":"open","ping_status":"open","template":"","meta":{"footnotes":""},"class_list":["post-75","page","type-page","status-publish","hentry"],"_links":{"self":[{"href":"https:\/\/blog.espol.edu.ec\/cari22\/wp-json\/wp\/v2\/pages\/75","targetHints":{"allow":["GET"]}}],"collection":[{"href":"https:\/\/blog.espol.edu.ec\/cari22\/wp-json\/wp\/v2\/pages"}],"about":[{"href":"https:\/\/blog.espol.edu.ec\/cari22\/wp-json\/wp\/v2\/types\/page"}],"author":[{"embeddable":true,"href":"https:\/\/blog.espol.edu.ec\/cari22\/wp-json\/wp\/v2\/users\/1934"}],"replies":[{"embeddable":true,"href":"https:\/\/blog.espol.edu.ec\/cari22\/wp-json\/wp\/v2\/comments?post=75"}],"version-history":[{"count":4,"href":"https:\/\/blog.espol.edu.ec\/cari22\/wp-json\/wp\/v2\/pages\/75\/revisions"}],"predecessor-version":[{"id":76,"href":"https:\/\/blog.espol.edu.ec\/cari22\/wp-json\/wp\/v2\/pages\/75\/revisions\/76"}],"wp:attachment":[{"href":"https:\/\/blog.espol.edu.ec\/cari22\/wp-json\/wp\/v2\/media?parent=75"}],"curies":[{"name":"wp","href":"https:\/\/api.w.org\/{rel}","templated":true}]}}