{"id":23,"date":"2009-08-08T14:49:36","date_gmt":"2009-08-08T18:49:36","guid":{"rendered":"http:\/\/blog.espol.edu.ec\/carlospilozo\/?page_id=23"},"modified":"2009-08-08T14:51:58","modified_gmt":"2009-08-08T18:51:58","slug":"%c2%bfquien-soy","status":"publish","type":"page","link":"https:\/\/blog.espol.edu.ec\/carlospilozo\/%c2%bfquien-soy\/","title":{"rendered":"\u00bfQuien soy?"},"content":{"rendered":"<p class=\"MsoNormal\"><!--[if gte mso 9]&gt;  Normal 0   21   false false false  ES X-NONE X-NONE                           &lt;![endif]--><!--[if gte mso 9]&gt;                                                                                                                                            &lt;![endif]--> <span lang=\"ES-EC\">A\u00fan lo recuerdo, era un martes por la ma\u00f1ana cuando de repente se me acerc\u00f3 el profesor de literatura a preguntarme si ya estaba listo para declamar el poema que se me hab\u00eda encargado, entre mi pens\u00e9: \u00a1Rayos como puede haberlo olvidado!. Luego de pensarlo bien le dije al profesor que si estaba listo, el profesor se march\u00f3 muy tranquilo y yo quede muy preocupado, solo ten\u00eda 2 horas para aprenderme un poema y declamarlo en la hora del recreo frente a todo el colegio. Apenas sub\u00ed al curso dej\u00e9 la maleta y me dirig\u00ed a la biblioteca, ah\u00ed pas\u00e9 las 2 horas, llegada la hora del recreo solo me hab\u00eda aprendido 4 estrofas de las 10 que conten\u00eda el poema, por mi cabeza solo recorr\u00eda la misma frase: \u00bfY ahora qu\u00e9 hago?. Terminado el recreo, estaba a punto de acercarme al micr\u00f3fono para presentarme al p\u00fablico, cuando de repente el inspector anuncia que se suspend\u00edan las clases por reuni\u00f3n de profesores, al escuchar esto se formo una gran sonrisa en mi rostro y fue uno de los momentos m\u00e1s felices de mi vida.<\/span><\/p>\n<p class=\"MsoNormal\"><span lang=\"ES-EC\">Bueno, soy Carlos Alberto Pilozo Hablich, nac\u00ed en la ciudad de Santiago de Guayaquil el 24 de mayo de 1991, soy el segundo de tres hermanos, el mayor se llama Xavier y le menor Jose Luis. <span> <\/span>Mis estudios primarios y secundarios los realice en el Colegio San Jos\u00e9 La Salle, lugar en el cual tuve muchas experiencias, pero sobre todo gan\u00e9 muchos buenos amigos que estoy seguro no se los consigue f\u00e1cilmente. Tuve el privilegio de pertenecer a la selecci\u00f3n de tenis de mesa de mi colegio, representando a dicha instituci\u00f3n durante 4 a\u00f1os en los intercolegiales. Estuve estudiando durante 3 a\u00f1os en COPEI, academia de ingles de la cual me gradu\u00e9 hace ya casi 2 a\u00f1os, aparte de eso me gusta el italiano, espero as\u00ed mismo meterme a estudiar en alguna academia en el futuro.<\/span><\/p>\n<p class=\"MsoNormal\"><span lang=\"ES-EC\">Me gusta practicar deporte de todo tipo, creo que esto se debe a que desde muy peque\u00f1o siempre fui un ni\u00f1o muy hiperactivo y me gustaba siempre andar jugando. Con respecto a la m\u00fasica como se dar\u00e1n cuenta por mi blog mi g\u00e9nero favorito es el rock, de los 60s y 70s ese bueno y variado rock cl\u00e1sico, pero sin embargo escucho todo tipo de m\u00fasica.<\/span><\/p>\n<p class=\"MsoNormal\"><span lang=\"ES-EC\">Y bueno pues ahora me he puesto un nuevo reto el cual es graduarme de la carrera Ingenier\u00eda en Auditor\u00eda y Contadur\u00eda P\u00fablica en la Escuela Superior Polit\u00e9cnica del Litoral, espero seguir adelante y nunca rendirme tal y como me han inculcado mis padres a lo largo de mi vida.<\/span><\/p>\n<p class=\"MsoNormal\"><span lang=\"ES-EC\">Si quieren saber algo m\u00e1s de mi, Hmm aver\u00edg\u00fcenlo..!! <span> <\/span>jeje <\/span><\/p>\n","protected":false},"excerpt":{"rendered":"<p>A\u00fan lo recuerdo, era un martes por la ma\u00f1ana cuando de repente se me acerc\u00f3 el profesor de literatura a preguntarme si ya estaba listo para declamar el poema que se me hab\u00eda encargado, entre mi pens\u00e9: \u00a1Rayos como puede haberlo olvidado!. Luego de pensarlo bien le dije al profesor que si estaba listo, el [&hellip;]<\/p>\n","protected":false},"author":1849,"featured_media":0,"parent":0,"menu_order":0,"comment_status":"open","ping_status":"open","template":"","meta":{"footnotes":""},"class_list":["post-23","page","type-page","status-publish","hentry"],"_links":{"self":[{"href":"https:\/\/blog.espol.edu.ec\/carlospilozo\/wp-json\/wp\/v2\/pages\/23","targetHints":{"allow":["GET"]}}],"collection":[{"href":"https:\/\/blog.espol.edu.ec\/carlospilozo\/wp-json\/wp\/v2\/pages"}],"about":[{"href":"https:\/\/blog.espol.edu.ec\/carlospilozo\/wp-json\/wp\/v2\/types\/page"}],"author":[{"embeddable":true,"href":"https:\/\/blog.espol.edu.ec\/carlospilozo\/wp-json\/wp\/v2\/users\/1849"}],"replies":[{"embeddable":true,"href":"https:\/\/blog.espol.edu.ec\/carlospilozo\/wp-json\/wp\/v2\/comments?post=23"}],"version-history":[{"count":5,"href":"https:\/\/blog.espol.edu.ec\/carlospilozo\/wp-json\/wp\/v2\/pages\/23\/revisions"}],"predecessor-version":[{"id":28,"href":"https:\/\/blog.espol.edu.ec\/carlospilozo\/wp-json\/wp\/v2\/pages\/23\/revisions\/28"}],"wp:attachment":[{"href":"https:\/\/blog.espol.edu.ec\/carlospilozo\/wp-json\/wp\/v2\/media?parent=23"}],"curies":[{"name":"wp","href":"https:\/\/api.w.org\/{rel}","templated":true}]}}

<p class="MsoNormal"><!--[if gte mso 9]&gt;  Normal 0   21   false false false  ES X-NONE X-NONE                           &lt;![endif]--><!--[if gte mso 9]&gt;                                                                                                                                            &lt;![endif]--> <span lang="ES-EC">Aún lo recuerdo, era un martes por la mañana cuando de repente se me acercó el profesor de literatura a preguntarme si ya estaba listo para declamar el poema que se me había encargado, entre mi pensé: ¡Rayos como puede haberlo olvidado!. Luego de pensarlo bien le dije al profesor que si estaba listo, el profesor se marchó muy tranquilo y yo quede muy preocupado, solo tenía 2 horas para aprenderme un poema y declamarlo en la hora del recreo frente a todo el colegio. Apenas subí al curso dejé la maleta y me dirigí a la biblioteca, ahí pasé las 2 horas, llegada la hora del recreo solo me había aprendido 4 estrofas de las 10 que contenía el poema, por mi cabeza solo recorría la misma frase: ¿Y ahora qué hago?. Terminado el recreo, estaba a punto de acercarme al micrófono para presentarme al público, cuando de repente el inspector anuncia que se suspendían las clases por reunión de profesores, al escuchar esto se formo una gran sonrisa en mi rostro y fue uno de los momentos más felices de mi vida.</span></p>
<p class="MsoNormal"><span lang="ES-EC">Bueno, soy Carlos Alberto Pilozo Hablich, nací en la ciudad de Santiago de Guayaquil el 24 de mayo de 1991, soy el segundo de tres hermanos, el mayor se llama Xavier y le menor Jose Luis. <span> </span>Mis estudios primarios y secundarios los realice en el Colegio San José La Salle, lugar en el cual tuve muchas experiencias, pero sobre todo gané muchos buenos amigos que estoy seguro no se los consigue fácilmente. Tuve el privilegio de pertenecer a la selección de tenis de mesa de mi colegio, representando a dicha institución durante 4 años en los intercolegiales. Estuve estudiando durante 3 años en COPEI, academia de ingles de la cual me gradué hace ya casi 2 años, aparte de eso me gusta el italiano, espero así mismo meterme a estudiar en alguna academia en el futuro.</span></p>
<p class="MsoNormal"><span lang="ES-EC">Me gusta practicar deporte de todo tipo, creo que esto se debe a que desde muy pequeño siempre fui un niño muy hiperactivo y me gustaba siempre andar jugando. Con respecto a la música como se darán cuenta por mi blog mi género favorito es el rock, de los 60s y 70s ese bueno y variado rock clásico, pero sin embargo escucho todo tipo de música.</span></p>
<p class="MsoNormal"><span lang="ES-EC">Y bueno pues ahora me he puesto un nuevo reto el cual es graduarme de la carrera Ingeniería en Auditoría y Contaduría Pública en la Escuela Superior Politécnica del Litoral, espero seguir adelante y nunca rendirme tal y como me han inculcado mis padres a lo largo de mi vida.</span></p>
<p class="MsoNormal"><span lang="ES-EC">Si quieren saber algo más de mi, Hmm averígüenlo..!! <span> </span>jeje </span></p>

<p>Aún lo recuerdo, era un martes por la mañana cuando de repente se me acercó el profesor de literatura a preguntarme si ya estaba listo para declamar el poema que se me había encargado, entre mi pensé: ¡Rayos como puede haberlo olvidado!. Luego de pensarlo bien le dije al profesor que si estaba listo, el [&hellip;]</p>
