{"id":2,"date":"2011-06-12T16:28:22","date_gmt":"2011-06-12T16:28:22","guid":{"rendered":""},"modified":"2011-07-04T02:30:52","modified_gmt":"2011-07-04T02:30:52","slug":"about","status":"publish","type":"page","link":"https:\/\/blog.espol.edu.ec\/carsriva\/about\/","title":{"rendered":"\u00bf...?"},"content":{"rendered":"<p>Recuerdo haber leido . claramente, como los Psicologos de los a\u00f1os, en que sali\u00f2 a la luz la Psicoanalisis de, Sigmund Freud , decian que todo en el mundo , tiene 2 respuestas, un Si o un No , o las ya conocidas , o es Blanco o es Negro , pero no puede haber otras Matices; Me pregunto? hoy , donde quedaron esos t\u00f2picos? , un mundo de hoy , donde parece que nada esta definido a un precepto estandarizado , si no que se deja llevar por las corrientes , por asi decirlas de \"Moda\" , un mundo , donde la conciencia personal y global , no existe...!<br \/>\nMe pregunto si las nuevas generaciones habr\u00e0n incluido a su blanco o negro? otros colores , quiz\u00e0s el rosa...por lo menos a mi parecer , todo debe tener un equilibrio , de hay el d\u00e8cir , que todo debe ser blanco o negro? o bueno o malo? , pero no debe haber un medio bueno o un medio malo ,el propio equilibrio de las cosas\u00a0 , crean o permiten la estabilidad de la vida\u00a0 , la vida cotidiana de un individuo , de una comunidad , pero cuando se producen los desequilibrios , todo lo que se haya creado , se pierde y se cae...!<br \/>\nMe pregunto nuevamente , en nuestra sociedad , ese equilibrio , algun momento existi\u00f2? y si lo hubo , cuando se desmoron\u00f2 , por lo que soy yo , puedo recurrir a las historias de mis abuelos , donde reltaban una sociedad mas justa , con menores indices delincuenciales (por decirlos nulos) , mayor respeto hacia los mayores , mayor religiosidad ,\u00a0 mayor amor a la vida!<br \/>\nen una sociedad donde la vida libre , se confundi\u00f2 con libertinaje , como jovenes estamos conscientes a viivr entre un blanco , negro u otro ? bueno lo que creo , que es lo mejor es vivir apregado a este color , por decirlo mas claro! como el blanco! simbolizado como el de la verdad y buenas costumbres\u00a0 , quizas asi salvemos nuestra sociedad!<\/p>\n<p><a href=\"http:\/\/blog.espol.edu.ec\/carsriva\/files\/2011\/06\/P1000766.jpg\"><img loading=\"lazy\" decoding=\"async\" src=\"http:\/\/blog.espol.edu.ec\/carsriva\/files\/2011\/06\/P1000766-300x225.jpg\" alt=\"\" title=\"P1000766\" width=\"300\" height=\"225\" class=\"aligncenter size-medium wp-image-4\" srcset=\"https:\/\/blog.espol.edu.ec\/carsriva\/files\/2011\/06\/P1000766-300x225.jpg 300w, https:\/\/blog.espol.edu.ec\/carsriva\/files\/2011\/06\/P1000766.jpg 640w\" sizes=\"auto, (max-width: 300px) 100vw, 300px\" \/><\/a><\/p>\n","protected":false},"excerpt":{"rendered":"<p>Recuerdo haber leido . claramente, como los Psicologos de los a\u00f1os, en que sali\u00f2 a la luz la Psicoanalisis de, Sigmund Freud , decian que todo en el mundo , tiene 2 respuestas, un Si o un No , o las ya conocidas , o es Blanco o es Negro , pero no puede haber [&hellip;]<\/p>\n","protected":false},"author":6400,"featured_media":0,"parent":0,"menu_order":0,"comment_status":"open","ping_status":"open","template":"","meta":{"footnotes":""},"class_list":["post-2","page","type-page","status-publish","hentry"],"_links":{"self":[{"href":"https:\/\/blog.espol.edu.ec\/carsriva\/wp-json\/wp\/v2\/pages\/2","targetHints":{"allow":["GET"]}}],"collection":[{"href":"https:\/\/blog.espol.edu.ec\/carsriva\/wp-json\/wp\/v2\/pages"}],"about":[{"href":"https:\/\/blog.espol.edu.ec\/carsriva\/wp-json\/wp\/v2\/types\/page"}],"author":[{"embeddable":true,"href":"https:\/\/blog.espol.edu.ec\/carsriva\/wp-json\/wp\/v2\/users\/6400"}],"replies":[{"embeddable":true,"href":"https:\/\/blog.espol.edu.ec\/carsriva\/wp-json\/wp\/v2\/comments?post=2"}],"version-history":[{"count":2,"href":"https:\/\/blog.espol.edu.ec\/carsriva\/wp-json\/wp\/v2\/pages\/2\/revisions"}],"predecessor-version":[{"id":149,"href":"https:\/\/blog.espol.edu.ec\/carsriva\/wp-json\/wp\/v2\/pages\/2\/revisions\/149"}],"wp:attachment":[{"href":"https:\/\/blog.espol.edu.ec\/carsriva\/wp-json\/wp\/v2\/media?parent=2"}],"curies":[{"name":"wp","href":"https:\/\/api.w.org\/{rel}","templated":true}]}}

<p>Recuerdo haber leido . claramente, como los Psicologos de los años, en que saliò a la luz la Psicoanalisis de, Sigmund Freud , decian que todo en el mundo , tiene 2 respuestas, un Si o un No , o las ya conocidas , o es Blanco o es Negro , pero no puede haber otras Matices; Me pregunto? hoy , donde quedaron esos tòpicos? , un mundo de hoy , donde parece que nada esta definido a un precepto estandarizado , si no que se deja llevar por las corrientes , por asi decirlas de "Moda" , un mundo , donde la conciencia personal y global , no existe...!<br />
Me pregunto si las nuevas generaciones habràn incluido a su blanco o negro? otros colores , quizàs el rosa...por lo menos a mi parecer , todo debe tener un equilibrio , de hay el dècir , que todo debe ser blanco o negro? o bueno o malo? , pero no debe haber un medio bueno o un medio malo ,el propio equilibrio de las cosas  , crean o permiten la estabilidad de la vida  , la vida cotidiana de un individuo , de una comunidad , pero cuando se producen los desequilibrios , todo lo que se haya creado , se pierde y se cae...!<br />
Me pregunto nuevamente , en nuestra sociedad , ese equilibrio , algun momento existiò? y si lo hubo , cuando se desmoronò , por lo que soy yo , puedo recurrir a las historias de mis abuelos , donde reltaban una sociedad mas justa , con menores indices delincuenciales (por decirlos nulos) , mayor respeto hacia los mayores , mayor religiosidad ,  mayor amor a la vida!<br />
en una sociedad donde la vida libre , se confundiò con libertinaje , como jovenes estamos conscientes a viivr entre un blanco , negro u otro ? bueno lo que creo , que es lo mejor es vivir apregado a este color , por decirlo mas claro! como el blanco! simbolizado como el de la verdad y buenas costumbres  , quizas asi salvemos nuestra sociedad!</p>
<p><a href="http://blog.espol.edu.ec/carsriva/files/2011/06/P1000766.jpg"><img loading="lazy" decoding="async" src="http://blog.espol.edu.ec/carsriva/files/2011/06/P1000766-300x225.jpg" alt="" title="P1000766" width="300" height="225" class="aligncenter size-medium wp-image-4" srcset="https://blog.espol.edu.ec/carsriva/files/2011/06/P1000766-300x225.jpg 300w, https://blog.espol.edu.ec/carsriva/files/2011/06/P1000766.jpg 640w" sizes="auto, (max-width: 300px) 100vw, 300px" /></a></p>

<p>Recuerdo haber leido . claramente, como los Psicologos de los años, en que saliò a la luz la Psicoanalisis de, Sigmund Freud , decian que todo en el mundo , tiene 2 respuestas, un Si o un No , o las ya conocidas , o es Blanco o es Negro , pero no puede haber [&hellip;]</p>
