{"id":61,"date":"2011-06-08T15:39:49","date_gmt":"2011-06-08T15:39:49","guid":{"rendered":"http:\/\/blog.espol.edu.ec\/cbasante\/?page_id=61"},"modified":"2011-06-08T15:39:49","modified_gmt":"2011-06-08T15:39:49","slug":"proyectos-discos-y-giras","status":"publish","type":"page","link":"https:\/\/blog.espol.edu.ec\/cbasante\/proyectos-discos-y-giras\/","title":{"rendered":"Proyectos: Discos y Giras"},"content":{"rendered":"<h3><a href=\"http:\/\/es.wikipedia.org\/wiki\/Archivo:Flickr_-_moses_namkung_-_Paramore-12.jpg\"><img loading=\"lazy\" decoding=\"async\" class=\"alignleft\" src=\"http:\/\/upload.wikimedia.org\/wikipedia\/commons\/thumb\/5\/53\/Flickr_-_moses_namkung_-_Paramore-12.jpg\/300px-Flickr_-_moses_namkung_-_Paramore-12.jpg\" alt=\"\" width=\"300\" height=\"200\" \/><\/a><strong>Paramore comenz\u00f3 a grabar su segundo \u00e1lbum, <em><a title=\"Riot!\" href=\"http:\/\/es.wikipedia.org\/wiki\/Riot%21\">Riot!<\/a><\/em> en enero de 2007.<\/strong><\/h3>\n<h3>Fue lanzado al mercado el 12 de junio de 2007, debutando en el n\u00famero 20 del <a title=\"Billboard 200\" href=\"http:\/\/es.wikipedia.org\/wiki\/Billboard_200\">Billboard 200<\/a> y en el n\u00famero 24 de las listas brit\u00e1nicas, vendiendo 44,000 copias en su primera semana en los Estados Unidos. El nombre <em>Riot!<\/em> fue escogido porque significa \"un arrebato de emoci\u00f3n incontrolada\".El primer sencillo, lanzado el  27 de junio fue \"<a title=\"Misery Business\" href=\"http:\/\/es.wikipedia.org\/wiki\/Misery_Business\">Misery Business<\/a>\", el cual seg\u00fan Hayley \"es la canci\u00f3n m\u00e1s honesta que he escrito\".<\/h3>\n<p>El segundo sencillo de <em>Riot!<\/em>, \"<a title=\"Hallelujah (canci\u00f3n de Paramore)\" href=\"http:\/\/es.wikipedia.org\/wiki\/Hallelujah_%28canci%C3%B3n_de_Paramore%29\">Hallelujah<\/a>\", fue lanzado el <a title=\"30 de julio\" href=\"http:\/\/es.wikipedia.org\/wiki\/30_de_julio\">30 de julio<\/a> de 2007 exclusivamente para el Reino Unido. El v\u00eddeo, al igual que \"All  We Know\", cuenta con escenas tras bambalinas y actuaciones en directo.  En agosto de 2007 la banda comenz\u00f3 a aparecer en varios anuncios  televisivos de <a title=\"MTV\" href=\"http:\/\/es.wikipedia.org\/wiki\/MTV\">MTV<\/a>, realizando versiones ac\u00fasticas de sus canciones y llegando a ser \"MTV Artista de la semana\".<\/p>\n<p>El 11 de octubre de 2007 estrenaron en televisi\u00f3n estadounidense el v\u00eddeo del nuevo sencillo \"<a title=\"Crushcrushcrush\" href=\"http:\/\/es.wikipedia.org\/wiki\/Crushcrushcrush\">Crushcrushcrush<\/a>\". El sencillo fue lanzado oficialmente en EstadosUnidos el 19 de noviembre y en el Reino Unido el 12 de noviembre.<\/p>\n<div>\n<div><sup><a href=\"http:\/\/es.wikipedia.org\/wiki\/Paramore#cite_note-19\"><br \/>\n<\/a><\/sup><\/p>\n<div><\/div>\n<p>MTV.com informo que los fans de  Paramore especulaban sobre el futuro de la banda, e inform\u00f3 que los  rumores de los problemas hab\u00edan comenzado a principios de mes cuando  Josh Farro expres\u00f3 su molestia contra los medios de comunicaci\u00f3n ya que  se centraban en Williams.<sup><a href=\"http:\/\/es.wikipedia.org\/wiki\/Paramore#cite_note-22\">[23]<\/a><\/sup> Sin embargo la banda se reuni\u00f3 en su ciudad natal para grabar el v\u00eddeo del cuarto sencillo \"<a title=\"That's What You Get\" href=\"http:\/\/es.wikipedia.org\/wiki\/That%27s_What_You_Get\">That's What You Get<\/a>\", que fue lanzado el 24de marzo de 2008.<a href=\"http:\/\/blog.espol.edu.ec\/cbasante\/files\/2011\/06\/paramore.jpg\"><img loading=\"lazy\" decoding=\"async\" class=\"alignright size-full wp-image-62\" title=\"paramore\" src=\"http:\/\/blog.espol.edu.ec\/cbasante\/files\/2011\/06\/paramore.jpg\" alt=\"\" width=\"550\" height=\"366\" srcset=\"https:\/\/blog.espol.edu.ec\/cbasante\/files\/2011\/06\/paramore.jpg 550w, https:\/\/blog.espol.edu.ec\/cbasante\/files\/2011\/06\/paramore-300x199.jpg 300w\" sizes=\"auto, (max-width: 550px) 100vw, 550px\" \/><\/a><\/div>\n<\/div>\n<p>Durante 2008 grabaron la canci\u00f3n \"<a title=\"Decode\" href=\"http:\/\/es.wikipedia.org\/wiki\/Decode\">Decode<\/a>\" para el soundtrack de la pel\u00edcula <em><a title=\"Crep\u00fasculo (pel\u00edcula de 2008)\" href=\"http:\/\/es.wikipedia.org\/wiki\/Crep%C3%BAsculo_%28pel%C3%ADcula_de_2008%29\">Twilight<\/a><\/em>. Otro de los temas grabados para el sountrack es \"I Caught Myself\", \"Decode\" fue estrenado el <a title=\"1 de octubre\" href=\"http:\/\/es.wikipedia.org\/wiki\/1_de_octubre\">1 de octubre<\/a> de 2008, mientras que el v\u00eddeo fue grabado el <a title=\"13 de octubre\" href=\"http:\/\/es.wikipedia.org\/wiki\/13_de_octubre\">13 de octubre<\/a> estrenado en vivo en la ciudad de Monterrey el <a title=\"17 de octubre\" href=\"http:\/\/es.wikipedia.org\/wiki\/17_de_octubre\">17 de octubre<\/a> y lanzado el <a title=\"3 de noviembre\" href=\"http:\/\/es.wikipedia.org\/wiki\/3_de_noviembre\">3 de noviembre<\/a>, y el soundtrack de la pel\u00edcula fue lanzado el <a title=\"4 de noviembre\" href=\"http:\/\/es.wikipedia.org\/wiki\/4_de_noviembre\">4 de noviembre<\/a>.<\/p>\n<p>El <a title=\"25 de noviembre\" href=\"http:\/\/es.wikipedia.org\/wiki\/25_de_noviembre\">25 de noviembre<\/a> la banda lanz\u00f3 un \u00e1lbum en vivo, titulado <em><a title=\"The Final Riot!\" href=\"http:\/\/es.wikipedia.org\/wiki\/The_Final_Riot%21\">The Final Riot!<\/a><\/em>, el c\u00faal incluye un DVD con un concierto grabado en <a title=\"Chicago\" href=\"http:\/\/es.wikipedia.org\/wiki\/Chicago\">Chicago<\/a> y escenas detr\u00e1s de c\u00e1mara. El <a title=\"9 de abril\" href=\"http:\/\/es.wikipedia.org\/wiki\/9_de_abril\">9 de abril<\/a> de 2009 <em>The Final Riot!<\/em> fue certificado con el Disco de Oro en los Estados Unidos tras vender m\u00e1s de 500,000 copias.<\/p>\n<h3><a title=\"2009\" href=\"http:\/\/es.wikipedia.org\/wiki\/2009\">2009<\/a>-<a title=\"2010\" href=\"http:\/\/es.wikipedia.org\/wiki\/2010\">2010<\/a>: <a title=\"Brand New Eyes\" href=\"http:\/\/es.wikipedia.org\/wiki\/Brand_New_Eyes\">Brand N<\/a><a title=\"Brand New Eyes\" href=\"http:\/\/es.wikipedia.org\/wiki\/Brand_New_Eyes\">ew Eyes<\/a><\/h3>\n<p>Paramore escribi\u00f3 y complet\u00f3 su m\u00e1s reciente <a title=\"Disco (\u00e1lbum)\" href=\"http:\/\/es.wikipedia.org\/wiki\/Disco_%28%C3%A1lbum%29\">disco<\/a> <a title=\"Brand New Eyes\" href=\"http:\/\/es.wikipedia.org\/wiki\/Brand_New_Eyes\">Brand New Eyes<\/a> a principios de <a title=\"2009\" href=\"http:\/\/es.wikipedia.org\/wiki\/2009\">2009<\/a> y fue lanzado a la venta el <a title=\"29 de septiembre\" href=\"http:\/\/es.wikipedia.org\/wiki\/29_de_septiembre\">29 de septiembre<\/a> de ese mismo a\u00f1o. El primer <a title=\"Sencillo\" href=\"http:\/\/es.wikipedia.org\/wiki\/Sencillo\">sencillo<\/a> del \u00e1lbum fue <a title=\"Ignorance\" href=\"http:\/\/es.wikipedia.org\/wiki\/Ignorance\">Ignorance<\/a> y fue lanzado el <a title=\"7 de julio\" href=\"http:\/\/es.wikipedia.org\/wiki\/7_de_julio\">7 de julio<\/a> de <a title=\"2009\" href=\"http:\/\/es.wikipedia.org\/wiki\/2009\">2009<\/a>. El <a title=\"V\u00eddeo musical\" href=\"http:\/\/es.wikipedia.org\/wiki\/V%C3%ADdeo_musical\">v\u00eddeo musical <\/a><a title=\"Ignorance\" href=\"http:\/\/es.wikipedia.org\/wiki\/Ignorance\">Ignorance<\/a> sali\u00f3 al aire en todos los canales de <a title=\"MTV\" href=\"http:\/\/es.wikipedia.org\/wiki\/MTV\">MTV<\/a>, redes y sitios web el <a title=\"13 de agosto\" href=\"http:\/\/es.wikipedia.org\/wiki\/13_de_agosto\">13 de agosto<\/a> de <a title=\"2009\" href=\"http:\/\/es.wikipedia.org\/wiki\/2009\">2009<\/a>.<sup><a href=\"http:\/\/es.wikipedia.org\/wiki\/Paramore#cite_note-27\">[28]<\/a><\/sup> oficial deParamore cont\u00f3 con los grupos <a title=\"Paper Route\" href=\"http:\/\/es.wikipedia.org\/wiki\/Paper_Route\">Paper Route<\/a> y <a title=\"The Swellers\" href=\"http:\/\/es.wikipedia.org\/wiki\/The_Swellers\">The Swell<\/a><a title=\"The Swellers\" href=\"http:\/\/es.wikipedia.org\/wiki\/The_Swellers\">ers<\/a> como bandas de apoyo durante el Brand New Eyes Tour en el oto\u00f1o de <a title=\"2009\" href=\"http:\/\/es.wikipedia.org\/wiki\/2009\">2009<\/a>. Algunas fechas fueron pospuestas debido a <a title=\"Hayley Williams\" href=\"http:\/\/es.wikipedia.org\/wiki\/Hayley_Williams\">Hayley Williams<\/a> enferm\u00f3 de <a title=\"Laringitis\" href=\"http:\/\/es.wikipedia.org\/wiki\/Laringitis\">laringitis<\/a>.<sup><a href=\"http:\/\/es.wikipedia.org\/wiki\/Paramore#cite_note-28\">[29]<\/a><\/sup><\/p>\n<p>Las canciones <a title=\"Brick By Boring Brick\" href=\"http:\/\/es.wikipedia.org\/wiki\/Brick_By_Boring_Brick\">Brick By Boring Brick<\/a>, <a title=\"The Only Exception\" href=\"http:\/\/es.wikipedia.org\/wiki\/The_Only_Exception\">The Only Exception<\/a>, <a title=\"Careful\" href=\"http:\/\/es.wikipedia.org\/wiki\/Careful\">Careful<\/a> y <a title=\"Playing God\" href=\"http:\/\/es.wikipedia.org\/wiki\/Playing_God\">Playing God<\/a> fueron los siguientes singles del <a title=\"\u00c1lbum\" href=\"http:\/\/es.wikipedia.org\/wiki\/%C3%81lbum\">\u00e1lbum<\/a>, y para promocionar el mismo, la banda grab\u00f3 una actuaci\u00f3n para <a title=\"MTV Unplugged\" href=\"http:\/\/es.wikipedia.org\/wiki\/MTV_Unplugged\">MTV Unplugged.<\/a><sup><a href=\"http:\/\/es.wikipedia.org\/wiki\/Paramore#cite_note-33\"><\/a><\/sup><\/p>\n<p>Poco antes de la gira, el <a title=\"Guitarrista\" href=\"http:\/\/es.wikipedia.org\/wiki\/Guitarrista\">guitarrista<\/a> <a title=\"Josh Farro\" href=\"http:\/\/es.wikipedia.org\/wiki\/Josh_Farro\">Josh Farro<\/a> anunci\u00f3 a trav\u00e9s de <a title=\"LiveJournal\" href=\"http:\/\/es.wikipedia.org\/wiki\/LiveJournal\">LiveJournal<\/a> que no participar\u00eda de la gira por el <a title=\"Pac\u00edfico\" href=\"http:\/\/es.wikipedia.org\/wiki\/Pac%C3%ADfico\">Pac\u00edfico<\/a> para planear su boda. <a title=\"Justin York\" href=\"http:\/\/es.wikipedia.org\/wiki\/Justin_York\">Justin York<\/a>, hermano de Taylor York, lo reemplaz\u00f3 temporalmente.La banda, con Farro volvi\u00f3, se embarc\u00f3 en una gira de primavera por los <a title=\"Estados Unidos\" href=\"http:\/\/es.wikipedia.org\/wiki\/Estados_Unidos\">Estados Unidos<\/a> a finales de abril.<sup><a href=\"http:\/\/es.wikipedia.org\/wiki\/Paramore#cite_note-37\">[38]<\/a><\/sup> Paramore fue la banda de apoyo de <a title=\"Green Day\" href=\"http:\/\/es.wikipedia.org\/wiki\/Green_Day\">Green Day<\/a> en las fechas seleccionadas de sus tour en <a title=\"Dubl\u00edn\" href=\"http:\/\/es.wikipedia.org\/wiki\/Dubl%C3%ADn\">Dubl\u00edn<\/a> y <a title=\"Par\u00eds\" href=\"http:\/\/es.wikipedia.org\/wiki\/Par%C3%ADs\">Par\u00eds<\/a>.<sup><a href=\"http:\/\/es.wikipedia.org\/wiki\/Paramore#cite_note-38\">[39]<\/a><\/sup><\/p>\n<p>Durante una entrevista con <a title=\"MTV\" href=\"http:\/\/es.wikipedia.org\/wiki\/MTV\">MTV<\/a> en el Z100 Jingle Ball, el <a title=\"11 de diciembre\" href=\"http:\/\/es.wikipedia.org\/wiki\/11_de_diciembre\">11 de diciembre<\/a> de <a title=\"2010\" href=\"http:\/\/es.wikipedia.org\/wiki\/2010\">2010<\/a>, Hayley y Taylor anunci\u00f3 que la banda se toma un descanso despu\u00e9s de su gira por <a title=\"Am\u00e9rica del Sur\" href=\"http:\/\/es.wikipedia.org\/wiki\/Am%C3%A9rica_del_Sur\">Am\u00e9rica del Sur<\/a> en <a title=\"2011\" href=\"http:\/\/es.wikipedia.org\/wiki\/2011\">2011<\/a> para luego escribir para su pr\u00f3ximo <a title=\"\u00c1lbum de estudio\" href=\"http:\/\/es.wikipedia.org\/wiki\/%C3%81lbum_de_estudio\">\u00e1lbum de estudio<\/a>.<\/p>\n","protected":false},"excerpt":{"rendered":"<p>Paramore comenz\u00f3 a grabar su segundo \u00e1lbum, Riot! en enero de 2007. Fue lanzado al mercado el 12 de junio de 2007, debutando en el n\u00famero 20 del Billboard 200 y en el n\u00famero 24 de las listas brit\u00e1nicas, vendiendo 44,000 copias en su primera semana en los Estados Unidos. El nombre Riot! fue escogido [&hellip;]<\/p>\n","protected":false},"author":5842,"featured_media":0,"parent":0,"menu_order":0,"comment_status":"open","ping_status":"open","template":"","meta":{"footnotes":""},"class_list":["post-61","page","type-page","status-publish","hentry"],"_links":{"self":[{"href":"https:\/\/blog.espol.edu.ec\/cbasante\/wp-json\/wp\/v2\/pages\/61","targetHints":{"allow":["GET"]}}],"collection":[{"href":"https:\/\/blog.espol.edu.ec\/cbasante\/wp-json\/wp\/v2\/pages"}],"about":[{"href":"https:\/\/blog.espol.edu.ec\/cbasante\/wp-json\/wp\/v2\/types\/page"}],"author":[{"embeddable":true,"href":"https:\/\/blog.espol.edu.ec\/cbasante\/wp-json\/wp\/v2\/users\/5842"}],"replies":[{"embeddable":true,"href":"https:\/\/blog.espol.edu.ec\/cbasante\/wp-json\/wp\/v2\/comments?post=61"}],"version-history":[{"count":1,"href":"https:\/\/blog.espol.edu.ec\/cbasante\/wp-json\/wp\/v2\/pages\/61\/revisions"}],"predecessor-version":[{"id":63,"href":"https:\/\/blog.espol.edu.ec\/cbasante\/wp-json\/wp\/v2\/pages\/61\/revisions\/63"}],"wp:attachment":[{"href":"https:\/\/blog.espol.edu.ec\/cbasante\/wp-json\/wp\/v2\/media?parent=61"}],"curies":[{"name":"wp","href":"https:\/\/api.w.org\/{rel}","templated":true}]}}