{"id":65,"date":"2009-01-21T08:32:59","date_gmt":"2009-01-21T13:32:59","guid":{"rendered":"http:\/\/blog.espol.edu.ec\/ccazanas\/?page_id=65"},"modified":"2009-11-21T20:41:49","modified_gmt":"2009-11-22T01:41:49","slug":"del-autor-klau","status":"publish","type":"page","link":"https:\/\/blog.espol.edu.ec\/ccazanas\/del-autor-klau\/","title":{"rendered":"\u263adEL aUtOr (kLaU^^)"},"content":{"rendered":"<p><a href=\"http:\/\/blog.espol.edu.ec\/ccazanas\/files\/2009\/01\/start_screen.jpg\"><\/a><a href=\"http:\/\/blog.espol.edu.ec\/ccazanas\/files\/2009\/01\/start_screen.jpg\"><\/a><a href=\"http:\/\/blog.espol.edu.ec\/ccazanas\/files\/2009\/01\/moto_0424.jpg\"><\/a><a href=\"http:\/\/blog.espol.edu.ec\/ccazanas\/files\/2009\/01\/start_screen.jpg\"><\/a><\/p>\n<div class=\"mceTemp mceIEcenter\">\n<dl>\n<dt><\/dt>\n<\/dl>\n<\/div>\n<p><a href=\"http:\/\/blog.espol.edu.ec\/ccazanas\/files\/2009\/01\/moto_04241.jpg\"><img loading=\"lazy\" decoding=\"async\" class=\"aligncenter size-medium wp-image-91\" src=\"http:\/\/blog.espol.edu.ec\/ccazanas\/files\/2009\/01\/moto_04241-225x300.jpg\" alt=\"\" width=\"225\" height=\"300\" \/><\/a><\/p>\n<p>H<span style=\"color: #808000\">iiiii pumpers &amp; no pumpers ^^<\/span><\/p>\n<p><span style=\"color: #808000\">Bue soy malisima para escribir sobre mi.. pro buenop... allip les va.... Nac\u00ed el 31 de <\/span><\/p>\n<p><span style=\"color: #808000\">Mayo de 1990, en mi precioso Guayaquil (Q viva Guayaquil!!!! ^^), en fin estudi\u00e9 en la <\/span><\/p>\n<p><span style=\"color: #808000\">escuela Nueva Generaci\u00f3n (toda la primaria), mis estudios secundarios fueron en el <\/span><\/p>\n<p><span style=\"color: #808000\">Colegio Santo Domingo de Guzm\u00e1n (actualmente UEEB SDG) y soy estudiante <\/span><\/p>\n<p><span style=\"color: #808000\"><a href=\"http:\/\/www.espol.edu.ec\">politecnica<\/a> en la actualidad.<\/span><\/p>\n<p><span style=\"color: #808000\"> <\/span><\/p>\n<p><span style=\"color: #808000\">MIS HOBBIES (VICIOS) XD<\/span><\/p>\n<p><span style=\"color: #808000\">Tengo dos... mi deporte el PUMP IT UP ^^ y el juego DOFUS cheken este blog <\/span><\/p>\n<p><span style=\"color: #808000\"><a title=\"dofus\" href=\"http:\/\/www.blog.espol.edu.ec\/ipuero\" target=\"_blank\">www.blog.espol.edu.ec\/ipuero<\/a><\/span><\/p>\n<p><span style=\"color: #808000\">en fin mil cosas... ^^ bueno pumpers y futuros pumpers.. espero que les guste el <\/span><\/p>\n<p><span style=\"color: #808000\">sitio.. aunq bastante <\/span><span style=\"color: #808000\">sencillo pro har\u00e9 modificaciones--&gt; ^^<\/span><\/p>\n<p><span style=\"color: #808000\">descarguen el juego.. y ver\u00e1n lo divertido que es el pump it up ademas de ser un <\/span><\/p>\n<p><span style=\"color: #808000\">deporte sano... muchos <\/span><span style=\"color: #808000\">saludos... q los STOMPS los acompa\u00f1en hit Me!.. digo.. hasta <\/span><\/p>\n<p><span style=\"color: #808000\">pronto... ^^<\/span><\/p>\n","protected":false},"excerpt":{"rendered":"<p>Hiiiii pumpers &amp; no pumpers ^^ Bue soy malisima para escribir sobre mi.. pro buenop... allip les va.... Nac\u00ed el 31 de Mayo de 1990, en mi precioso Guayaquil (Q viva Guayaquil!!!! ^^), en fin estudi\u00e9 en la escuela Nueva Generaci\u00f3n (toda la primaria), mis estudios secundarios fueron en el Colegio Santo Domingo de Guzm\u00e1n [&hellip;]<\/p>\n","protected":false},"author":898,"featured_media":0,"parent":0,"menu_order":0,"comment_status":"open","ping_status":"open","template":"","meta":{"footnotes":""},"class_list":["post-65","page","type-page","status-publish","hentry"],"_links":{"self":[{"href":"https:\/\/blog.espol.edu.ec\/ccazanas\/wp-json\/wp\/v2\/pages\/65","targetHints":{"allow":["GET"]}}],"collection":[{"href":"https:\/\/blog.espol.edu.ec\/ccazanas\/wp-json\/wp\/v2\/pages"}],"about":[{"href":"https:\/\/blog.espol.edu.ec\/ccazanas\/wp-json\/wp\/v2\/types\/page"}],"author":[{"embeddable":true,"href":"https:\/\/blog.espol.edu.ec\/ccazanas\/wp-json\/wp\/v2\/users\/898"}],"replies":[{"embeddable":true,"href":"https:\/\/blog.espol.edu.ec\/ccazanas\/wp-json\/wp\/v2\/comments?post=65"}],"version-history":[{"count":19,"href":"https:\/\/blog.espol.edu.ec\/ccazanas\/wp-json\/wp\/v2\/pages\/65\/revisions"}],"predecessor-version":[{"id":68,"href":"https:\/\/blog.espol.edu.ec\/ccazanas\/wp-json\/wp\/v2\/pages\/65\/revisions\/68"}],"wp:attachment":[{"href":"https:\/\/blog.espol.edu.ec\/ccazanas\/wp-json\/wp\/v2\/media?parent=65"}],"curies":[{"name":"wp","href":"https:\/\/api.w.org\/{rel}","templated":true}]}}