{"id":17,"date":"2016-05-24T01:46:22","date_gmt":"2016-05-24T01:46:22","guid":{"rendered":"http:\/\/blog.espol.edu.ec\/ccramire\/?page_id=17"},"modified":"2016-05-24T01:46:22","modified_gmt":"2016-05-24T01:46:22","slug":"huaquillas-ciudad-fronteriza","status":"publish","type":"page","link":"https:\/\/blog.espol.edu.ec\/ccramire\/huaquillas-ciudad-fronteriza\/","title":{"rendered":"HUAQUILLAS CIUDAD FRONTERIZA"},"content":{"rendered":"<p><img loading=\"lazy\" decoding=\"async\" class=\"alignnone size-medium wp-image-18\" src=\"http:\/\/blog.espol.edu.ec\/ccramire\/files\/2016\/05\/monumento1-300x226.jpg\" alt=\"monumento1\" width=\"300\" height=\"226\" srcset=\"https:\/\/blog.espol.edu.ec\/ccramire\/files\/2016\/05\/monumento1-300x226.jpg 300w, https:\/\/blog.espol.edu.ec\/ccramire\/files\/2016\/05\/monumento1.jpg 609w\" sizes=\"auto, (max-width: 300px) 100vw, 300px\" \/><\/p>\n<p>Huaquillas, ciudad fronteriza y principal v\u00eda \u00a0de ingreso al Ecuador desde Per\u00fa; ubicada al SurOeste de la provincia de el Oro siendo la cuarta ciudad mas poblada de la provincia con un estimado de 55000 habitantes. Su mayor ingreso econ\u00f3mico es el comercio, debido a que turistas extrangeros y nacionales ingresan a diario por la ciudad; y las modenas que circulan son el dolar americano y el nuevo sol.<\/p>\n<p>En la actualidad es conocida como \"Huaquillas Centinela sin Relevo\" y se divide en 5 parroquias las cuales son: Ecuador, Hualtaco, Paraiso, Uni\u00f3n Lojana, Milton Reyes.Su nombre proviene de los Huacas, habitantes ind\u00edgenas preovenientes de la zona.<\/p>\n<p>La gastronom\u00eda de la ciudad es exquisita debido a la preparaci\u00f3n de platillos unicos en ella. Huaquillas forma parte de\u00a0Conurbaci\u00f3n binacional de Huaquillas-Zarumilla, siendo esta \u00e1rea metropolitana la m\u00e1s poblada en zonas binacionanles.<\/p>\n","protected":false},"excerpt":{"rendered":"<p>Huaquillas, ciudad fronteriza y principal v\u00eda \u00a0de ingreso al Ecuador desde Per\u00fa; ubicada al SurOeste de la provincia de el Oro siendo la cuarta ciudad mas poblada de la provincia con un estimado de 55000 habitantes. Su mayor ingreso econ\u00f3mico es el comercio, debido a que turistas extrangeros y nacionales ingresan a diario por la [&hellip;]<\/p>\n","protected":false},"author":10239,"featured_media":0,"parent":0,"menu_order":0,"comment_status":"closed","ping_status":"closed","template":"","meta":{"footnotes":""},"class_list":["post-17","page","type-page","status-publish","hentry"],"_links":{"self":[{"href":"https:\/\/blog.espol.edu.ec\/ccramire\/wp-json\/wp\/v2\/pages\/17","targetHints":{"allow":["GET"]}}],"collection":[{"href":"https:\/\/blog.espol.edu.ec\/ccramire\/wp-json\/wp\/v2\/pages"}],"about":[{"href":"https:\/\/blog.espol.edu.ec\/ccramire\/wp-json\/wp\/v2\/types\/page"}],"author":[{"embeddable":true,"href":"https:\/\/blog.espol.edu.ec\/ccramire\/wp-json\/wp\/v2\/users\/10239"}],"replies":[{"embeddable":true,"href":"https:\/\/blog.espol.edu.ec\/ccramire\/wp-json\/wp\/v2\/comments?post=17"}],"version-history":[{"count":1,"href":"https:\/\/blog.espol.edu.ec\/ccramire\/wp-json\/wp\/v2\/pages\/17\/revisions"}],"predecessor-version":[{"id":19,"href":"https:\/\/blog.espol.edu.ec\/ccramire\/wp-json\/wp\/v2\/pages\/17\/revisions\/19"}],"wp:attachment":[{"href":"https:\/\/blog.espol.edu.ec\/ccramire\/wp-json\/wp\/v2\/media?parent=17"}],"curies":[{"name":"wp","href":"https:\/\/api.w.org\/{rel}","templated":true}]}}