{"id":65,"date":"2016-11-12T02:37:56","date_gmt":"2016-11-12T02:37:56","guid":{"rendered":"http:\/\/blog.espol.edu.ec\/cdmatamo\/?page_id=65"},"modified":"2016-11-12T02:46:24","modified_gmt":"2016-11-12T02:46:24","slug":"motivate","status":"publish","type":"page","link":"https:\/\/blog.espol.edu.ec\/cdmatamo\/motivate\/","title":{"rendered":"Mot\u00edvate"},"content":{"rendered":"\n\t\t<style type=\"text\/css\">\n\t\t\t#gallery-1 {\n\t\t\t\tmargin: auto;\n\t\t\t}\n\t\t\t#gallery-1 .gallery-item {\n\t\t\t\tfloat: left;\n\t\t\t\tmargin-top: 10px;\n\t\t\t\ttext-align: center;\n\t\t\t\twidth: 33%;\n\t\t\t}\n\t\t\t#gallery-1 img {\n\t\t\t\tborder: 2px solid #cfcfcf;\n\t\t\t}\n\t\t\t#gallery-1 .gallery-caption {\n\t\t\t\tmargin-left: 0;\n\t\t\t}\n\t\t\t\/* see gallery_shortcode() in wp-includes\/media.php *\/\n\t\t<\/style>\n\t\t<div id='gallery-1' class='gallery galleryid-65 gallery-columns-3 gallery-size-full'><dl class='gallery-item'>\n\t\t\t<dt class='gallery-icon landscape'>\n\t\t\t\t<a href='https:\/\/blog.espol.edu.ec\/cdmatamo\/la-motivacion-en-el-trabajo-ralph-waldo-emerson-400x400-4\/'><img loading=\"lazy\" decoding=\"async\" width=\"400\" height=\"400\" src=\"https:\/\/blog.espol.edu.ec\/cdmatamo\/files\/2016\/11\/la-motivacion-en-el-trabajo-Ralph-Waldo-Emerson-400x400-3.jpg\" class=\"attachment-full size-full\" alt=\"\" aria-describedby=\"gallery-1-78\" srcset=\"https:\/\/blog.espol.edu.ec\/cdmatamo\/files\/2016\/11\/la-motivacion-en-el-trabajo-Ralph-Waldo-Emerson-400x400-3.jpg 400w, https:\/\/blog.espol.edu.ec\/cdmatamo\/files\/2016\/11\/la-motivacion-en-el-trabajo-Ralph-Waldo-Emerson-400x400-3-50x50.jpg 50w\" sizes=\"auto, (max-width: 400px) 100vw, 400px\" \/><\/a>\n\t\t\t<\/dt>\n\t\t\t\t<dd class='wp-caption-text gallery-caption' id='gallery-1-78'>\n\t\t\t\tConfianza en s\u00ed mismo\n\t\t\t\t<\/dd><\/dl><dl class='gallery-item'>\n\t\t\t<dt class='gallery-icon landscape'>\n\t\t\t\t<a href='https:\/\/blog.espol.edu.ec\/cdmatamo\/frases-motivacion\/'><img loading=\"lazy\" decoding=\"async\" width=\"440\" height=\"393\" src=\"https:\/\/blog.espol.edu.ec\/cdmatamo\/files\/2016\/11\/frases-motivacion.jpg\" class=\"attachment-full size-full\" alt=\"\" aria-describedby=\"gallery-1-74\" \/><\/a>\n\t\t\t<\/dt>\n\t\t\t\t<dd class='wp-caption-text gallery-caption' id='gallery-1-74'>\n\t\t\t\tNo te conformes\n\t\t\t\t<\/dd><\/dl><dl class='gallery-item'>\n\t\t\t<dt class='gallery-icon landscape'>\n\t\t\t\t<a href='https:\/\/blog.espol.edu.ec\/cdmatamo\/frases-de-superacion-personal-y-motivacion-2\/'><img loading=\"lazy\" decoding=\"async\" width=\"500\" height=\"478\" src=\"https:\/\/blog.espol.edu.ec\/cdmatamo\/files\/2016\/11\/frases-de-superacion-personal-y-motivacion-2.jpg\" class=\"attachment-full size-full\" alt=\"\" aria-describedby=\"gallery-1-73\" \/><\/a>\n\t\t\t<\/dt>\n\t\t\t\t<dd class='wp-caption-text gallery-caption' id='gallery-1-73'>\n\t\t\t\tLas cosas buenas siempre llegan\n\t\t\t\t<\/dd><\/dl><br style=\"clear: both\" \/><dl class='gallery-item'>\n\t\t\t<dt class='gallery-icon landscape'>\n\t\t\t\t<a href='https:\/\/blog.espol.edu.ec\/cdmatamo\/frases-de-motivacion-empresarial-6\/'><img loading=\"lazy\" decoding=\"async\" width=\"400\" height=\"371\" src=\"https:\/\/blog.espol.edu.ec\/cdmatamo\/files\/2016\/11\/frases-de-motivacion-empresarial-6.jpg\" class=\"attachment-full size-full\" alt=\"\" \/><\/a>\n\t\t\t<\/dt><\/dl><dl class='gallery-item'>\n\t\t\t<dt class='gallery-icon landscape'>\n\t\t\t\t<a href='https:\/\/blog.espol.edu.ec\/cdmatamo\/frases-de-motivacion-del-dia-viernes-300x300\/'><img loading=\"lazy\" decoding=\"async\" width=\"300\" height=\"300\" src=\"https:\/\/blog.espol.edu.ec\/cdmatamo\/files\/2016\/11\/frases-de-motivacion-del-dia-viernes-300x300.jpg\" class=\"attachment-full size-full\" alt=\"\" srcset=\"https:\/\/blog.espol.edu.ec\/cdmatamo\/files\/2016\/11\/frases-de-motivacion-del-dia-viernes-300x300.jpg 300w, https:\/\/blog.espol.edu.ec\/cdmatamo\/files\/2016\/11\/frases-de-motivacion-del-dia-viernes-300x300-50x50.jpg 50w\" sizes=\"auto, (max-width: 300px) 100vw, 300px\" \/><\/a>\n\t\t\t<\/dt><\/dl><dl class='gallery-item'>\n\t\t\t<dt class='gallery-icon landscape'>\n\t\t\t\t<a href='https:\/\/blog.espol.edu.ec\/cdmatamo\/frases-cortas-de-motivacion-laboral-1\/'><img loading=\"lazy\" decoding=\"async\" width=\"500\" height=\"500\" src=\"https:\/\/blog.espol.edu.ec\/cdmatamo\/files\/2016\/11\/frases-cortas-de-motivacion-laboral-1.jpg\" class=\"attachment-full size-full\" alt=\"\" aria-describedby=\"gallery-1-70\" srcset=\"https:\/\/blog.espol.edu.ec\/cdmatamo\/files\/2016\/11\/frases-cortas-de-motivacion-laboral-1.jpg 500w, https:\/\/blog.espol.edu.ec\/cdmatamo\/files\/2016\/11\/frases-cortas-de-motivacion-laboral-1-50x50.jpg 50w\" sizes=\"auto, (max-width: 500px) 100vw, 500px\" \/><\/a>\n\t\t\t<\/dt>\n\t\t\t\t<dd class='wp-caption-text gallery-caption' id='gallery-1-70'>\n\t\t\t\tHaz lo que otros no se atrevieron \n\t\t\t\t<\/dd><\/dl><br style=\"clear: both\" \/><dl class='gallery-item'>\n\t\t\t<dt class='gallery-icon landscape'>\n\t\t\t\t<a href='https:\/\/blog.espol.edu.ec\/cdmatamo\/dfee89893401f9eb91feb824bee54d16\/'><img loading=\"lazy\" decoding=\"async\" width=\"225\" height=\"225\" src=\"https:\/\/blog.espol.edu.ec\/cdmatamo\/files\/2016\/11\/dfee89893401f9eb91feb824bee54d16.jpg\" class=\"attachment-full size-full\" alt=\"\" srcset=\"https:\/\/blog.espol.edu.ec\/cdmatamo\/files\/2016\/11\/dfee89893401f9eb91feb824bee54d16.jpg 225w, https:\/\/blog.espol.edu.ec\/cdmatamo\/files\/2016\/11\/dfee89893401f9eb91feb824bee54d16-50x50.jpg 50w\" sizes=\"auto, (max-width: 225px) 100vw, 225px\" \/><\/a>\n\t\t\t<\/dt><\/dl><dl class='gallery-item'>\n\t\t\t<dt class='gallery-icon landscape'>\n\t\t\t\t<a href='https:\/\/blog.espol.edu.ec\/cdmatamo\/ali-35\/'><img loading=\"lazy\" decoding=\"async\" width=\"520\" height=\"520\" src=\"https:\/\/blog.espol.edu.ec\/cdmatamo\/files\/2016\/11\/ali-35.jpg\" class=\"attachment-full size-full\" alt=\"\" aria-describedby=\"gallery-1-68\" srcset=\"https:\/\/blog.espol.edu.ec\/cdmatamo\/files\/2016\/11\/ali-35.jpg 520w, https:\/\/blog.espol.edu.ec\/cdmatamo\/files\/2016\/11\/ali-35-50x50.jpg 50w\" sizes=\"auto, (max-width: 520px) 100vw, 520px\" \/><\/a>\n\t\t\t<\/dt>\n\t\t\t\t<dd class='wp-caption-text gallery-caption' id='gallery-1-68'>\n\t\t\t\tEl \u00e9xito es la suma de peque\u00f1os esfuerzos.. \n\t\t\t\t<\/dd><\/dl>\n\t\t\t<br style='clear: both' \/>\n\t\t<\/div>\n\n<h2 style=\"text-align: center\"><span style=\"color: #ff00ff\">Vamos yo se que vendr\u00e1n d\u00edas mejores, que tus penas ser\u00e1n menores que todo lo que te espera te llevar\u00e1 a ser feliz.<\/span><\/h2>\n<p>&nbsp;<\/p>\n","protected":false},"excerpt":{"rendered":"<p>Vamos yo se que vendr\u00e1n d\u00edas mejores, que tus penas ser\u00e1n menores que todo lo que te espera te llevar\u00e1 a ser feliz. &nbsp;<\/p>\n","protected":false},"author":10667,"featured_media":76,"parent":0,"menu_order":0,"comment_status":"closed","ping_status":"closed","template":"","meta":{"footnotes":""},"class_list":["post-65","page","type-page","status-publish","has-post-thumbnail","hentry","nodate","item-wrap"],"aioseo_notices":[],"_links":{"self":[{"href":"https:\/\/blog.espol.edu.ec\/cdmatamo\/wp-json\/wp\/v2\/pages\/65","targetHints":{"allow":["GET"]}}],"collection":[{"href":"https:\/\/blog.espol.edu.ec\/cdmatamo\/wp-json\/wp\/v2\/pages"}],"about":[{"href":"https:\/\/blog.espol.edu.ec\/cdmatamo\/wp-json\/wp\/v2\/types\/page"}],"author":[{"embeddable":true,"href":"https:\/\/blog.espol.edu.ec\/cdmatamo\/wp-json\/wp\/v2\/users\/10667"}],"replies":[{"embeddable":true,"href":"https:\/\/blog.espol.edu.ec\/cdmatamo\/wp-json\/wp\/v2\/comments?post=65"}],"version-history":[{"count":5,"href":"https:\/\/blog.espol.edu.ec\/cdmatamo\/wp-json\/wp\/v2\/pages\/65\/revisions"}],"predecessor-version":[{"id":83,"href":"https:\/\/blog.espol.edu.ec\/cdmatamo\/wp-json\/wp\/v2\/pages\/65\/revisions\/83"}],"wp:featuredmedia":[{"embeddable":true,"href":"https:\/\/blog.espol.edu.ec\/cdmatamo\/wp-json\/wp\/v2\/media\/76"}],"wp:attachment":[{"href":"https:\/\/blog.espol.edu.ec\/cdmatamo\/wp-json\/wp\/v2\/media?parent=65"}],"curies":[{"name":"wp","href":"https:\/\/api.w.org\/{rel}","templated":true}]}}