{"id":48,"date":"2016-11-15T17:23:41","date_gmt":"2016-11-15T17:23:41","guid":{"rendered":"http:\/\/blog.espol.edu.ec\/celandet\/?page_id=48"},"modified":"2016-11-15T17:23:41","modified_gmt":"2016-11-15T17:23:41","slug":"los-beneficios-de-la-musica-clasica-en-el-aprendizaje-y-el-trabajo","status":"publish","type":"page","link":"https:\/\/blog.espol.edu.ec\/celandet\/los-beneficios-de-la-musica-clasica-en-el-aprendizaje-y-el-trabajo\/","title":{"rendered":"Los beneficios de la m\u00fasica cl\u00e1sica en el aprendizaje y el trabajo"},"content":{"rendered":"<p>La m\u00fasica cl\u00e1sica es, indudablemente, uno de los g\u00e9neros musicales m\u00e1s bellos e incre\u00edbles. El consistente y profundo sonido de las teclas de un piano fluyendo de la mano de sonidos m\u00e1s graves como el de un contrabajo es una sensaci\u00f3n incre\u00edble. La m\u00fasica cl\u00e1sica es capaz de llegar a lo m\u00e1s profundoy transmitir emociones que afectan radicalmente al dinamismo de un ser vivo.<\/p>\n<p><img loading=\"lazy\" decoding=\"async\" class=\"alignnone size-full wp-image-49\" src=\"http:\/\/blog.espol.edu.ec\/celandet\/files\/2016\/11\/MUSICA-CLASICA-1.jpg\" alt=\"musica-clasica-1\" width=\"600\" height=\"370\" \/><br \/>\nNo en vano, numerosos expertos han demostrado durante a\u00f1os los beneficios de la m\u00fasica cl\u00e1sica frente a otros g\u00e9neros musicales. No se limita a apelar la parte emocional, sino tambi\u00e9n influye en lo f\u00edsico y en lo psicol\u00f3gico. Es por ello por lo que cient\u00edficos dentro del campo de la salud insisten en la reproducci\u00f3n de m\u00fasica cl\u00e1sica como un h\u00e1bito saludable capaz de aportar grandes beneficios en \u00e1mbitos determinados como las salas de estudio o las oficinas, lo que la hace muy recomendable.<\/p>\n<p>&nbsp;<\/p>\n<p>&nbsp;<\/p>\n","protected":false},"excerpt":{"rendered":"<p>La m\u00fasica cl\u00e1sica es, indudablemente, uno de los g\u00e9neros musicales m\u00e1s bellos e incre\u00edbles. El consistente y profundo sonido de las teclas de un piano fluyendo de la mano de sonidos m\u00e1s graves como el de un contrabajo es una sensaci\u00f3n incre\u00edble. La m\u00fasica cl\u00e1sica es capaz de llegar a lo m\u00e1s profundoy transmitir emociones [&hellip;]<\/p>\n","protected":false},"author":10674,"featured_media":0,"parent":0,"menu_order":0,"comment_status":"closed","ping_status":"closed","template":"","meta":{"footnotes":""},"class_list":["post-48","page","type-page","status-publish","hentry"],"aioseo_notices":[],"_links":{"self":[{"href":"https:\/\/blog.espol.edu.ec\/celandet\/wp-json\/wp\/v2\/pages\/48","targetHints":{"allow":["GET"]}}],"collection":[{"href":"https:\/\/blog.espol.edu.ec\/celandet\/wp-json\/wp\/v2\/pages"}],"about":[{"href":"https:\/\/blog.espol.edu.ec\/celandet\/wp-json\/wp\/v2\/types\/page"}],"author":[{"embeddable":true,"href":"https:\/\/blog.espol.edu.ec\/celandet\/wp-json\/wp\/v2\/users\/10674"}],"replies":[{"embeddable":true,"href":"https:\/\/blog.espol.edu.ec\/celandet\/wp-json\/wp\/v2\/comments?post=48"}],"version-history":[{"count":1,"href":"https:\/\/blog.espol.edu.ec\/celandet\/wp-json\/wp\/v2\/pages\/48\/revisions"}],"predecessor-version":[{"id":50,"href":"https:\/\/blog.espol.edu.ec\/celandet\/wp-json\/wp\/v2\/pages\/48\/revisions\/50"}],"wp:attachment":[{"href":"https:\/\/blog.espol.edu.ec\/celandet\/wp-json\/wp\/v2\/media?parent=48"}],"curies":[{"name":"wp","href":"https:\/\/api.w.org\/{rel}","templated":true}]}}