{"id":3,"date":"2010-08-29T01:29:45","date_gmt":"2010-08-29T01:29:45","guid":{"rendered":"http:\/\/blog.espol.edu.ec\/celula\/?page_id=3"},"modified":"2010-10-03T20:36:48","modified_gmt":"2010-10-03T20:36:48","slug":"el-nuevo-inicio","status":"publish","type":"page","link":"https:\/\/blog.espol.edu.ec\/celula\/el-nuevo-inicio\/","title":{"rendered":"Desarrollo"},"content":{"rendered":"<p style=\"text-align: left\">Esta rama de la c\u00e9lula, se dedica explorar los distintos lenguajes de programaci\u00f3n proporcionados por Microsoft o lenguajes\u00a0for\u00e1neos, para ser utilizados en soluciones inform\u00e1ticas de escritorio, de TabletPC o de Smartphones de distinto nivel, que van desde implementaci\u00f3n hasta Ingenier\u00eda de Software.<\/p>\n<p style=\"text-align: left\">Para mayor\u00a0informaci\u00f3n\u00a0escr\u00edbenos\u00a0a: \u00a0celula@espol.edu.ec.<\/p>\n<p style=\"text-align: center\">\n<p style=\"text-align: center\"><img decoding=\"async\" src=\"http:\/\/msdn34.e-academy.com\/_soft_products\/graphics\/1650_visio2010x86span_Large.jpg\" alt=\"\" \/><img decoding=\"async\" src=\"http:\/\/msdn34.e-academy.com\/_soft_products\/graphics\/1692_projectserver2010x6_Large.jpg\" alt=\"\" \/><img decoding=\"async\" src=\"http:\/\/msdn34.e-academy.com\/_soft_products\/graphics\/1648_projectprofessional2_Large.jpg\" alt=\"\" \/><img decoding=\"async\" src=\"http:\/\/msdn34.e-academy.com\/_soft_products\/graphics\/1711_visualstudio2010prof_Large.jpg\" alt=\"\" \/><\/p>\n","protected":false},"excerpt":{"rendered":"<p>Esta rama de la c\u00e9lula, se dedica explorar los distintos lenguajes de programaci\u00f3n proporcionados por Microsoft o lenguajes\u00a0for\u00e1neos, para ser utilizados en soluciones inform\u00e1ticas de escritorio, de TabletPC o de Smartphones de distinto nivel, que van desde implementaci\u00f3n hasta Ingenier\u00eda &hellip; <a href=\"https:\/\/blog.espol.edu.ec\/celula\/el-nuevo-inicio\/\">Sigue leyendo <span class=\"meta-nav\">&rarr;<\/span><\/a><\/p>\n","protected":false},"author":5111,"featured_media":0,"parent":0,"menu_order":0,"comment_status":"open","ping_status":"open","template":"","meta":{"footnotes":""},"class_list":["post-3","page","type-page","status-publish","hentry"],"_links":{"self":[{"href":"https:\/\/blog.espol.edu.ec\/celula\/wp-json\/wp\/v2\/pages\/3","targetHints":{"allow":["GET"]}}],"collection":[{"href":"https:\/\/blog.espol.edu.ec\/celula\/wp-json\/wp\/v2\/pages"}],"about":[{"href":"https:\/\/blog.espol.edu.ec\/celula\/wp-json\/wp\/v2\/types\/page"}],"author":[{"embeddable":true,"href":"https:\/\/blog.espol.edu.ec\/celula\/wp-json\/wp\/v2\/users\/5111"}],"replies":[{"embeddable":true,"href":"https:\/\/blog.espol.edu.ec\/celula\/wp-json\/wp\/v2\/comments?post=3"}],"version-history":[{"count":9,"href":"https:\/\/blog.espol.edu.ec\/celula\/wp-json\/wp\/v2\/pages\/3\/revisions"}],"predecessor-version":[{"id":60,"href":"https:\/\/blog.espol.edu.ec\/celula\/wp-json\/wp\/v2\/pages\/3\/revisions\/60"}],"wp:attachment":[{"href":"https:\/\/blog.espol.edu.ec\/celula\/wp-json\/wp\/v2\/media?parent=3"}],"curies":[{"name":"wp","href":"https:\/\/api.w.org\/{rel}","templated":true}]}}