{"id":38,"date":"2010-09-05T00:41:10","date_gmt":"2010-09-05T00:41:10","guid":{"rendered":"http:\/\/blog.espol.edu.ec\/celula\/interaccion\/"},"modified":"2010-10-03T21:02:15","modified_gmt":"2010-10-03T21:02:15","slug":"interaccion","status":"publish","type":"page","link":"https:\/\/blog.espol.edu.ec\/celula\/interaccion\/","title":{"rendered":"Interacci\u00f3n"},"content":{"rendered":"<p>El aspecto m\u00e1s importante del desarrollo de soluciones inform\u00e1ticas, es la Interacci\u00f3n, la C\u00e9lula ha creado esta rama, para profesionales dedicados al estudio de la interacci\u00f3n hombre m\u00e1quina, especializados en: Silverlight, Microsoft Expression, Microsoft Blend, Microsoft XNA Studio. La Rama de\u00a0interacci\u00f3n\u00a0puede ir desde Computadores hasta desarrollo en XBOX.<\/p>\n<p>Para mayor\u00a0informaci\u00f3n\u00a0escr\u00edbenos\u00a0a: \u00a0celula@espol.edu.ec.<\/p>\n<p><img decoding=\"async\" src=\"http:\/\/msdn34.e-academy.com\/_soft_products\/graphics\/1530_xnagamestudio31en_Large.jpg\" alt=\"\" \/><img decoding=\"async\" src=\"http:\/\/msdn34.e-academy.com\/_soft_products\/graphics\/1931_expressionstudio4ult_Large.jpg\" alt=\"\" \/><img decoding=\"async\" style=\"border: 0px initial initial\" src=\"http:\/\/msdn34.e-academy.com\/_soft_products\/graphics\/1711_visualstudio2010prof_Large.jpg\" alt=\"\" \/><\/p>\n","protected":false},"excerpt":{"rendered":"<p>El aspecto m\u00e1s importante del desarrollo de soluciones inform\u00e1ticas, es la Interacci\u00f3n, la C\u00e9lula ha creado esta rama, para profesionales dedicados al estudio de la interacci\u00f3n hombre m\u00e1quina, especializados en: Silverlight, Microsoft Expression, Microsoft Blend, Microsoft XNA Studio. La Rama &hellip; <a href=\"https:\/\/blog.espol.edu.ec\/celula\/interaccion\/\">Sigue leyendo <span class=\"meta-nav\">&rarr;<\/span><\/a><\/p>\n","protected":false},"author":5111,"featured_media":0,"parent":0,"menu_order":0,"comment_status":"open","ping_status":"open","template":"","meta":{"footnotes":""},"class_list":["post-38","page","type-page","status-publish","hentry"],"_links":{"self":[{"href":"https:\/\/blog.espol.edu.ec\/celula\/wp-json\/wp\/v2\/pages\/38","targetHints":{"allow":["GET"]}}],"collection":[{"href":"https:\/\/blog.espol.edu.ec\/celula\/wp-json\/wp\/v2\/pages"}],"about":[{"href":"https:\/\/blog.espol.edu.ec\/celula\/wp-json\/wp\/v2\/types\/page"}],"author":[{"embeddable":true,"href":"https:\/\/blog.espol.edu.ec\/celula\/wp-json\/wp\/v2\/users\/5111"}],"replies":[{"embeddable":true,"href":"https:\/\/blog.espol.edu.ec\/celula\/wp-json\/wp\/v2\/comments?post=38"}],"version-history":[{"count":2,"href":"https:\/\/blog.espol.edu.ec\/celula\/wp-json\/wp\/v2\/pages\/38\/revisions"}],"predecessor-version":[{"id":65,"href":"https:\/\/blog.espol.edu.ec\/celula\/wp-json\/wp\/v2\/pages\/38\/revisions\/65"}],"wp:attachment":[{"href":"https:\/\/blog.espol.edu.ec\/celula\/wp-json\/wp\/v2\/media?parent=38"}],"curies":[{"name":"wp","href":"https:\/\/api.w.org\/{rel}","templated":true}]}}