{"id":27,"date":"2015-11-17T15:47:09","date_gmt":"2015-11-17T15:47:09","guid":{"rendered":"http:\/\/blog.espol.edu.ec\/ceochoa\/?page_id=27"},"modified":"2015-11-24T03:20:07","modified_gmt":"2015-11-24T03:20:07","slug":"costa-2","status":"publish","type":"page","link":"https:\/\/blog.espol.edu.ec\/ceochoa\/costa-2\/","title":{"rendered":"REGION LITORAL O COSTA"},"content":{"rendered":"<p style=\"text-align: justify\"><span style=\"color: #ffffff\"><em>La\u00a0Regi\u00f3n Litoral, mejor conocida como\u00a0Regi\u00f3n Costa, es una de las cuatro regiones naturales de la\u00a0Rep\u00fablica\u00a0del Ecuador.\u00a0Est\u00e1 conformada por las provincias de Guayas, Santa Elena, Manab\u00ed, El Oro, Los R\u00edos, Santo Domingo de los Tsachilas\u00a0y Esmeraldas. La ciudad principal y m\u00e1s poblada de esta regi\u00f3n es Guayaquil. Tanto el Parque Nacional Machalilla\u00a0como la Reserva Ecol\u00f3gica Manglares Churute, ofrecen la posibilidad de realizar ecoturismo.<\/em><\/span><\/p>\n<div id=\"attachment_95\" style=\"width: 310px\" class=\"wp-caption alignnone\"><a href=\"http:\/\/blog.espol.edu.ec\/ceochoa\/files\/2015\/11\/provincias-de-la-costa.jpg\"><img loading=\"lazy\" decoding=\"async\" aria-describedby=\"caption-attachment-95\" class=\"size-medium wp-image-95\" src=\"http:\/\/blog.espol.edu.ec\/ceochoa\/files\/2015\/11\/provincias-de-la-costa-300x267.jpg\" alt=\"PROVINCIAS DE LA REGION COSTA\" width=\"300\" height=\"267\" srcset=\"https:\/\/blog.espol.edu.ec\/ceochoa\/files\/2015\/11\/provincias-de-la-costa-300x267.jpg 300w, https:\/\/blog.espol.edu.ec\/ceochoa\/files\/2015\/11\/provincias-de-la-costa.jpg 400w\" sizes=\"auto, (max-width: 300px) 100vw, 300px\" \/><\/a><p id=\"caption-attachment-95\" class=\"wp-caption-text\">PROVINCIAS DE LA REGION COSTA<\/p><\/div>\n<p style=\"text-align: justify\"><span style=\"color: #ffffff\"><em><a href=\"https:\/\/www.youtube.com\/watch?v=AI0RBtSEjQ4\" target=\"_blank\">REGION COSTA<\/a><\/em><\/span><\/p>\n","protected":false},"excerpt":{"rendered":"<p>La\u00a0Regi\u00f3n Litoral, mejor conocida como\u00a0Regi\u00f3n Costa, es una de las cuatro regiones naturales de la\u00a0Rep\u00fablica\u00a0del Ecuador.\u00a0Est\u00e1 conformada por las provincias de Guayas, Santa Elena, Manab\u00ed, El Oro, Los R\u00edos, Santo Domingo de los Tsachilas\u00a0y Esmeraldas. La ciudad principal y m\u00e1s poblada de esta regi\u00f3n es Guayaquil. Tanto el Parque Nacional Machalilla\u00a0como la Reserva Ecol\u00f3gica Manglares [&hellip;]<\/p>\n","protected":false},"author":10130,"featured_media":0,"parent":0,"menu_order":0,"comment_status":"closed","ping_status":"closed","template":"","meta":{"footnotes":""},"class_list":["post-27","page","type-page","status-publish","hentry"],"_links":{"self":[{"href":"https:\/\/blog.espol.edu.ec\/ceochoa\/wp-json\/wp\/v2\/pages\/27","targetHints":{"allow":["GET"]}}],"collection":[{"href":"https:\/\/blog.espol.edu.ec\/ceochoa\/wp-json\/wp\/v2\/pages"}],"about":[{"href":"https:\/\/blog.espol.edu.ec\/ceochoa\/wp-json\/wp\/v2\/types\/page"}],"author":[{"embeddable":true,"href":"https:\/\/blog.espol.edu.ec\/ceochoa\/wp-json\/wp\/v2\/users\/10130"}],"replies":[{"embeddable":true,"href":"https:\/\/blog.espol.edu.ec\/ceochoa\/wp-json\/wp\/v2\/comments?post=27"}],"version-history":[{"count":5,"href":"https:\/\/blog.espol.edu.ec\/ceochoa\/wp-json\/wp\/v2\/pages\/27\/revisions"}],"predecessor-version":[{"id":101,"href":"https:\/\/blog.espol.edu.ec\/ceochoa\/wp-json\/wp\/v2\/pages\/27\/revisions\/101"}],"wp:attachment":[{"href":"https:\/\/blog.espol.edu.ec\/ceochoa\/wp-json\/wp\/v2\/media?parent=27"}],"curies":[{"name":"wp","href":"https:\/\/api.w.org\/{rel}","templated":true}]}}