{"id":33,"date":"2015-11-17T15:48:21","date_gmt":"2015-11-17T15:48:21","guid":{"rendered":"http:\/\/blog.espol.edu.ec\/ceochoa\/?page_id=33"},"modified":"2015-11-24T03:22:09","modified_gmt":"2015-11-24T03:22:09","slug":"galapagos-2","status":"publish","type":"page","link":"https:\/\/blog.espol.edu.ec\/ceochoa\/galapagos-2\/","title":{"rendered":"REGION INSULAR O GALAPAGOS"},"content":{"rendered":"<div id=\"attachment_102\" style=\"width: 310px\" class=\"wp-caption alignnone\"><a href=\"http:\/\/blog.espol.edu.ec\/ceochoa\/files\/2015\/11\/i1.png\"><img loading=\"lazy\" decoding=\"async\" aria-describedby=\"caption-attachment-102\" class=\"size-medium wp-image-102\" src=\"http:\/\/blog.espol.edu.ec\/ceochoa\/files\/2015\/11\/i1-300x225.png\" alt=\"ISLAS DE GALAPAGOS\" width=\"300\" height=\"225\" srcset=\"https:\/\/blog.espol.edu.ec\/ceochoa\/files\/2015\/11\/i1-300x225.png 300w, https:\/\/blog.espol.edu.ec\/ceochoa\/files\/2015\/11\/i1.png 800w\" sizes=\"auto, (max-width: 300px) 100vw, 300px\" \/><\/a><p id=\"caption-attachment-102\" class=\"wp-caption-text\">ISLAS DE GALAPAGOS<\/p><\/div>\n<p style=\"text-align: left\"><span style=\"color: #ffffff\"><em>Est\u00e1\u00a0ubicada en el Oc\u00e9ano Pac\u00edfico, a 1000 Km.\u00a0de las costas ecuatorianas\u00a0continentales\u00a0siguiendo\u00a0la\u00a0l\u00ednea Ecuatorial\u00a0y a 16OO Km. al suroeste del Canal de Pana\u00adm\u00e1. Las principales\u00a0islas\u00a0son:\u00a0Isabela,\u00a0Fernandina, Floreana, Marchena, SantaCruz. San\u00a0Crist\u00f3bal,\u00a0San Salvador.\u00a0Pinta,\u00a0Pinz\u00f3n, Sevmur,\u00a0Baltra,\u00a0Santa Fe,\u00a0Espa\u00f1ola y Genovesa: adem\u00e1s de islotes y rocas que representan una superficie total de 1900 Km<sup>2<\/sup>. El origen del archipi\u00e9lago es volc\u00e1nico, existiendo hasta la actualidad varios volcanes activos. Tiene una superficie accidentada con resquebrajaduras, depresiones, elevaciones y ca\u00eddas abruptas, con abundante presencia de lava fundida, ceniza, lapillis y dem\u00e1s materiales volc\u00e1nicos. Su clima es variado, semejante a los existentes en la serran\u00eda continental.<\/em><\/span><\/p>\n<p style=\"text-align: left\"><a href=\"https:\/\/www.youtube.com\/watch?v=xjHsmXR-S64\">REGION INSULAR<\/a><\/p>\n","protected":false},"excerpt":{"rendered":"<p>Est\u00e1\u00a0ubicada en el Oc\u00e9ano Pac\u00edfico, a 1000 Km.\u00a0de las costas ecuatorianas\u00a0continentales\u00a0siguiendo\u00a0la\u00a0l\u00ednea Ecuatorial\u00a0y a 16OO Km. al suroeste del Canal de Pana\u00adm\u00e1. Las principales\u00a0islas\u00a0son:\u00a0Isabela,\u00a0Fernandina, Floreana, Marchena, SantaCruz. San\u00a0Crist\u00f3bal,\u00a0San Salvador.\u00a0Pinta,\u00a0Pinz\u00f3n, Sevmur,\u00a0Baltra,\u00a0Santa Fe,\u00a0Espa\u00f1ola y Genovesa: adem\u00e1s de islotes y rocas que representan una superficie total de 1900 Km2. El origen del archipi\u00e9lago es volc\u00e1nico, existiendo hasta la actualidad [&hellip;]<\/p>\n","protected":false},"author":10130,"featured_media":0,"parent":0,"menu_order":0,"comment_status":"closed","ping_status":"closed","template":"","meta":{"footnotes":""},"class_list":["post-33","page","type-page","status-publish","hentry"],"_links":{"self":[{"href":"https:\/\/blog.espol.edu.ec\/ceochoa\/wp-json\/wp\/v2\/pages\/33","targetHints":{"allow":["GET"]}}],"collection":[{"href":"https:\/\/blog.espol.edu.ec\/ceochoa\/wp-json\/wp\/v2\/pages"}],"about":[{"href":"https:\/\/blog.espol.edu.ec\/ceochoa\/wp-json\/wp\/v2\/types\/page"}],"author":[{"embeddable":true,"href":"https:\/\/blog.espol.edu.ec\/ceochoa\/wp-json\/wp\/v2\/users\/10130"}],"replies":[{"embeddable":true,"href":"https:\/\/blog.espol.edu.ec\/ceochoa\/wp-json\/wp\/v2\/comments?post=33"}],"version-history":[{"count":5,"href":"https:\/\/blog.espol.edu.ec\/ceochoa\/wp-json\/wp\/v2\/pages\/33\/revisions"}],"predecessor-version":[{"id":103,"href":"https:\/\/blog.espol.edu.ec\/ceochoa\/wp-json\/wp\/v2\/pages\/33\/revisions\/103"}],"wp:attachment":[{"href":"https:\/\/blog.espol.edu.ec\/ceochoa\/wp-json\/wp\/v2\/media?parent=33"}],"curies":[{"name":"wp","href":"https:\/\/api.w.org\/{rel}","templated":true}]}}

<div id="attachment_102" style="width: 310px" class="wp-caption alignnone"><a href="http://blog.espol.edu.ec/ceochoa/files/2015/11/i1.png"><img loading="lazy" decoding="async" aria-describedby="caption-attachment-102" class="size-medium wp-image-102" src="http://blog.espol.edu.ec/ceochoa/files/2015/11/i1-300x225.png" alt="ISLAS DE GALAPAGOS" width="300" height="225" srcset="https://blog.espol.edu.ec/ceochoa/files/2015/11/i1-300x225.png 300w, https://blog.espol.edu.ec/ceochoa/files/2015/11/i1.png 800w" sizes="auto, (max-width: 300px) 100vw, 300px" /></a><p id="caption-attachment-102" class="wp-caption-text">ISLAS DE GALAPAGOS</p></div>
<p style="text-align: left"><span style="color: #ffffff"><em>Está ubicada en el Océano Pacífico, a 1000 Km. de las costas ecuatorianas continentales siguiendo la línea Ecuatorial y a 16OO Km. al suroeste del Canal de Pana­má. Las principales islas son: Isabela, Fernandina, Floreana, Marchena, SantaCruz. San Cristóbal, San Salvador. Pinta, Pinzón, Sevmur, Baltra, Santa Fe, Española y Genovesa: además de islotes y rocas que representan una superficie total de 1900 Km<sup>2</sup>. El origen del archipiélago es volcánico, existiendo hasta la actualidad varios volcanes activos. Tiene una superficie accidentada con resquebrajaduras, depresiones, elevaciones y caídas abruptas, con abundante presencia de lava fundida, ceniza, lapillis y demás materiales volcánicos. Su clima es variado, semejante a los existentes en la serranía continental.</em></span></p>
<p style="text-align: left"><a href="https://www.youtube.com/watch?v=xjHsmXR-S64">REGION INSULAR</a></p>

<p>Está ubicada en el Océano Pacífico, a 1000 Km. de las costas ecuatorianas continentales siguiendo la línea Ecuatorial y a 16OO Km. al suroeste del Canal de Pana­má. Las principales islas son: Isabela, Fernandina, Floreana, Marchena, SantaCruz. San Cristóbal, San Salvador. Pinta, Pinzón, Sevmur, Baltra, Santa Fe, Española y Genovesa: además de islotes y rocas que representan una superficie total de 1900 Km2. El origen del archipiélago es volcánico, existiendo hasta la actualidad [&hellip;]</p>
