{"id":10,"date":"2016-05-25T17:20:04","date_gmt":"2016-05-25T17:20:04","guid":{"rendered":"http:\/\/blog.espol.edu.ec\/cesarsan\/?page_id=10"},"modified":"2016-06-01T05:05:45","modified_gmt":"2016-06-01T05:05:45","slug":"noticias","status":"publish","type":"page","link":"https:\/\/blog.espol.edu.ec\/cesarsan\/noticias\/","title":{"rendered":"Biograf\u00eda"},"content":{"rendered":"<p style=\"text-align: center\"><em><strong>John Cena<\/strong><\/em><\/p>\n<p><img loading=\"lazy\" decoding=\"async\" class=\"size-full wp-image-77 aligncenter\" src=\"http:\/\/blog.espol.edu.ec\/cesarsan\/files\/2016\/05\/John_Cena_2012.jpg\" alt=\"John_Cena_2012\" width=\"200\" height=\"267\" \/><\/p>\n<p style=\"line-height: 16.8pt;background: white;margin: 6.0pt 0cm 6.0pt 0cm\"><b><span style=\"font-size: 10.5pt;font-family: 'Arial','sans-serif'\">John Felix Anthony Cena<\/span><\/b><sup id=\"cite_ref-OWOW_1-8\"><span style=\"font-size: 10.5pt;font-family: 'Arial','sans-serif'\"><span style=\"color: windowtext;text-decoration: none\">1<\/span><\/span><\/sup><span class=\"apple-converted-space\"><span style=\"font-size: 10.5pt;font-family: 'Arial','sans-serif'\">\u00a0<\/span><\/span><sup id=\"cite_ref-Cage_3-3\"><span style=\"font-size: 10.5pt;font-family: 'Arial','sans-serif'\"><span style=\"color: windowtext;text-decoration: none\">3<\/span><\/span><\/sup><span class=\"apple-converted-space\"><span style=\"font-size: 10.5pt;font-family: 'Arial','sans-serif'\">\u00a0<\/span><\/span><sup id=\"cite_ref-5\"><span style=\"font-size: 10.5pt;font-family: 'Arial','sans-serif'\"><span style=\"color: windowtext;text-decoration: none\">5<\/span><\/span><\/sup><span class=\"apple-converted-space\"><span style=\"font-size: 10.5pt;font-family: 'Arial','sans-serif'\">\u00a0<\/span><\/span><span style=\"font-size: 10.5pt;font-family: 'Arial','sans-serif'\">(nacido el<span class=\"apple-converted-space\">\u00a0<span style=\"color: #000000\">23 de abril<\/span><\/span><span class=\"apple-converted-space\">\u00a0<\/span>de<span class=\"apple-converted-space\">\u00a0<span style=\"color: #000000\">1977<\/span><\/span><span class=\"apple-converted-space\">\u00a0<\/span>en<span class=\"apple-converted-space\">\u00a0<\/span><span style=\"color: windowtext;text-decoration: none\">West Newbury<\/span>,<span class=\"apple-converted-space\">\u00a0<\/span><span style=\"color: windowtext;text-decoration: none\">Massachusetts<\/span>,<span class=\"apple-converted-space\">\u00a0<span style=\"color: #000000\">Estados Unidos<\/span><\/span>)<sup id=\"cite_ref-6\"><span style=\"color: windowtext;text-decoration: none\">6<\/span><\/sup><span class=\"apple-converted-space\">\u00a0<\/span>es un<span style=\"color: windowtext;text-decoration: none\">exfisiculturista<\/span>,<span class=\"apple-converted-space\">\u00a0<\/span><span style=\"color: windowtext;text-decoration: none\">actor<\/span>,<span class=\"apple-converted-space\">\u00a0<\/span><span style=\"color: windowtext;text-decoration: none\">cantante<\/span><sup id=\"cite_ref-tributeca_mundial_7-0\"><span style=\"color: windowtext;text-decoration: none\">7<\/span><\/sup><span class=\"apple-converted-space\">\u00a0<\/span>y<span class=\"apple-converted-space\">\u00a0<\/span><span style=\"color: windowtext;text-decoration: none\">luchador profesional<\/span><span class=\"apple-converted-space\">\u00a0<\/span><span style=\"color: windowtext;text-decoration: none\">estadounidense<\/span><span class=\"apple-converted-space\">\u00a0<\/span>que trabaja para la<span class=\"apple-converted-space\">\u00a0<\/span><span style=\"color: windowtext;text-decoration: none\">WWE<\/span><span class=\"apple-converted-space\">\u00a0<\/span>desde el a\u00f1o<span class=\"apple-converted-space\">\u00a0<\/span><span style=\"color: windowtext;text-decoration: none\">2001<\/span>.<sup id=\"cite_ref-OWOW_1-9\"><span style=\"color: windowtext;text-decoration: none\">1<\/span><\/sup><\/span><\/p>\n<p style=\"line-height: 16.8pt;background: white;text-align: start;margin: 6.0pt 0cm 6.0pt 0cm\"><span style=\"font-size: 10.5pt;font-family: 'Arial','sans-serif'\">Entre sus logros como luchador se destaca 15<span class=\"apple-converted-space\">\u00a0<\/span><span style=\"color: windowtext;text-decoration: none\">Campeonatos Mundiales<\/span>, 12 veces como<span class=\"apple-converted-space\">\u00a0<\/span><span style=\"color: windowtext;text-decoration: none\">Campe\u00f3n de la WWE<\/span><span class=\"apple-converted-space\">\u00a0<\/span>(su decimosegundo reinado como Campe\u00f3n Mundial Peso Pesado de la WWE, siendo adem\u00e1s el luchador que m\u00e1s veces ha obtenido el t\u00edtulo) y 3 veces como<span class=\"apple-converted-space\">\u00a0<\/span><span style=\"color: windowtext;text-decoration: none\">Campe\u00f3n Mundial Peso Pesado<\/span>, siendo as\u00ed el luchador con m\u00e1s t\u00edtulos mundiales de la WWE.,<sup id=\"cite_ref-8\"><span style=\"color: windowtext;text-decoration: none\">8<\/span><\/sup>(aunque<span class=\"apple-converted-space\">\u00a0<\/span><span style=\"color: windowtext;text-decoration: none\">Sting<\/span>, tambi\u00e9n es 15 veces campe\u00f3n mundial, nunca lo ha hecho para la<span class=\"apple-converted-space\">\u00a0<\/span><span style=\"color: windowtext;text-decoration: none\">WWE<\/span>). Tambi\u00e9n se destacan sus cinco reinados como<span class=\"apple-converted-space\">\u00a0<\/span><span style=\"color: windowtext;text-decoration: none\">Campe\u00f3n de los Estados Unidos de la WWE<\/span>, dos como<span class=\"apple-converted-space\">\u00a0<\/span><span style=\"color: windowtext;text-decoration: none\">Campe\u00f3n Mundial en Parejas<\/span>, y dos reinados como<span style=\"color: windowtext;text-decoration: none\">Campe\u00f3n en Parejas de la WWE<\/span>. Tambi\u00e9n fue el ganador de las ediciones del<span class=\"apple-converted-space\">\u00a0<\/span><span style=\"color: windowtext;text-decoration: none\">Royal Rumble<\/span><span class=\"apple-converted-space\">\u00a0<\/span>de los a\u00f1os<span class=\"apple-converted-space\">\u00a0<\/span><span style=\"color: windowtext;text-decoration: none\">2008<\/span><span class=\"apple-converted-space\">\u00a0<\/span>y<span class=\"apple-converted-space\">\u00a0<\/span><span style=\"color: windowtext;text-decoration: none\">2013<\/span>.<\/span><\/p>\n<p style=\"line-height: 16.8pt;background: white;text-align: start;margin: 6.0pt 0cm 6.0pt 0cm\">\n<p style=\"line-height: 16.8pt;background: white;text-align: start;margin: 6.0pt 0cm 6.0pt 0cm\">\n<p style=\"line-height: 16.8pt;text-align: center;margin: 6pt 0cm;background: white\"><strong>CM Punk<\/strong><\/p>\n<p style=\"line-height: 16.8pt;text-align: center;margin: 6pt 0cm;background: white\"><img loading=\"lazy\" decoding=\"async\" class=\"alignnone size-full wp-image-78\" src=\"http:\/\/blog.espol.edu.ec\/cesarsan\/files\/2016\/05\/CM-Punk-Sleeping.jpg\" alt=\"CM-Punk-Sleeping\" width=\"245\" height=\"378\" \/><\/p>\n<p><b>Phillip Jack \"Phil\" Brooks<\/b> (nacido el 26 de octubre de 1978), mejor conocido por su nombre art\u00edstico <b>CM Punk<\/b>,<sup id=\"cite_ref-uspto_1-1\" class=\"reference\">1<\/sup> <sup id=\"cite_ref-6\" class=\"reference\">6<\/sup> es un artista marcial mixto y antiguo luchador profesional estadounidense conocido por su trabajo en la WWE.<sup id=\"cite_ref-CMPunk_7-0\" class=\"reference\">7<\/sup> Ha sido considerado por la WWE como el \u00abCampe\u00f3n de la WWE con el m\u00e1s largo reinado de la era moderna\u00bb, habiendo ostentado el t\u00edtulo por 434 d\u00edas desde el 20 de noviembre de 2011 al 27 de enero de 2013. Punk es reconocido oficialmente como el sexto Campe\u00f3n de la WWEcon el reinado m\u00e1s largo de todos los tiempos.<sup id=\"cite_ref-8\" class=\"reference\">8<\/sup><\/p>\n<p>Punk ha sido siete veces Campe\u00f3n Mundial, tras haber conseguido un reinado como Campe\u00f3n Mundial de ROH, un reinado comoCampe\u00f3n Mundial de la ECW, tres reinados como Campe\u00f3n Mundial Peso Pesado y dos reinados como Campe\u00f3n de la WWE, siendo junto con Kane y Big Show el segundo luchador en conseguir los tres t\u00edtulos mundiales de la WWE.<sup id=\"cite_ref-CMPunk_7-1\" class=\"reference\">7<\/sup> Adem\u00e1s, posee un reinado como Campe\u00f3n Intercontinental, uno como Campe\u00f3n Mundial en Parejas, lo que le convierte en Campe\u00f3n de Triple Corona, adem\u00e1s gan\u00f3 dos Money in the Bank seguidos en WrestleMania XXIV y WrestleMania 25.<\/p>\n<p>Brooks es reconocido por seguir durante toda su carrera un estilo de vida <i>straight edge<\/i>, que consiste en la abstenci\u00f3n de bebidas alcoh\u00f3licas, cigarrillos y otras drogas recreativas, ideolog\u00eda que adhiere tanto en su <i>gimmick<\/i> como en su vida personal<\/p>\n<p>&nbsp;<\/p>\n<p style=\"text-align: center\"><strong>The Undertaker<\/strong><\/p>\n<p style=\"text-align: center\"><img loading=\"lazy\" decoding=\"async\" class=\"alignnone size-full wp-image-79\" src=\"http:\/\/blog.espol.edu.ec\/cesarsan\/files\/2016\/05\/The_Undertaker_WM30_entrance.jpg\" alt=\"The_Undertaker_WM30_entrance\" width=\"225\" height=\"299\" \/><\/p>\n<p><b>Mark William Calaway<\/b> (Houston, Texas, Estados Unidos; 24 de marzo de 1965),<sup id=\"cite_ref-houstonisd_6-0\" class=\"reference\">6<\/sup> <sup id=\"cite_ref-Puroresu_7-0\" class=\"reference\">7<\/sup> m\u00e1s conocido por su nombre en el ring <b>The Undertaker<\/b>, es un luchador profesional y actor estadounidense. Trabaja actualmente para la <i>WWE<\/i>, donde lleva trabajando ininterrumpidamente desde el a\u00f1o 1990, lo que le convierte en el luchador con m\u00e1s tiempo en la compa\u00f1\u00eda.<\/p>\n<p>Despu\u00e9s de luchar en la <i>World Championship Wrestling<\/i> (WCW) como <b>\u00abMean\u00bb Mark Callous<\/b> de 1989 a 1990, firm\u00f3 con la<i>World Wrestling Federation<\/i> (WWF, ahora <i>WWE<\/i>) en 1990. Como The Undertaker, su <i>gimmick<\/i> es el de una entidad de terror con temas din\u00e1micamente oscuros, macabros; que emplea t\u00e1cticas de miedo y tiene enlaces con lo sobrenatural. Dentro del <i>kayfabe<\/i>, The Undertaker es el medio hermano del tambi\u00e9n luchador de la <i>WWE<\/i>, Kane, con quien alternativamente se ha enfrentado y aliado como The Brothers of Destruction. Desde destronar a Hulk Hogan como Campe\u00f3n de la WWF en 1991, The Undertaker ha estado involucrado en numerosos argumentos fundamentales en la historia de la <i>WWE<\/i>.<sup id=\"cite_ref-WWEProfile_5-3\" class=\"reference\">5<\/sup><\/p>\n<p>The Undertaker es bien conocido por su racha, una racha sin precedentes de 21 victorias consecutivas en el pague-por-ver (PPV) l\u00edder de la <i>WWE<\/i>, <i>WrestleMania<\/i> (incluyendo combates en los eventos principales de <i>WrestleMania 13<\/i>, <i>WrestleMania XXIV<\/i>, y <i>WrestleMania XXVI<\/i>); teniendo su primera derrota en <i>WrestleMania XXX<\/i> a manos de Brock Lesnar.<sup id=\"cite_ref-WrestlemaniaStreakPlaylist_8-0\" class=\"reference\">8<\/sup> Tambi\u00e9n fue ganador del<i>Royal Rumble<\/i> 2007. Entre otros reconocimientos, Calaway es un ocho veces campe\u00f3n mundial, despu\u00e9s de haber ganado el Campeonato de la WWF\/E en cuatro ocasiones, el Campeonato Mundial Peso Pesado tres veces y el Campeonato Mundial Peso Pesado Unificado de la USWA una vez.<\/p>\n<p>&nbsp;<\/p>\n<p style=\"text-align: center\"><strong>Natalya<\/strong><\/p>\n<p style=\"text-align: center\"><img loading=\"lazy\" decoding=\"async\" class=\"alignnone size-full wp-image-80\" src=\"http:\/\/blog.espol.edu.ec\/cesarsan\/files\/2016\/05\/Natalya_March_2015_cropped.jpg\" alt=\"Natalya_March_2015_(cropped)\" width=\"240\" height=\"426\" \/><\/p>\n<p><b>Natalie Katherine \"Nattie\" Neidhart Wilson<\/b><sup id=\"cite_ref-OWOW_1-0\" class=\"reference\">1<\/sup> <sup id=\"cite_ref-Cage_2-0\" class=\"reference\">2<\/sup> (27 de mayo de 1982) es una actriz y luchadora profesional canadiense que trabaja actualmente en la <i>WWE<\/i> bajo el nombre de <b>Natalya<\/b>. Dentro de sus logros se destaca un reinado como Campeona de Divas de la WWE.<\/p>\n<p>Es la hija del ex-luchador Jim \"the Anvil\" Neidhart, yerno de Stu Hart y sobrina del miembro del sal\u00f3n de la fama de WWE Bret Hartsiendo la tercera generaci\u00f3n de una familia de luchadores. Como miembro de la familia Hart es la prima de los luchadores Harry Smith y Teddy Hart y es esposa del luchador Tyson Kidd.<\/p>\n","protected":false},"excerpt":{"rendered":"<p>John Cena John Felix Anthony Cena1\u00a03\u00a05\u00a0(nacido el\u00a023 de abril\u00a0de\u00a01977\u00a0en\u00a0West Newbury,\u00a0Massachusetts,\u00a0Estados Unidos)6\u00a0es unexfisiculturista,\u00a0actor,\u00a0cantante7\u00a0y\u00a0luchador profesional\u00a0estadounidense\u00a0que trabaja para la\u00a0WWE\u00a0desde el a\u00f1o\u00a02001.1 Entre sus logros como luchador se destaca 15\u00a0Campeonatos Mundiales, 12 veces como\u00a0Campe\u00f3n de la WWE\u00a0(su decimosegundo reinado como Campe\u00f3n Mundial Peso Pesado de la WWE, siendo adem\u00e1s el luchador que m\u00e1s veces ha obtenido el t\u00edtulo) y [&hellip;]<\/p>\n","protected":false},"author":10285,"featured_media":0,"parent":0,"menu_order":0,"comment_status":"closed","ping_status":"closed","template":"","meta":{"footnotes":""},"class_list":["post-10","page","type-page","status-publish","hentry"],"_links":{"self":[{"href":"https:\/\/blog.espol.edu.ec\/cesarsan\/wp-json\/wp\/v2\/pages\/10","targetHints":{"allow":["GET"]}}],"collection":[{"href":"https:\/\/blog.espol.edu.ec\/cesarsan\/wp-json\/wp\/v2\/pages"}],"about":[{"href":"https:\/\/blog.espol.edu.ec\/cesarsan\/wp-json\/wp\/v2\/types\/page"}],"author":[{"embeddable":true,"href":"https:\/\/blog.espol.edu.ec\/cesarsan\/wp-json\/wp\/v2\/users\/10285"}],"replies":[{"embeddable":true,"href":"https:\/\/blog.espol.edu.ec\/cesarsan\/wp-json\/wp\/v2\/comments?post=10"}],"version-history":[{"count":5,"href":"https:\/\/blog.espol.edu.ec\/cesarsan\/wp-json\/wp\/v2\/pages\/10\/revisions"}],"predecessor-version":[{"id":81,"href":"https:\/\/blog.espol.edu.ec\/cesarsan\/wp-json\/wp\/v2\/pages\/10\/revisions\/81"}],"wp:attachment":[{"href":"https:\/\/blog.espol.edu.ec\/cesarsan\/wp-json\/wp\/v2\/media?parent=10"}],"curies":[{"name":"wp","href":"https:\/\/api.w.org\/{rel}","templated":true}]}}