{"id":111,"date":"2013-06-07T00:35:04","date_gmt":"2013-06-07T00:35:04","guid":{"rendered":"http:\/\/blog.espol.edu.ec\/cevadiaz\/?page_id=111"},"modified":"2013-06-07T23:27:12","modified_gmt":"2013-06-07T23:27:12","slug":"bienvenidos-a-mi-blog","status":"publish","type":"page","link":"https:\/\/blog.espol.edu.ec\/cevadiaz\/bienvenidos-a-mi-blog\/","title":{"rendered":"BIENVENIDOS A MI BLOG..!"},"content":{"rendered":"<p style=\"padding-left: 30px\"><img loading=\"lazy\" decoding=\"async\" class=\"alignleft\" src=\"https:\/\/fbcdn-sphotos-d-a.akamaihd.net\/hphotos-ak-frc1\/580551_661572997201553_316582270_n.jpg\" alt=\"\" width=\"294\" height=\"198\" \/><\/p>\n<p><strong>\u00a0<\/strong><\/p>\n<p style=\"padding-left: 30px\"><strong>\u00a0<\/strong><\/p>\n<p style=\"padding-left: 60px;text-align: justify\"><strong><span style=\"color: #0000ff\"><em>\u00a0 \u00a0 \u00a1HOLA VISITANTES..! <\/em>\ud83d\ude00<\/span><\/strong><\/p>\n<p style=\"padding-left: 60px;text-align: justify\">\u00a0Soy Cecilia D\u00edaz<\/p>\n<p style=\"padding-left: 60px;text-align: justify\">\u00a0Nac\u00ed en la ciudad de Guayaquil, Ecuador.<\/p>\n<p style=\"padding-left: 60px;text-align: justify\">\u00a0Estudio Licenciatura en Turismo en la <a title=\"Espol\" href=\"http:\/\/www.espol.edu.ec\/\" target=\"_blank\">Espol<\/a>.<\/p>\n<p style=\"padding-left: 60px\"><em><strong><span style=\"color: #339966\">\u00a0\"GRAFFITOX\"\u00a0<\/span><\/strong><\/em>est\u00e1 dedicado al dibujo libre y art\u00edstico, que es algo que \u00a0me apasiona y quisiera compartir con ustedes.<\/p>\n<p style=\"padding-left: 60px;text-align: center\"><img loading=\"lazy\" decoding=\"async\" class=\"aligncenter\" src=\"http:\/\/img.irtve.es\/imagenes\/emma-rios-dibujante-comics\/1292365375489.jpg\" alt=\"\" width=\"512\" height=\"384\" \/><\/p>\n<p style=\"padding-left: 60px\">Aqu\u00ed explicare una breve rese\u00f1a hist\u00f3rica (y prehist\u00f3rica) acerca del arte de dibujar, sus inicios, su evoluci\u00f3n y su desenvolvimiento hasta la era actual.<\/p>\n<p style=\"padding-left: 60px\">Conoceremos algunas clasificaciones del arte gr\u00e1fico, con im\u00e1genes, videos y mucho m\u00e1s.<\/p>\n<p style=\"padding-left: 60px\">Espero que mi blog sea de tu agrado, cualquier comentario o sugerencia ser\u00e1 bienvenido ^^<\/p>\n<p style=\"padding-left: 60px\">Encuentrame en facebook:<\/p>\n<p style=\"padding-left: 60px\"><a href=\"http:\/\/blog.espol.edu.ec\/cevadiaz\/files\/2013\/06\/badge.php_.jpg\"><img loading=\"lazy\" decoding=\"async\" class=\"size-full wp-image-142 alignleft\" src=\"http:\/\/blog.espol.edu.ec\/cevadiaz\/files\/2013\/06\/badge.php_.jpg\" alt=\"\" width=\"120\" height=\"239\" \/><\/a><\/p>\n<p style=\"padding-left: 60px\"><a title=\"Vane Abyss D\u00edaz\" href=\"https:\/\/www.facebook.com\/vane.diaz.397\">Vane Abyss D\u00edaz<\/a><\/p>\n","protected":false},"excerpt":{"rendered":"<p>\u00a0 \u00a0 \u00a0 \u00a0 \u00a1HOLA VISITANTES..! \ud83d\ude00 \u00a0Soy Cecilia D\u00edaz \u00a0Nac\u00ed en la ciudad de Guayaquil, Ecuador. \u00a0Estudio Licenciatura en Turismo en la Espol. \u00a0\"GRAFFITOX\"\u00a0est\u00e1 dedicado al dibujo libre y art\u00edstico, que es algo que \u00a0me apasiona y quisiera compartir con ustedes. Aqu\u00ed explicare una breve rese\u00f1a hist\u00f3rica (y prehist\u00f3rica) acerca del arte de dibujar, [&hellip;]<\/p>\n","protected":false},"author":8591,"featured_media":0,"parent":0,"menu_order":0,"comment_status":"open","ping_status":"open","template":"","meta":{"footnotes":""},"class_list":["post-111","page","type-page","status-publish","hentry"],"_links":{"self":[{"href":"https:\/\/blog.espol.edu.ec\/cevadiaz\/wp-json\/wp\/v2\/pages\/111","targetHints":{"allow":["GET"]}}],"collection":[{"href":"https:\/\/blog.espol.edu.ec\/cevadiaz\/wp-json\/wp\/v2\/pages"}],"about":[{"href":"https:\/\/blog.espol.edu.ec\/cevadiaz\/wp-json\/wp\/v2\/types\/page"}],"author":[{"embeddable":true,"href":"https:\/\/blog.espol.edu.ec\/cevadiaz\/wp-json\/wp\/v2\/users\/8591"}],"replies":[{"embeddable":true,"href":"https:\/\/blog.espol.edu.ec\/cevadiaz\/wp-json\/wp\/v2\/comments?post=111"}],"version-history":[{"count":4,"href":"https:\/\/blog.espol.edu.ec\/cevadiaz\/wp-json\/wp\/v2\/pages\/111\/revisions"}],"predecessor-version":[{"id":141,"href":"https:\/\/blog.espol.edu.ec\/cevadiaz\/wp-json\/wp\/v2\/pages\/111\/revisions\/141"}],"wp:attachment":[{"href":"https:\/\/blog.espol.edu.ec\/cevadiaz\/wp-json\/wp\/v2\/media?parent=111"}],"curies":[{"name":"wp","href":"https:\/\/api.w.org\/{rel}","templated":true}]}}