{"id":52,"date":"2009-03-04T13:39:16","date_gmt":"2009-03-04T18:39:16","guid":{"rendered":"http:\/\/blog.espol.edu.ec\/cgcevall\/?page_id=52"},"modified":"2009-03-04T13:48:24","modified_gmt":"2009-03-04T18:48:24","slug":"salud-nutricion","status":"publish","type":"page","link":"https:\/\/blog.espol.edu.ec\/cgcevall\/salud-nutricion\/","title":{"rendered":"Salud - Nutrici\u00f3n"},"content":{"rendered":"<h2 style=\"margin: auto 0cm;text-align: center\"><span style=\"font-size: 24pt;color: #ff99cc;font-family: &quot;Edwardian Script ITC&amp;quot\"><a href=\"http:\/\/blog.espol.edu.ec\/cgcevall\/files\/2009\/03\/images82.jpg\"><\/a>Necesidades nutricionales humanas<\/span><\/h2>\n<p class=\"MsoNormal\" style=\"margin: 0cm 0cm 0pt;text-align: left\"><strong><span style=\"font-size: small\"><span style=\"font-family: Times New Roman\">Los seres humanos necesitamos para sobrevivir y desarrollarnos normalmente, solamente una peque\u00f1a cantidad de componentes individuales.<\/span><\/span><\/strong><\/p>\n<p class=\"MsoNormal\" style=\"margin: 0cm 0cm 0pt;text-align: left\"><span style=\"font-size: small\"><span style=\"font-family: Times New Roman\">La <strong>alimentaci\u00f3n<\/strong> consiste en la obtenci\u00f3n, preparaci\u00f3n e ingestion de alimentos. Por el contrario, la nutrici\u00f3n es el conjunto de procesos fisiol\u00f3gicos mediante el cual los alimentos ingeridos se transforman y se asimilan, es decir, se incorporan al organismo de los seres vivos, que deben hacer conciencia (aprender) acerca de lo que ingieren, para qu\u00e9 lo ingieren, cu\u00e1l es su utilidad, cu\u00e1les son los riesgos. As\u00ed pues, la <strong>alimentaci\u00f3n<\/strong> es un acto voluntario y la nutrici\u00f3n es un acto involuntario. Otro concepto vinculado a la <strong>alimentaci\u00f3n<\/strong>, sin ser sin\u00f3nimo, es el de dieta.\u00a0<strong>\u00a0<\/strong><\/span><\/span><\/p>\n<p class=\"MsoNormal\" style=\"margin: 0cm 0cm 0pt;text-align: left\"><span style=\"font-size: small\"><span style=\"font-family: Times New Roman\"><strong><\/strong><\/span><\/span><\/p>\n<p class=\"MsoNormal\" style=\"text-align: center\"><span style=\"font-size: small\"><span style=\"font-family: Times New Roman\"><strong><span class=\"mw-headline\">Alimentaci\u00f3n humana<\/span> <\/strong><\/span><\/span><\/p>\n<p class=\"MsoNormal\" style=\"margin: 0cm 0cm 0pt;text-align: left\"><span style=\"font-size: small\"><span style=\"font-family: Times New Roman\"><strong><img loading=\"lazy\" decoding=\"async\" class=\"size-medium wp-image-53               alignleft\" src=\"http:\/\/blog.espol.edu.ec\/cgcevall\/files\/2009\/03\/images2.jpg\" alt=\"\" width=\"139\" height=\"92\" \/><\/strong><\/span><\/span><\/p>\n<p>\u00a0<\/p>\n<div><span style=\"font-size: small\"><\/span><\/div>\n<p><span style=\"font-size: small\"><span style=\"font-family: Times New Roman\"><font size=\"3\"><font face=\"Times New Roman\"><\/p>\n<div>Los seres humanos necesitan, adem\u00e1s del agua que es vital, una ingesti\u00f3n de alimentos variada y equilibrada. La raz\u00f3n es que no existe un \u00fanico alimento que proporcione todos los nutrientes para mantener la vida y la salud. El consumo regular de un conjunto de alimentos (dieta) debe proporcionar las cantidades adecuadas de prote\u00ednas, l\u00edpidos, gl\u00facidos, vitaminas y minerales. La base de una buena nutrici\u00f3n reside en el equilibrio, la variedad y la moderaci\u00f3n de nuestra alimentaci\u00f3n. Pero la alimentaci\u00f3n moderna urbana es muy a menudo desequilibrada, desestructurada y se suele juntar con una vida cada vez m\u00e1s sedentaria.<\/div>\n<p><\/font><\/font><\/span><font size=\"3\"><\/font><\/span><\/p>\n","protected":false},"excerpt":{"rendered":"<p>Necesidades nutricionales humanas Los seres humanos necesitamos para sobrevivir y desarrollarnos normalmente, solamente una peque\u00f1a cantidad de componentes individuales. La alimentaci\u00f3n consiste en la obtenci\u00f3n, preparaci\u00f3n e ingestion de alimentos. Por el contrario, la nutrici\u00f3n es el conjunto de procesos fisiol\u00f3gicos mediante el cual los alimentos ingeridos se transforman y se asimilan, es decir, se [&hellip;]<\/p>\n","protected":false},"author":1316,"featured_media":0,"parent":0,"menu_order":0,"comment_status":"open","ping_status":"open","template":"","meta":{"footnotes":""},"class_list":["post-52","page","type-page","status-publish","hentry"],"_links":{"self":[{"href":"https:\/\/blog.espol.edu.ec\/cgcevall\/wp-json\/wp\/v2\/pages\/52","targetHints":{"allow":["GET"]}}],"collection":[{"href":"https:\/\/blog.espol.edu.ec\/cgcevall\/wp-json\/wp\/v2\/pages"}],"about":[{"href":"https:\/\/blog.espol.edu.ec\/cgcevall\/wp-json\/wp\/v2\/types\/page"}],"author":[{"embeddable":true,"href":"https:\/\/blog.espol.edu.ec\/cgcevall\/wp-json\/wp\/v2\/users\/1316"}],"replies":[{"embeddable":true,"href":"https:\/\/blog.espol.edu.ec\/cgcevall\/wp-json\/wp\/v2\/comments?post=52"}],"version-history":[{"count":6,"href":"https:\/\/blog.espol.edu.ec\/cgcevall\/wp-json\/wp\/v2\/pages\/52\/revisions"}],"predecessor-version":[{"id":70,"href":"https:\/\/blog.espol.edu.ec\/cgcevall\/wp-json\/wp\/v2\/pages\/52\/revisions\/70"}],"wp:attachment":[{"href":"https:\/\/blog.espol.edu.ec\/cgcevall\/wp-json\/wp\/v2\/media?parent=52"}],"curies":[{"name":"wp","href":"https:\/\/api.w.org\/{rel}","templated":true}]}}