{"id":71,"date":"2009-03-04T13:54:44","date_gmt":"2009-03-04T18:54:44","guid":{"rendered":"http:\/\/blog.espol.edu.ec\/cgcevall\/?page_id=71"},"modified":"2009-03-04T13:54:45","modified_gmt":"2009-03-04T18:54:45","slug":"problemas-alimentarios","status":"publish","type":"page","link":"https:\/\/blog.espol.edu.ec\/cgcevall\/problemas-alimentarios\/","title":{"rendered":"Problemas Alimentarios"},"content":{"rendered":"<h2>\n<p style=\"text-align: center\"><strong><span style=\"font-size: 14pt;color: #b2a1c7\"><span style=\"font-family: Times New Roman\">Des\u00f3rdenes Alimentarios<\/span><\/span><\/strong><\/p>\n<\/h2>\n<p>La mala alimentaci\u00f3n, sumada a los trastornos psicol\u00f3gicos y\/o ps\u00edquicos derivados, puede ser la causa de diversas enfermedades, de las que cabe destacar cuatro como las m\u00e1s importantes:<\/p>\n<ul>\n<li>Obesidad<\/li>\n<\/ul>\n<p><a href=\"http:\/\/blog.espol.edu.ec\/cgcevall\/files\/2009\/03\/images62.jpg\"><img loading=\"lazy\" decoding=\"async\" class=\"alignnone size-medium wp-image-72\" src=\"http:\/\/blog.espol.edu.ec\/cgcevall\/files\/2009\/03\/images62.jpg\" alt=\"\" width=\"123\" height=\"92\" \/><\/a><\/p>\n<ul>\n<li>Anorexia<\/li>\n<\/ul>\n<p><a href=\"http:\/\/blog.espol.edu.ec\/cgcevall\/files\/2009\/03\/images42.jpg\"><img loading=\"lazy\" decoding=\"async\" class=\"alignnone size-medium wp-image-73\" src=\"http:\/\/blog.espol.edu.ec\/cgcevall\/files\/2009\/03\/images42.jpg\" alt=\"\" width=\"133\" height=\"105\" \/><\/a><\/p>\n<ul>\n<li>Bulimia<\/li>\n<\/ul>\n<p><a href=\"http:\/\/blog.espol.edu.ec\/cgcevall\/files\/2009\/03\/images84.jpg\"><img loading=\"lazy\" decoding=\"async\" class=\"alignnone size-medium wp-image-74\" src=\"http:\/\/blog.espol.edu.ec\/cgcevall\/files\/2009\/03\/images84.jpg\" alt=\"\" width=\"104\" height=\"131\" \/><\/a><\/p>\n<ul>\n<li>Depresi\u00f3n<\/li>\n<\/ul>\n<p><a href=\"http:\/\/blog.espol.edu.ec\/cgcevall\/files\/2009\/03\/images93.jpg\"><img loading=\"lazy\" decoding=\"async\" class=\"alignnone size-medium wp-image-75\" src=\"http:\/\/blog.espol.edu.ec\/cgcevall\/files\/2009\/03\/images93.jpg\" alt=\"\" width=\"125\" height=\"83\" \/><\/a><\/p>\n<p>Se considera que una persona sufre trastornos de la conducta alimentaria cuando tiene una excesiva preocupaci\u00f3n por su peso y la comida. Los m\u00e1s frecuentes son anorexia nerviosa y bulimia nerviosa, entre otros. Los trastornos alimentarios no suceden por falta de voluntad o por mal comportamiento, son enfermedades reales que se pueden recuperar y prevenir. Si no son tratados a tiempo pueden causar serios problemas de salud.<\/p>\n<p><strong>A qui\u00e9nes afectan:<\/strong> Afectan principalmente a los adolescentes y con mayor frecuencia a las mujeres.<\/p>\n<p><strong>Por qu\u00e9 se producen:<\/strong> Generalmente se inician con la pr\u00e1ctica de dietas muy estrictas para bajar de peso hasta el deseo de adelgazar y el control de la comida se transforma en la \u00fanica preocupaci\u00f3n.<\/p>\n<p>Diversos factores favorecen su desarrollo:<\/p>\n<ul>\n<li>Baja autoestima.<\/li>\n<li>La dificultad para resolver determinados problemas.<\/li>\n<li>Dificultades en las relaciones familiares.<\/li>\n<li>Modelos de belleza muy delgados que aparecen en los medios de comunicaci\u00f3n.<\/li>\n<\/ul>\n<p><strong>Prevenci\u00f3n<\/strong><\/p>\n<ul>\n<li>Realizar una alimentaci\u00f3n saludable.<\/li>\n<li>Aprovechar el momento de las comidas para el encuentro y el di\u00e1logo con tu familia o amigos.<\/li>\n<li>No utilizar los alimentos como consuelo, premios o castigos.<\/li>\n<li>Practicar ejercicios que te diviertan.<\/li>\n<li>Valor\u00e1 tu ser interior y tu salud, no vivas en funci\u00f3n de la imagen de tu cuerpo.<\/li>\n<\/ul>\n<p><a id=\"V.C3.A9ase_tambi.C3.A9n\" name=\"V.C3.A9ase_tambi.C3.A9n\"><\/a><\/p>\n","protected":false},"excerpt":{"rendered":"<p>Des\u00f3rdenes Alimentarios La mala alimentaci\u00f3n, sumada a los trastornos psicol\u00f3gicos y\/o ps\u00edquicos derivados, puede ser la causa de diversas enfermedades, de las que cabe destacar cuatro como las m\u00e1s importantes: Obesidad Anorexia Bulimia Depresi\u00f3n Se considera que una persona sufre trastornos de la conducta alimentaria cuando tiene una excesiva preocupaci\u00f3n por su peso y la [&hellip;]<\/p>\n","protected":false},"author":1316,"featured_media":0,"parent":0,"menu_order":0,"comment_status":"open","ping_status":"open","template":"","meta":{"footnotes":""},"class_list":["post-71","page","type-page","status-publish","hentry"],"_links":{"self":[{"href":"https:\/\/blog.espol.edu.ec\/cgcevall\/wp-json\/wp\/v2\/pages\/71","targetHints":{"allow":["GET"]}}],"collection":[{"href":"https:\/\/blog.espol.edu.ec\/cgcevall\/wp-json\/wp\/v2\/pages"}],"about":[{"href":"https:\/\/blog.espol.edu.ec\/cgcevall\/wp-json\/wp\/v2\/types\/page"}],"author":[{"embeddable":true,"href":"https:\/\/blog.espol.edu.ec\/cgcevall\/wp-json\/wp\/v2\/users\/1316"}],"replies":[{"embeddable":true,"href":"https:\/\/blog.espol.edu.ec\/cgcevall\/wp-json\/wp\/v2\/comments?post=71"}],"version-history":[{"count":3,"href":"https:\/\/blog.espol.edu.ec\/cgcevall\/wp-json\/wp\/v2\/pages\/71\/revisions"}],"predecessor-version":[{"id":78,"href":"https:\/\/blog.espol.edu.ec\/cgcevall\/wp-json\/wp\/v2\/pages\/71\/revisions\/78"}],"wp:attachment":[{"href":"https:\/\/blog.espol.edu.ec\/cgcevall\/wp-json\/wp\/v2\/media?parent=71"}],"curies":[{"name":"wp","href":"https:\/\/api.w.org\/{rel}","templated":true}]}}

<h2>
<p style="text-align: center"><strong><span style="font-size: 14pt;color: #b2a1c7"><span style="font-family: Times New Roman">Desórdenes Alimentarios</span></span></strong></p>
</h2>
<p>La mala alimentación, sumada a los trastornos psicológicos y/o psíquicos derivados, puede ser la causa de diversas enfermedades, de las que cabe destacar cuatro como las más importantes:</p>
<ul>
<li>Obesidad</li>
</ul>
<p><a href="http://blog.espol.edu.ec/cgcevall/files/2009/03/images62.jpg"><img loading="lazy" decoding="async" class="alignnone size-medium wp-image-72" src="http://blog.espol.edu.ec/cgcevall/files/2009/03/images62.jpg" alt="" width="123" height="92" /></a></p>
<ul>
<li>Anorexia</li>
</ul>
<p><a href="http://blog.espol.edu.ec/cgcevall/files/2009/03/images42.jpg"><img loading="lazy" decoding="async" class="alignnone size-medium wp-image-73" src="http://blog.espol.edu.ec/cgcevall/files/2009/03/images42.jpg" alt="" width="133" height="105" /></a></p>
<ul>
<li>Bulimia</li>
</ul>
<p><a href="http://blog.espol.edu.ec/cgcevall/files/2009/03/images84.jpg"><img loading="lazy" decoding="async" class="alignnone size-medium wp-image-74" src="http://blog.espol.edu.ec/cgcevall/files/2009/03/images84.jpg" alt="" width="104" height="131" /></a></p>
<ul>
<li>Depresión</li>
</ul>
<p><a href="http://blog.espol.edu.ec/cgcevall/files/2009/03/images93.jpg"><img loading="lazy" decoding="async" class="alignnone size-medium wp-image-75" src="http://blog.espol.edu.ec/cgcevall/files/2009/03/images93.jpg" alt="" width="125" height="83" /></a></p>
<p>Se considera que una persona sufre trastornos de la conducta alimentaria cuando tiene una excesiva preocupación por su peso y la comida. Los más frecuentes son anorexia nerviosa y bulimia nerviosa, entre otros. Los trastornos alimentarios no suceden por falta de voluntad o por mal comportamiento, son enfermedades reales que se pueden recuperar y prevenir. Si no son tratados a tiempo pueden causar serios problemas de salud.</p>
<p><strong>A quiénes afectan:</strong> Afectan principalmente a los adolescentes y con mayor frecuencia a las mujeres.</p>
<p><strong>Por qué se producen:</strong> Generalmente se inician con la práctica de dietas muy estrictas para bajar de peso hasta el deseo de adelgazar y el control de la comida se transforma en la única preocupación.</p>
<p>Diversos factores favorecen su desarrollo:</p>
<ul>
<li>Baja autoestima.</li>
<li>La dificultad para resolver determinados problemas.</li>
<li>Dificultades en las relaciones familiares.</li>
<li>Modelos de belleza muy delgados que aparecen en los medios de comunicación.</li>
</ul>
<p><strong>Prevención</strong></p>
<ul>
<li>Realizar una alimentación saludable.</li>
<li>Aprovechar el momento de las comidas para el encuentro y el diálogo con tu familia o amigos.</li>
<li>No utilizar los alimentos como consuelo, premios o castigos.</li>
<li>Practicar ejercicios que te diviertan.</li>
<li>Valorá tu ser interior y tu salud, no vivas en función de la imagen de tu cuerpo.</li>
</ul>
<p><a id="V.C3.A9ase_tambi.C3.A9n" name="V.C3.A9ase_tambi.C3.A9n"></a></p>

<p>Desórdenes Alimentarios La mala alimentación, sumada a los trastornos psicológicos y/o psíquicos derivados, puede ser la causa de diversas enfermedades, de las que cabe destacar cuatro como las más importantes: Obesidad Anorexia Bulimia Depresión Se considera que una persona sufre trastornos de la conducta alimentaria cuando tiene una excesiva preocupación por su peso y la [&hellip;]</p>
