{"id":487,"date":"2016-10-22T03:52:55","date_gmt":"2016-10-22T08:52:55","guid":{"rendered":"http:\/\/blog.espol.edu.ec\/cjbernal\/?page_id=487"},"modified":"2016-10-22T03:52:55","modified_gmt":"2016-10-22T08:52:55","slug":"bienvenidos","status":"publish","type":"page","link":"https:\/\/blog.espol.edu.ec\/cjbernal\/bienvenidos\/","title":{"rendered":"Bienvenidos!"},"content":{"rendered":"<p>Hola que tal este es mi espacio en el blog de la <a title=\"ESPOL SIdweb Oficial\" href=\"http:\/\/www.espol.edu.ec\" target=\"_blank\">ESPOL<\/a>, tiene un poco de todo: documentos, trabajos de la universidad, libros de ingenier\u00eda; tambi\u00e9n hay\u00a0<a title=\"Fotos del blog\" href=\"http:\/\/blog.espol.edu.ec\/cjbernal\/companeros-de-la-u\/\" target=\"_self\">fotos<\/a>, <a title=\"Videos del blog\" href=\"http:\/\/blog.espol.edu.ec\/cjbernal\/videos-con-los-panas\/\" target=\"_self\">videos<\/a>, <a title=\"El Metal\" href=\"http:\/\/blog.espol.edu.ec\/cjbernal\/el-metal-historia-generos-y-controversias\/\" target=\"_self\">historias<\/a>, mensajes, <a title=\"Mensaje para amigos\" href=\"http:\/\/blog.espol.edu.ec\/cjbernal\/para-los-amigos\/\" target=\"_self\">cosas que he\u00a0escrito <\/a>y creaciones por parte de algunos amigos que en un tiempo me parecieron\u00a0importantes y considero que deber\u00edan ser le\u00eddas. Tambi\u00e9n cuenta con muchos\u00a0enlaces que te ayudaran a entender un poco m\u00e1s\u00a0del tema al que me estoy refiriendo.<\/p>\n<p>Estar\u00e9 publicando otros art\u00edculos y actualizando los datos del blog con cosas nuevas e interesantes<\/p>\n<p>Espero les sea de mucha ayuda, y cualquier observaci\u00f3n, sugerencia o consulta, no duden en escribirme a mi correo; saludos a todos.<\/p>\n<p style=\"text-align: right\"><em>Carlos Bernal A<\/em><\/p>\n","protected":false},"excerpt":{"rendered":"<p>Hola que tal este es mi espacio en el blog de la ESPOL, tiene un poco de todo: documentos, trabajos de la universidad, libros de ingenier\u00eda; tambi\u00e9n hay\u00a0fotos, videos, historias, mensajes, cosas que he\u00a0escrito y creaciones por parte de algunos amigos que en un tiempo me parecieron\u00a0importantes y considero que deber\u00edan ser le\u00eddas. Tambi\u00e9n cuenta [&hellip;]<\/p>\n","protected":false},"author":659,"featured_media":0,"parent":0,"menu_order":0,"comment_status":"closed","ping_status":"closed","template":"","meta":{"footnotes":""},"class_list":["post-487","page","type-page","status-publish","hentry"],"_links":{"self":[{"href":"https:\/\/blog.espol.edu.ec\/cjbernal\/wp-json\/wp\/v2\/pages\/487","targetHints":{"allow":["GET"]}}],"collection":[{"href":"https:\/\/blog.espol.edu.ec\/cjbernal\/wp-json\/wp\/v2\/pages"}],"about":[{"href":"https:\/\/blog.espol.edu.ec\/cjbernal\/wp-json\/wp\/v2\/types\/page"}],"author":[{"embeddable":true,"href":"https:\/\/blog.espol.edu.ec\/cjbernal\/wp-json\/wp\/v2\/users\/659"}],"replies":[{"embeddable":true,"href":"https:\/\/blog.espol.edu.ec\/cjbernal\/wp-json\/wp\/v2\/comments?post=487"}],"version-history":[{"count":1,"href":"https:\/\/blog.espol.edu.ec\/cjbernal\/wp-json\/wp\/v2\/pages\/487\/revisions"}],"predecessor-version":[{"id":488,"href":"https:\/\/blog.espol.edu.ec\/cjbernal\/wp-json\/wp\/v2\/pages\/487\/revisions\/488"}],"wp:attachment":[{"href":"https:\/\/blog.espol.edu.ec\/cjbernal\/wp-json\/wp\/v2\/media?parent=487"}],"curies":[{"name":"wp","href":"https:\/\/api.w.org\/{rel}","templated":true}]}}