{"id":148,"date":"2015-06-01T15:36:19","date_gmt":"2015-06-01T15:36:19","guid":{"rendered":"http:\/\/blog.espol.edu.ec\/clalutel\/?page_id=148"},"modified":"2015-06-01T15:36:19","modified_gmt":"2015-06-01T15:36:19","slug":"perros","status":"publish","type":"page","link":"https:\/\/blog.espol.edu.ec\/clalutel\/perros\/","title":{"rendered":"Perros"},"content":{"rendered":"<h1>\u00bfC\u00f3mo evitar una pelea de perros?<\/h1>\n<p><img loading=\"lazy\" decoding=\"async\" class=\"aligncenter size-full wp-image-897\" title=\"mordeduras-perro\" src=\"http:\/\/www.blogdelperro.com\/wp-content\/uploads\/mordeduras-perro.jpg\" alt=\"\" width=\"306\" height=\"400\" \/><\/p>\n<p>Seguro que muchos de los que nos leen les ha pasado el verse envueltos en un <strong>pelea\u00a0de\u00a0<a href=\"http:\/\/www.blogdelperro.com\/\">perros<\/a><\/strong> y se han quedado como estatuas de sal sin saber reaccionar a la situaci\u00f3n.<\/p>\n<p>En primer lugar es bueno saber el motivo por el cual una <strong>pelea de perros<\/strong> se puede ocasionar, el denominador com\u00fan es siempre la jerarqu\u00eda de uno sobre el otro, luego hay que revisar la situaci\u00f3n concreta la cual puede ser la que activa la pelea.<\/p>\n<p>Existe alguna excepci\u00f3n donde la territorialidad o la posesi\u00f3n sean el desencadenante pero no es muy com\u00fan que\u00a0suceda en la calle, donde estamos en un terreno neutral, y normalmente a no ser que llevemos la pelota dificilmente haya motivos para enfrentarse a un <a href=\"http:\/\/www.blogdelperro.com\/categoria\/razas-de-perros\/\">perro<\/a>.<\/p>\n<p>Los perros antes de atacar avisan, os recomiendo leer este post sobre el <a href=\"http:\/\/www.blogdelperro.com\/lenguaje-canino\/lenguaje-de-los-perros-i\/\">lenguaje de los perros<\/a>\u2026 para poder intuir y adelantarse a la situaci\u00f3n de lucha.<\/p>\n<p>Cuando ya esta la batalla en marcha normalmente si no tenemos sangre fr\u00eda es cuando cometemos errores muy comunes como:<\/p>\n<ul>\n<li><em>Gritar:<\/em> Esto alienta a los perros a pelear<\/li>\n<li><em>Castigar fisicamente:<\/em> Pasa lo mismo que si gritamos les estamos animando y se ponene aun mas tensos<\/li>\n<li><em>Tirar de la correa hacia atr\u00e1s:<\/em> Esto no sirve de nada dado que el perro en ese estado de tensi\u00f3n no nota ansolutamente nada<\/li>\n<\/ul>\n<p>Estos son los tres m\u00e1s comunes, y todos vienen provocados por la histeria y el bloqueo en las personas. Grave error ya que no conseguimos detener la pelea.<\/p>\n<p>Para <strong>evitar un pelea de perros<\/strong>, si estamos solos y podemos con el tama\u00f1o de los perros, la mejor soluci\u00f3n de todas es levantarlos por el pellejo del pescuezo, no por el collar los ahorcariamos, por la piel del pescuezo, eso es lo que sus madres hacen para rega\u00f1arlos, si los levantan del suelo se sentir\u00e1n inseguros y parar\u00e1n, puede que se ense\u00f1en los dientes, pero acabar\u00e1n cansandose.<\/p>\n<p>Si son los dos amos deberia cada uno hacer esta acci\u00f3n con su perro.<\/p>\n<p>Nunca hay que soltarlos porque empezaria el segundo Round!!<\/p>\n<p>Si los perros tienen un tama\u00f1o grande y se est\u00e1 solo\u2026 Tenemos que hilar muy fino y determinar qui\u00e9n de los dos es el m\u00e1s fuerte, para actuar sobre \u00e9l\u2026 Detectado esto lo que debemos hacer es agarrarle las patas trasera y subirle el tren trasero, eso si ni se os ocurra soltarlo.<\/p>\n<p>Si son dos pues la operativa para separar esta <strong>pelea de perros<\/strong>, es mucho m\u00e1s sencilla, cada uno sube al suyo y cuando se hayan calmado cada uno por su lado.<\/p>\n<p>Sabemos que la teor\u00eda es muy f\u00e1cil y que hay que verse en la situaci\u00f3n para realmente actuar, pero por lo menos si se sabe la teor\u00eda ya tenemos un paso ganado para las <strong>peleas de perros<\/strong> que podamos sufrir.<\/p>\n<p>&nbsp;<\/p>\n<p><em>Los 5 mejores consejos para tener un perro equilibrado:\u00a0<\/em><\/p>\n<p>&nbsp;<\/p>\n<p>&nbsp;<\/p>\n<ul>\n<li>Un perro equilibrado necesita ejercicio, disciplina y afecto, en ese orden. Lee:<br \/>\n<a href=\"http:\/\/www.cesarsway.com\/dog-behavior\/basics\/Equilibrando-la-ecuacion\"><strong>Equilibrando la ecuaci\u00f3n<\/strong><\/a><\/li>\n<li>Para ser el l\u00edder de la manada necesitas dar a tus perros reglas, fronteras y l\u00edmites. Lee:<br \/>\n<a href=\"http:\/\/www.cesarsway.com\/dog-behavior\/basics\/Como-ser-el-lider-de-la-manada\"><strong>Como ser el l\u00edder de la manada<\/strong><\/a><\/li>\n<li>La caminata es la experiencia m\u00e1s importante que puedes compartir con tus perros - por lo menos dos veces al d\u00eda. Lee:<br \/>\n<a href=\"http:\/\/www.cesarsway.com\/dog-behavior\/basics\/6-consejos-para-dominar-la-caminata\"><strong>6 consejos para dominar la caminata<\/strong><\/a><\/li>\n<li>Necesitamos ver a los perros como animal, especie, raza y nombre. Permite que un perro sea un perro, \u00a1no lo humanices! Lee:<br \/>\n<a href=\"http:\/\/www.cesarsway.com\/dog-behavior\/basics\/Las-palabras-y-la-realidad\"><strong>Las palabras y la realidad<\/strong><\/a><\/li>\n<li>El perro es instintivo; el ser humano es intelectual. Para atraer la mente de un perro, usa tus instintos. Trabaja con la madre naturaleza, nunca contra ella. Lee:<br \/>\n<a href=\"http:\/\/www.cesarsway.com\/dog-behavior\/basics\/Entiende-como-los-perros-se-comportan-en-la-naturaleza\"><strong>Entiende como los perros se comportan en la naturaleza<\/strong><\/a><\/li>\n<\/ul>\n<p>Read more: <a href=\"http:\/\/www.cesarsway.com\/5consejos#ixzz3bpDtlipJ\">http:\/\/www.cesarsway.com\/5consejos#ixzz3bpDtlipJ<\/a><\/p>\n<p>&nbsp;<\/p>\n","protected":false},"excerpt":{"rendered":"<p>\u00bfC\u00f3mo evitar una pelea de perros? Seguro que muchos de los que nos leen les ha pasado el verse envueltos en un pelea\u00a0de\u00a0perros y se han quedado como estatuas de sal sin saber reaccionar a la situaci\u00f3n. En primer lugar &hellip; <a href=\"https:\/\/blog.espol.edu.ec\/clalutel\/perros\/\">Sigue leyendo <span class=\"meta-nav\">&rarr;<\/span><\/a><\/p>\n","protected":false},"author":9627,"featured_media":0,"parent":0,"menu_order":0,"comment_status":"open","ping_status":"open","template":"","meta":{"footnotes":""},"class_list":["post-148","page","type-page","status-publish","hentry"],"_links":{"self":[{"href":"https:\/\/blog.espol.edu.ec\/clalutel\/wp-json\/wp\/v2\/pages\/148","targetHints":{"allow":["GET"]}}],"collection":[{"href":"https:\/\/blog.espol.edu.ec\/clalutel\/wp-json\/wp\/v2\/pages"}],"about":[{"href":"https:\/\/blog.espol.edu.ec\/clalutel\/wp-json\/wp\/v2\/types\/page"}],"author":[{"embeddable":true,"href":"https:\/\/blog.espol.edu.ec\/clalutel\/wp-json\/wp\/v2\/users\/9627"}],"replies":[{"embeddable":true,"href":"https:\/\/blog.espol.edu.ec\/clalutel\/wp-json\/wp\/v2\/comments?post=148"}],"version-history":[{"count":1,"href":"https:\/\/blog.espol.edu.ec\/clalutel\/wp-json\/wp\/v2\/pages\/148\/revisions"}],"predecessor-version":[{"id":149,"href":"https:\/\/blog.espol.edu.ec\/clalutel\/wp-json\/wp\/v2\/pages\/148\/revisions\/149"}],"wp:attachment":[{"href":"https:\/\/blog.espol.edu.ec\/clalutel\/wp-json\/wp\/v2\/media?parent=148"}],"curies":[{"name":"wp","href":"https:\/\/api.w.org\/{rel}","templated":true}]}}