{"id":150,"date":"2015-06-01T15:39:44","date_gmt":"2015-06-01T15:39:44","guid":{"rendered":"http:\/\/blog.espol.edu.ec\/clalutel\/?page_id=150"},"modified":"2015-06-01T16:00:10","modified_gmt":"2015-06-01T16:00:10","slug":"gatos","status":"publish","type":"page","link":"https:\/\/blog.espol.edu.ec\/clalutel\/gatos\/","title":{"rendered":"Gatos"},"content":{"rendered":"<header class=\"entry-header\">\n<h1 class=\"entry-title\"><a href=\"http:\/\/www.cosasdegatos.es\/videos-gatos\/por-que-gatos-siempre-caen-de-pie\" rel=\"bookmark\">\u00bfPor qu\u00e9 se dice que los gatos siempre caen de pie?<\/a><\/h1>\n<\/header>\n<div class=\"entry-content\">\n<p><em>Publicado por <a title=\"Entradas de Miriam\" href=\"http:\/\/www.cosasdegatos.es\/author\/miriam\" rel=\"author\">Miriam<\/a><\/em><\/p>\n<p>Uno de los mitos m\u00e1s comunes es que el<strong> gato siempre cae sobre sus patas<\/strong>. El gato es un animal muy <strong>\u00e1gil<\/strong> y en la <strong>mayor\u00eda de los casos cae de pie, pero no siempre lo hace<\/strong>. \u00a1Descubre los motivos!<\/p>\n<p><a href=\"http:\/\/i0.wp.com\/www.cosasdegatos.es\/wp-content\/uploads\/2013\/05\/caen-de-pie-movimiento-gato.gif\"><img loading=\"lazy\" decoding=\"async\" class=\"alignleft size-full wp-image-1351\" src=\"http:\/\/i0.wp.com\/www.cosasdegatos.es\/wp-content\/uploads\/2013\/05\/caen-de-pie-movimiento-gato.gif?resize=150%2C298\" alt=\"El gato puede girar hasta 180\u00aa sobre si mismo y caer sobre sus patas\" width=\"150\" height=\"298\" \/><\/a>Existe una <strong>idea popular que dice que el gato siempre cae de pie<\/strong>. Si bien en la mayor parte de los casos se dan las circunstancias para que el gato pueda girar sobre si mismo y caer sobre sus patitas, el minino no siempre logra caer de pie.<\/p>\n<h2><em>\u00bfCu\u00e1ndo y por qu\u00e9 el gato puede caer de pie?<\/em><\/h2>\n<p>Para entender la <strong>agilidad del felino<\/strong> hay que tener en cuenta que <a title=\"\u00bfC\u00f3mo es el cuerpo de un gato? (parte 1 de 3)\" href=\"http:\/\/www.cosasdegatos.es\/curiosidades-gatos\/como-es-cuerpo-gato-parte-1\">su cuerpo<\/a> le permite ciertos movimientos impensables para las personas.<\/p>\n<p><a href=\"http:\/\/i1.wp.com\/www.cosasdegatos.es\/wp-content\/uploads\/2013\/05\/caen-siempre-de-pie-gatos-cayendo.jpg\"><img loading=\"lazy\" decoding=\"async\" class=\"alignright size-medium wp-image-1352\" src=\"http:\/\/i1.wp.com\/www.cosasdegatos.es\/wp-content\/uploads\/2013\/05\/caen-siempre-de-pie-gatos-cayendo.jpg?resize=72%2C300\" alt=\"El cuerpo del gato permite que tenga una gran agilidad de giro\" width=\"72\" height=\"300\" \/><\/a>Para empezar, el gato tiene 30 v\u00e9rtebras (5 m\u00e1s que los humanos) y no tienen clav\u00edcula. Los huesos de la columna vertebral del minino tienen m\u00e1s movilidad que la de muchos animales, por lo que los gatos se doblan y giran sus cuerpos f\u00e1cilmente.<\/p>\n<p>A este movimiento giratorio sobre el mismo \u00e1ngulo se le llama <a title=\"reflejo enderezamiento gato (en ingl\u00e9s)\" href=\"http:\/\/en.wikipedia.org\/wiki\/Cat_righting_reflex\" target=\"_blank\">reflejo de enderezamiento<\/a>. El gato empieza a tener el reflejo a las 3-4 semanas de edad y se perfecciona hacia las 7 semanas.<\/p>\n<p>Al final del giro, el gato se relaja y las patas reciben el impacto. Pero <strong>si no tiene tiempo a darse la vuelta, o la altura es muy alta<\/strong>, esto no es suficiente y <strong>puede hacerse bastante da\u00f1o<\/strong>.<\/p>\n<p>En conclusi\u00f3n, si el gato es joven y est\u00e1 \u00e1gil, y cae a poca distancia, muy probablemente le d\u00e9 tiempo a darse la vuelta y caer sobre sus patas. En ca\u00eddas a muy poca distancia, puede no tener tiempo de darse la vuelta, pero no suele hacerse da\u00f1o. En ca\u00eddas de larga distancia, el gato puede llegar a hacerse graves lesiones.<\/p>\n<p>As\u00ed que <strong>evita cualquier obst\u00e1culo para tu gato, protegiendo ventanas, terrazas, balcones y espacios altos<\/strong> desde los que podr\u00eda caer.<\/p>\n<p><iframe loading=\"lazy\" src=\"http:\/\/www.youtube.com\/embed\/OhuaMulTV4o\" width=\"480\" height=\"360\" frameborder=\"0\" allowfullscreen=\"allowfullscreen\"><\/iframe><\/p>\n<\/div>\n<p>&nbsp;<\/p>\n<header class=\"entry-header\">\n<h1 class=\"entry-title\"><a href=\"http:\/\/www.cosasdegatos.es\/comportamiento-gatos\/que-dice-gato-cuando-maulla-significado-maullidos\" rel=\"bookmark\">\u00bfQu\u00e9 est\u00e1 diciendo nuestro gato cuando ma\u00falla?<\/a><\/h1>\n<div class=\"entry-meta\"><em><span class=\"author-link\">Publicado por <a title=\"Entradas de Miriam\" href=\"http:\/\/www.cosasdegatos.es\/author\/miriam\" rel=\"author\">Miriam<\/a><\/span><\/em><\/div>\n<\/header>\n<div class=\"entry-content\">\n<p>Los <strong>maullidos<\/strong> de los gatos son otra de las maneras que tienen los mininos para<strong> comunicarse con los humanos y con otros animales.<\/strong> Conoce su significado en funci\u00f3n de la duraci\u00f3n, entonaci\u00f3n e intensidad del maullido.<\/p>\n<p><a href=\"http:\/\/i2.wp.com\/www.cosasdegatos.es\/wp-content\/uploads\/2013\/01\/maullido-gato-gatito.jpg\"><img loading=\"lazy\" decoding=\"async\" class=\"alignleft size-medium wp-image-1189\" src=\"http:\/\/i2.wp.com\/www.cosasdegatos.es\/wp-content\/uploads\/2013\/01\/maullido-gato-gatito.jpg?resize=300%2C240\" alt=\"Un gato puede llegar a emitir m\u00e1s de 60 maullidos con distintos significados | Foto: hoschie.deviantart.com\" width=\"300\" height=\"240\" \/><\/a><\/p>\n<p>&nbsp;<\/p>\n<p>&nbsp;<\/p>\n<p>&nbsp;<\/p>\n<p>&nbsp;<\/p>\n<p>&nbsp;<\/p>\n<p>&nbsp;<\/p>\n<p>El gato ha desarrollado distintos<strong> sistemas de comunicaci\u00f3n<\/strong>, especialmente entre los de su especie. En el caso de los gatos dom\u00e9sticos, estos sistemas tambi\u00e9n han permitido que el gato conecte con los humanos, y sea capaz de establecer \u201cconversaciones\u201d.<\/p>\n<p>Uno de los principales m\u00e9todos de comunicaci\u00f3n del gato son las <strong>vocalizaciones<\/strong>, los sonidos que emite. El m\u00e1s com\u00fan de ellos es el <strong>maullido.<\/strong><\/p>\n<p>El maullido es el sistema que las gatas utilizan para comunicarse con sus beb\u00e9s gatitos, que saben diferenciar el maullido de su madre desde muy peque\u00f1os.<\/p>\n<p>Seg\u00fan los expertos, <strong>un solo gato puede llegar a emitir m\u00e1s de 60 maullidos diferentes con distintos significados<\/strong>. Esta variedad de sonidos, y otros m\u00e9todos de comunicaci\u00f3n del gato como el <a title=\"Lenguaje corporal del gato: la cabeza\" href=\"http:\/\/www.cosasdegatos.es\/comportamiento-gatos\/lenguaje-corporal-gato-cabeza\">lenguaje corporal<\/a>, pueden llegar a construir verdaderos mensajes.<\/p>\n<p>Entender estos mensajes de comunicaci\u00f3n del gato nos puede ayudar a recibir mucha informaci\u00f3n del minino sobre su estado de \u00e1nimo, sus necesidades y su relaci\u00f3n con otros seres.<\/p>\n<p><a href=\"http:\/\/www.zooplus.es\/shop\/tienda_gatos\/partner\/zap243844\"><br \/>\n<\/a><em>Tipos de maullido de los gatos<\/em><\/p>\n<p>En tanta variedad parece imposible clasificar los maullidos, que adem\u00e1s dependen de otros factores como: el <strong>estado de \u00e1nimo, las circunstancias, el car\u00e1cter de la raza del gato y el destinatario<\/strong> (otro gato, otro animal o nosotros).<\/p>\n<p>Pero existen algunas pistas para descifrar de qu\u00e9 tipo es cada maullido, como por ejemplo:<a href=\"http:\/\/i0.wp.com\/www.cosasdegatos.es\/wp-content\/uploads\/2013\/01\/maullidos-gato-enfadado.jpg\"><img loading=\"lazy\" decoding=\"async\" class=\"alignright size-medium wp-image-1192\" src=\"http:\/\/i2.wp.com\/www.cosasdegatos.es\/wp-content\/uploads\/2013\/01\/maullidos-gato-enfadado-258x300.jpg?resize=258%2C300\" alt=\"Los maullidos de gato a gato son m\u00e1s intensos que los que van dirigidos a los humanos | Foto:  marinstefan.deviantart.com\" width=\"258\" height=\"300\" \/><\/a><\/p>\n<ul>\n<li>Los maullidos m\u00e1s fuertes suelen ir dirigidos a otros gatos, y m\u00e1s suaves cuando los destinatarios somos nosotros<\/li>\n<li>Los maullidos cortos y suavecitos dirigidos a los humanos suelen significar que el gato est\u00e1 pidiendo algo, como por ejemplo comida, que le abras la puerta, etc.<\/li>\n<li>Los maullidos suaves suelen estar vinculados a un saludo<\/li>\n<li>Los maullidos constantes, prolongados y un poco entrecortados de las <a title=\"La castraci\u00f3n o esterilizaci\u00f3n de gatos, \u00bfqu\u00e9 m\u00e9todo es mejor?\" href=\"http:\/\/www.cosasdegatos.es\/cuidado-gato\/mejorcastracion-esterilizacion-gatos-diferencias\">gatas hembra no esterilizadas<\/a> suelen ser <a title=\"El despertar sexual y celo del gato macho y la gata hembra\" href=\"http:\/\/www.cosasdegatos.es\/comportamiento-gatos\/despertar-sexual-celo-gato-macho-gata-hembra\">maullidos de celo<\/a><\/li>\n<\/ul>\n<p>Es importante resaltar que cada gato es un mundo y hay gatos que casi nunca ma\u00fallan, como otros que tienen fama de parlanchines (como los siameses).<\/p>\n<p>Junto al maullido, adem\u00e1s, existen otros sonidos como el <strong>gorgoteo<\/strong> cuando saludan, el <strong>gru\u00f1ido<\/strong> cuando est\u00e1n enfadados o el <a title=\"\u00bfPor qu\u00e9 ronronean los gatos?\" href=\"http:\/\/www.cosasdegatos.es\/comportamiento-gatos\/por-que-ronronean-gatos\"><strong>ronroneo<\/strong><\/a> caracter\u00edstico.<\/p>\n<h2>Habla con tu gato<\/h2>\n<p>Los que vivimos con gatos y les hablamos a veces tenemos la sensaci\u00f3n de estar un poco locos, pero en realidad es posible llegar a establecer una especie de conversaci\u00f3n con el minino.<\/p>\n<p>T\u00fa puedes entender sus peticiones si prestas atenci\u00f3n a sus maullidos y a su lenguaje corporal, y el gato puede llegar a captar nuestro estado de \u00e1nimo seg\u00fan nuestro tono, volumen e intensidad de la voz.<\/p>\n<\/div>\n<div class=\"entry-content\"><\/div>\n","protected":false},"excerpt":{"rendered":"<p>\u00bfPor qu\u00e9 se dice que los gatos siempre caen de pie? Publicado por Miriam Uno de los mitos m\u00e1s comunes es que el gato siempre cae sobre sus patas. El gato es un animal muy \u00e1gil y en la mayor\u00eda &hellip; <a href=\"https:\/\/blog.espol.edu.ec\/clalutel\/gatos\/\">Sigue leyendo <span class=\"meta-nav\">&rarr;<\/span><\/a><\/p>\n","protected":false},"author":9627,"featured_media":0,"parent":0,"menu_order":0,"comment_status":"open","ping_status":"open","template":"","meta":{"footnotes":""},"class_list":["post-150","page","type-page","status-publish","hentry"],"_links":{"self":[{"href":"https:\/\/blog.espol.edu.ec\/clalutel\/wp-json\/wp\/v2\/pages\/150","targetHints":{"allow":["GET"]}}],"collection":[{"href":"https:\/\/blog.espol.edu.ec\/clalutel\/wp-json\/wp\/v2\/pages"}],"about":[{"href":"https:\/\/blog.espol.edu.ec\/clalutel\/wp-json\/wp\/v2\/types\/page"}],"author":[{"embeddable":true,"href":"https:\/\/blog.espol.edu.ec\/clalutel\/wp-json\/wp\/v2\/users\/9627"}],"replies":[{"embeddable":true,"href":"https:\/\/blog.espol.edu.ec\/clalutel\/wp-json\/wp\/v2\/comments?post=150"}],"version-history":[{"count":2,"href":"https:\/\/blog.espol.edu.ec\/clalutel\/wp-json\/wp\/v2\/pages\/150\/revisions"}],"predecessor-version":[{"id":161,"href":"https:\/\/blog.espol.edu.ec\/clalutel\/wp-json\/wp\/v2\/pages\/150\/revisions\/161"}],"wp:attachment":[{"href":"https:\/\/blog.espol.edu.ec\/clalutel\/wp-json\/wp\/v2\/media?parent=150"}],"curies":[{"name":"wp","href":"https:\/\/api.w.org\/{rel}","templated":true}]}}