{"id":128,"date":"2011-06-07T19:19:44","date_gmt":"2011-06-08T00:19:44","guid":{"rendered":"http:\/\/blog.espol.edu.ec\/cmbrito\/?page_id=128"},"modified":"2011-06-07T19:24:29","modified_gmt":"2011-06-08T00:24:29","slug":"humor","status":"publish","type":"page","link":"https:\/\/blog.espol.edu.ec\/cmbrito\/humor\/","title":{"rendered":"Humor"},"content":{"rendered":"<div>\n<p>Estaban dos borrachos en un bar y uno le pregunta al otro:<br \/>\nOiga compadre, hip, \u00bfpor qu\u00e9 a usted le gusta tomar?<br \/>\nY el otro le contesta:<br \/>\nPos para verme m\u00e1s guapo, bello, y hermoso.<br \/>\nEl primer borracho vuelve a preguntar:<br \/>\nY, \u00bfpor qu\u00e9 dice que se ve m\u00e1s guapo, bello y hermoso?<br \/>\nPos, porque cuando llego a mi casa mi mujer me dice, \u201cmuy bonito, muy bonito\u201d.<\/p>\n<p>-_-_-_-_-_-_-_-_-_-_-_-_-_-_-_-_-_-_-_-_-_-_-_-_-_-_-_-_-_-_-_-_-_-_-_-_-_-_-_-_-_-_-_-_-_<\/p>\n<p>En una sala del juzgado, viene entrando el Juez para dar inicio a una audiencia.<br \/>\nEn ese momento, el fiscal se levanta y le grita al abogado defensor:<br \/>\n\u00a1Es usted un sinverg\u00fcenza!<br \/>\nEl abogado defensor le responde gritando:<br \/>\n\u00a1Y usted es un ladr\u00f3n!<br \/>\nEl Juez toma asiento y tranquilamente dice:<br \/>\nBueno, ya que ambas partes se han identificado plenamente, podemos dar inicio a la audiencia.<\/p>\n<p>-_-_-_-_-_-_-_-_-_-_-_-_-_-_-_-_-_-_-_-_-_-_-_-_-_-_-_-_-_-_-_-_-_-_-_-_-_-_-_-_-_-_-_-_-_<\/p>\n<p>La maestra en el sal\u00f3n de clases le dice a sus alumnos:<br \/>\nA ver ni\u00f1os, d\u00edganme qu\u00e9 parte de mi cuerpo les gusta m\u00e1s, y yo les voy a adivinar qu\u00e9 es lo que van a ser cuando sean grandes.<br \/>\nA ver Juanito, \u00bfqu\u00e9 te gusta m\u00e1s de mi cuerpo?<br \/>\nSu pelo, maestra.<br \/>\nLa maestra le responde, entonces t\u00fa vas a ser peluquero cuando seas grande.<br \/>\nA ver Luisito, a ti, \u00bfqu\u00e9 te gusta m\u00e1s de mi cuerpo?<br \/>\nSus ojos, maestra.<br \/>\n\u00a1Ahh!, entonces t\u00fa vas a ser oculista Luisito.<br \/>\nA ver Diego, \u00bfy a ti?<br \/>\nA m\u00ed me gustan sus dientes, maestra.<br \/>\nMuy bien, entonces t\u00fa ser\u00e1s dentista cuando seas grande Diego.<br \/>\nA ver Pepito, ahora dime t\u00fa lo que m\u00e1s te gusta de m\u00ed.<br \/>\nYo para qu\u00e9 le digo maestra, acabo de descubrir que quiero ser lechero.<\/p>\n<p>-_-_-_-_-_-_-_-_-_-_-_-_-_-_-_-_-_-_-_-_-_-_-_-_-_-_-_-_-_-_-_-_-_-_-_-_-_-_-_-_-_-_-_-_-_<\/p>\n<p>Estaba un se\u00f1or en un restauran y le dice al mesero:<br \/>\n\u00a1Mesero! Quiero que me traiga un huevo bien duro.<br \/>\nA los diez minutos llega el mesero y le dice:<br \/>\nAqu\u00ed esta se\u00f1or, que lo disfrute.<br \/>\nEl se\u00f1or toma el huevo y lo golpea, el huevo al recibir el golpe se rompe, y el se\u00f1or, muy enojado le grita al mesero:<br \/>\n\u00a1Mesero, este huevo est\u00e1 blando!<br \/>\nA lo que el mesero grita:<\/p>\n<p>\u00a1Huevo! \u00a1C\u00e1llate!<br \/>\n-_-_-_-_-_-_-_-_-_-_-_-_-_-_-_-_-_-_-_-_-_-_-_-_-_-_-_-_-_-_-_-_-_-_-_-_-_-_-_-_-_-_-_-_-_<\/p>\n<p>Mam\u00e1, mam\u00e1, \u00bfEs cierto que descendemos de lo monos?<br \/>\nNo lo s\u00e9 cari\u00f1o, tu padre nunca me ha presentado a su familia.<\/p>\n<p>-_-_-_-_-_-_-_-_-_-_-_-_-_-_-_-_-_-_-_-_-_-_-_-_-_-_-_-_-_-_-_-_-_-_-_-_-_-_-_-_-_-_-_-_-_<br \/>\n\u00bfCu\u00e1ntas veces se r\u00ede una mujer cuando le cuentan un chiste?<br \/>\nTres:<br \/>\nCuando se lo cuentan.<br \/>\nCuando se lo explican.<br \/>\nCuando lo entiende.<\/p>\n<p>-_-_-_-_-_-_-_-_-_-_-_-_-_-_-_-_-_-_-_-_-_-_-_-_-_-_-_-_-_-_-_-_-_-_-_-_-_-_-_-_-_-_-_-_-_<\/p>\n<address> Un se\u00f1or est\u00e1 con un paquete de papeles frente a la trituradora de papeles. Luce desconcertado, mira por<\/address>\n<address>un lado, mira por el otro. En eso pasa un empleado y muy amablemente le ofrece ayuda, toma el paquete de<\/address>\n<address> papeles, los coloca en una ranura y se oye el sonido de los papeles cuando se hacen trizas.<\/address>\n<p>El empleado le dice al se\u00f1or:<br \/>\n\u00bfVe que f\u00e1cil?<br \/>\nEl se\u00f1or le dice:<br \/>\n\u00bfY por d\u00f3nde salen las copias?<\/p>\n<\/div>\n","protected":false},"excerpt":{"rendered":"<p>Estaban dos borrachos en un bar y uno le pregunta al otro: Oiga compadre, hip, \u00bfpor qu\u00e9 a usted le gusta tomar? Y el otro le contesta: Pos para verme m\u00e1s guapo, bello, y hermoso. El primer borracho vuelve a preguntar: Y, \u00bfpor qu\u00e9 dice que se ve m\u00e1s guapo, bello y hermoso? Pos, porque [&hellip;]<\/p>\n","protected":false},"author":5862,"featured_media":0,"parent":0,"menu_order":0,"comment_status":"open","ping_status":"open","template":"","meta":{"footnotes":""},"class_list":["post-128","page","type-page","status-publish","hentry"],"_links":{"self":[{"href":"https:\/\/blog.espol.edu.ec\/cmbrito\/wp-json\/wp\/v2\/pages\/128","targetHints":{"allow":["GET"]}}],"collection":[{"href":"https:\/\/blog.espol.edu.ec\/cmbrito\/wp-json\/wp\/v2\/pages"}],"about":[{"href":"https:\/\/blog.espol.edu.ec\/cmbrito\/wp-json\/wp\/v2\/types\/page"}],"author":[{"embeddable":true,"href":"https:\/\/blog.espol.edu.ec\/cmbrito\/wp-json\/wp\/v2\/users\/5862"}],"replies":[{"embeddable":true,"href":"https:\/\/blog.espol.edu.ec\/cmbrito\/wp-json\/wp\/v2\/comments?post=128"}],"version-history":[{"count":6,"href":"https:\/\/blog.espol.edu.ec\/cmbrito\/wp-json\/wp\/v2\/pages\/128\/revisions"}],"predecessor-version":[{"id":135,"href":"https:\/\/blog.espol.edu.ec\/cmbrito\/wp-json\/wp\/v2\/pages\/128\/revisions\/135"}],"wp:attachment":[{"href":"https:\/\/blog.espol.edu.ec\/cmbrito\/wp-json\/wp\/v2\/media?parent=128"}],"curies":[{"name":"wp","href":"https:\/\/api.w.org\/{rel}","templated":true}]}}