{"id":21,"date":"2010-06-11T19:55:46","date_gmt":"2010-06-11T19:55:46","guid":{"rendered":"http:\/\/blog.espol.edu.ec\/cmrock92\/?page_id=21"},"modified":"2010-06-11T19:55:46","modified_gmt":"2010-06-11T19:55:46","slug":"cine-d","status":"publish","type":"page","link":"https:\/\/blog.espol.edu.ec\/cmrock92\/cine-d\/","title":{"rendered":"CINE..... =D"},"content":{"rendered":"<h2>Sex and the City 2<\/h2>\n<h3>(Sex and the City 2)<\/h3>\n<div>\n<div><img decoding=\"async\" title=\"Sex and the City 2\" src=\"http:\/\/supercines.com\/ImageHandler.ashx?p=\/files\/Posters\/2010\/Abril_\/Sex-NY-2%20.jpg&amp;w=260&amp;h=388\" alt=\"Sex and the City 2\" \/><\/div>\n<div>\n<h4>Sinopsis<\/h4>\n<div><img decoding=\"async\" title=\"VIP\" src=\"http:\/\/supercines.com\/ImageHandler.ashx?p=\/files\/Logos\/mirala-en-vip.png&amp;h=0&amp;w=45\" alt=\"VIP\" \/> <img decoding=\"async\" title=\"GT-MAX\" src=\"http:\/\/supercines.com\/ImageHandler.ashx?p=\/files\/Logos\/mirala-en-gtmax.png&amp;w=95&amp;h=0\" alt=\"GT-MAX\" \/><\/div>\n<p>En esta ocasi\u00f3n Carrie, Samantha, Miranda y Charlotte comparten una aventura  glamorosa en uno de los lugares m\u00e1s lujosos y ex\u00f3ticos de la tierra, un lugar  donde la fiesta nunca acaba. Es una hu\u00edda que llega en el momento oportuno para  las cuatro amigas, que se encuentran inmersas entre los papeles tradicionales  del matrimonio, la maternidad y todo lo dem\u00e1s. A fin de cuentas, a veces se  necesita una escapada con las amigas<\/p>\n<div>\n<p><strong>Idioma<\/strong>: Ingl\u00e9s Subtitulada al espa\u00f1ol<\/p>\n<p><strong>Duraci\u00f3n<\/strong>: 2h25min<\/p>\n<p><strong>Censura<\/strong>: 16 a\u00f1os<\/p>\n<h2>El Encierro<\/h2>\n<h3>(An American Crime)<\/h3>\n<div>\n<div><img decoding=\"async\" title=\"El Encierro\" src=\"http:\/\/supercines.com\/ImageHandler.ashx?p=\/files\/Posters\/2010\/NuevoDirectorio_2\/El_Encierro.jpg&amp;w=260&amp;h=388\" alt=\"El Encierro\" \/><\/div>\n<div>\n<h4>Sinopsis<\/h4>\n<div><img decoding=\"async\" title=\"VIP\" src=\"http:\/\/supercines.com\/ImageHandler.ashx?p=\/files\/Logos\/mirala-en-vip.png&amp;h=0&amp;w=45\" alt=\"VIP\" \/><\/div>\n<p>Escalofriante historia de horror basada en un hecho real en la que una mujer  ejemplar, madre de familia de siete hijos, ciudadana cat\u00f3lica y perfecta  abanderada del sue\u00f1o americano; esconde detr\u00e1s de su m\u00e1scara de normalidad una  mujer perversa, un ser humano enfermo capaz de guardar un grave secreto pues en  el s\u00f3tano de su casa mantuvo oculta a una adolescente que fue v\u00edctima de  torturas y abusos por mucho tiempo.<\/p>\n<div>\n<p><strong>Idioma<\/strong>: Ingl\u00e9s Subtitulada al espa\u00f1ol<\/p>\n<p><strong>Duraci\u00f3n<\/strong>: 1h40min<\/p>\n<p><strong>Censura<\/strong>: 12 a\u00f1os<\/p>\n<\/div>\n<\/div>\n<\/div>\n<\/div>\n<\/div>\n<\/div>\n","protected":false},"excerpt":{"rendered":"<p>Sex and the City 2 (Sex and the City 2) Sinopsis En esta ocasi\u00f3n Carrie, Samantha, Miranda y Charlotte comparten una aventura glamorosa en uno de los lugares m\u00e1s lujosos y ex\u00f3ticos de la tierra, un lugar donde la fiesta nunca acaba. Es una hu\u00edda que llega en el momento oportuno para las cuatro amigas, [&hellip;]<\/p>\n","protected":false},"author":4397,"featured_media":0,"parent":0,"menu_order":0,"comment_status":"open","ping_status":"open","template":"","meta":{"footnotes":""},"class_list":["post-21","page","type-page","status-publish","hentry"],"_links":{"self":[{"href":"https:\/\/blog.espol.edu.ec\/cmrock92\/wp-json\/wp\/v2\/pages\/21","targetHints":{"allow":["GET"]}}],"collection":[{"href":"https:\/\/blog.espol.edu.ec\/cmrock92\/wp-json\/wp\/v2\/pages"}],"about":[{"href":"https:\/\/blog.espol.edu.ec\/cmrock92\/wp-json\/wp\/v2\/types\/page"}],"author":[{"embeddable":true,"href":"https:\/\/blog.espol.edu.ec\/cmrock92\/wp-json\/wp\/v2\/users\/4397"}],"replies":[{"embeddable":true,"href":"https:\/\/blog.espol.edu.ec\/cmrock92\/wp-json\/wp\/v2\/comments?post=21"}],"version-history":[{"count":2,"href":"https:\/\/blog.espol.edu.ec\/cmrock92\/wp-json\/wp\/v2\/pages\/21\/revisions"}],"predecessor-version":[{"id":23,"href":"https:\/\/blog.espol.edu.ec\/cmrock92\/wp-json\/wp\/v2\/pages\/21\/revisions\/23"}],"wp:attachment":[{"href":"https:\/\/blog.espol.edu.ec\/cmrock92\/wp-json\/wp\/v2\/media?parent=21"}],"curies":[{"name":"wp","href":"https:\/\/api.w.org\/{rel}","templated":true}]}}