{"id":117,"date":"2014-06-01T04:23:44","date_gmt":"2014-06-01T04:23:44","guid":{"rendered":"http:\/\/blog.espol.edu.ec\/cmrojas\/?page_id=117"},"modified":"2014-06-08T02:19:10","modified_gmt":"2014-06-08T02:19:10","slug":"videos","status":"publish","type":"page","link":"https:\/\/blog.espol.edu.ec\/cmrojas\/videos\/","title":{"rendered":"Videos"},"content":{"rendered":"<div id=\"google_translate_element\"><\/div>\n<p><script>\/\/ <\/script><script src=\"\/\/translate.google.com\/translate_a\/element.js?cb=googleTranslateElementInit\"><\/script><\/p>\n<h3><strong><em>Sentirse in\u00fatil<\/em><\/strong><\/h3>\n<p>Paulo Coelho habla de c\u00f3mo todo el mundo de vez en cuando se siente in\u00fatil. En el video puedes escoger la opci\u00f3n de agregar subt\u00edtulos para que puedas visualizarlo en tu idioma de preferencia.<iframe loading=\"lazy\" src=\"\/\/www.youtube.com\/embed\/8DhVzTQ84Zw\" width=\"560\" height=\"315\" frameborder=\"0\" allowfullscreen=\"allowfullscreen\"><\/iframe><\/p>\n<h3><em><strong>Miedo a cambiar<\/strong><\/em><\/h3>\n<div>Paulo Coelho habla de por qu\u00e9 a menudo tenemos miedo a cambiar.\u00a0En el video puedes escoger la opci\u00f3n de agregar subt\u00edtulos para que puedas visualizarlo en tu idioma de preferencia.<\/div>\n<p><script>\/\/ &lt;![CDATA[\n\/\/ &lt;![CDATA[\n\/\/ &lt;![CDATA[\n\/\/ &lt;![CDATA[\n\/\/ &lt;![CDATA[\n\/\/ &lt;![CDATA[\n\/\/ &lt;![CDATA[<\/p>\n<h3 id=\"google_translate_element\">\n\/\/ ]]&gt;\n\/\/ ]]&gt;\n\/\/ ]]&gt;\n\/\/ ]]&gt;\n\/\/ ]]&gt;\n\/\/ ]]&gt;\n\/\/ ]]&gt;<\/script><script src=\"\/\/translate.google.com\/translate_a\/element.js?cb=googleTranslateElementInit\"><\/script><iframe loading=\"lazy\" src=\"\/\/www.youtube.com\/embed\/Qlnz4UI95BE\" width=\"560\" height=\"315\" frameborder=\"0\" allowfullscreen=\"allowfullscreen\"><\/iframe><\/p>\n<h3><em><strong>Abierto al amor<\/strong><\/em><\/h3>\n<div>Paulo Coelho habla del amor. Que no te rindas en busca de la otra mitad. En alg\u00fan lugar, alguien est\u00e1 a la espera y a la b\u00fasqueda de nosotros tambi\u00e9n.<\/div>\n<div>En el video puedes escoger la opci\u00f3n de agregar subt\u00edtulos para que puedas visualizarlo en tu idioma de preferencia.<\/div>\n<p>&nbsp;<\/p>\n<h3><iframe loading=\"lazy\" src=\"\/\/www.youtube.com\/embed\/baMTi8scQmQ\" width=\"560\" height=\"315\" frameborder=\"0\" allowfullscreen=\"allowfullscreen\"><\/iframe><\/h3>\n<p>&nbsp;<\/p>\n<h3><em><strong>Entrevista a Paulo Coelho<\/strong><\/em><\/h3>\n<p><script>\/\/ <\/script><\/p>\n<p>Paulo Coelho, uno de los escritores m\u00e1s reconocidos de Latinoam\u00e9rica di\u00f3 una entrevista al periodista Andr\u00e9s Oppenheimer para su programa CNN en Espa\u00f1ol, ''Oppenheimer presenta''.<\/p>\n<p>En ella habl\u00f3 de todo; sobre la situaci\u00f3n de Cuba enfatizando \"\u00a1Fidel Castro sigue siendo un \u00edcono de Am\u00e9rica Latina \u00bfQu\u00e9 pasa? es un horror eso!\". Sobre Brasil, asegur\u00f3 que \"Brasil vive en este momento, un momento de mucho conflicto\" no dud\u00f3 en dejar clara su visi\u00f3n sobre su pa\u00eds natal.<\/p>\n<p>Coelho, autor le\u00eddo en m\u00e1s de 80 idiomas es el escritor con el mayor n\u00famero de seguidores en Facebook y Twitter. Durante la entrevista el autor se refiri\u00f3 al tema de las derrotas. \"La derrota es para los valientes y el fracaso es para los cobardes que no intentaron otra vez\".<\/p>\n<p>Y tambi\u00e9n habl\u00f3 de por qu\u00e9 no le gusta tanto dar entrevistas. Por lo general siempre le preguntan lo mismo. Que si se ha hecho rico con su venta de libros por ejemplo, a lo que el autor responde: \"\u00a1Claro que soy rico!. Vend\u00ed 180 millones de libros, tengo que ser rico\".<\/p>\n<p>Finalmente hace referencia al amor. \"Para amar hay que tener valor. No es aceptar, es ir m\u00e1s all\u00e1\". Y tambi\u00e9n se refiri\u00f3 a la importancia de la soledad. \"La soledad puede ser una virtud, cuando uno elige\".<\/p>\n<p><iframe loading=\"lazy\" src=\"\/\/www.youtube.com\/embed\/7ZNELqfsad4\" width=\"560\" height=\"315\" frameborder=\"0\" allowfullscreen=\"allowfullscreen\"><\/iframe><\/p>\n<h3 style=\"text-align: justify\"><\/h3>\n<h3 style=\"text-align: justify\"><strong><em>Veronika decide morir<\/em><\/strong><\/h3>\n<p>Con el t\u00edtulo Veronika decides to die, lleg\u00f3 la adaptaci\u00f3n cinematogr\u00e1fica del best seller. El papel de Ver\u00f3nica fue protagonizado por Sarah Michelle Gellar. Forman parte del elenco Jonathan Tucker, David Thewlis, Melissa Leo, Erika Christensen y Florencia Lozano. La direcci\u00f3n es de Emily Young y la adaptaci\u00f3n del guion fue realizada por Larry Gross y Roberta Hanley. La pel\u00edcula se estren\u00f3 en el a\u00f1o 2009 en los Estados Unidos.<br \/>\n<iframe loading=\"lazy\" src=\"\/\/www.youtube.com\/embed\/OFFAhTVkHwg\" width=\"560\" height=\"315\" frameborder=\"0\" allowfullscreen=\"allowfullscreen\"><\/iframe><\/p>\n","protected":false},"excerpt":{"rendered":"<p>Sentirse in\u00fatil Paulo Coelho habla de c\u00f3mo todo el mundo de vez en cuando se siente in\u00fatil. En el video puedes escoger la opci\u00f3n de agregar subt\u00edtulos para que puedas visualizarlo en tu idioma de preferencia. Miedo a cambiar Paulo Coelho habla de por qu\u00e9 a menudo tenemos miedo a cambiar.\u00a0En el video puedes escoger [&hellip;]<\/p>\n","protected":false},"author":9075,"featured_media":0,"parent":0,"menu_order":0,"comment_status":"open","ping_status":"open","template":"","meta":{"footnotes":""},"class_list":["post-117","page","type-page","status-publish","hentry"],"_links":{"self":[{"href":"https:\/\/blog.espol.edu.ec\/cmrojas\/wp-json\/wp\/v2\/pages\/117","targetHints":{"allow":["GET"]}}],"collection":[{"href":"https:\/\/blog.espol.edu.ec\/cmrojas\/wp-json\/wp\/v2\/pages"}],"about":[{"href":"https:\/\/blog.espol.edu.ec\/cmrojas\/wp-json\/wp\/v2\/types\/page"}],"author":[{"embeddable":true,"href":"https:\/\/blog.espol.edu.ec\/cmrojas\/wp-json\/wp\/v2\/users\/9075"}],"replies":[{"embeddable":true,"href":"https:\/\/blog.espol.edu.ec\/cmrojas\/wp-json\/wp\/v2\/comments?post=117"}],"version-history":[{"count":24,"href":"https:\/\/blog.espol.edu.ec\/cmrojas\/wp-json\/wp\/v2\/pages\/117\/revisions"}],"predecessor-version":[{"id":192,"href":"https:\/\/blog.espol.edu.ec\/cmrojas\/wp-json\/wp\/v2\/pages\/117\/revisions\/192"}],"wp:attachment":[{"href":"https:\/\/blog.espol.edu.ec\/cmrojas\/wp-json\/wp\/v2\/media?parent=117"}],"curies":[{"name":"wp","href":"https:\/\/api.w.org\/{rel}","templated":true}]}}

<div id="google_translate_element"></div>
<p><script>// </script><script src="//translate.google.com/translate_a/element.js?cb=googleTranslateElementInit"></script></p>
<h3><strong><em>Sentirse inútil</em></strong></h3>
<p>Paulo Coelho habla de cómo todo el mundo de vez en cuando se siente inútil. En el video puedes escoger la opción de agregar subtítulos para que puedas visualizarlo en tu idioma de preferencia.<iframe loading="lazy" src="//www.youtube.com/embed/8DhVzTQ84Zw" width="560" height="315" frameborder="0" allowfullscreen="allowfullscreen"></iframe></p>
<h3><em><strong>Miedo a cambiar</strong></em></h3>
<div>Paulo Coelho habla de por qué a menudo tenemos miedo a cambiar. En el video puedes escoger la opción de agregar subtítulos para que puedas visualizarlo en tu idioma de preferencia.</div>
<p><script>// &lt;![CDATA[
// &lt;![CDATA[
// &lt;![CDATA[
// &lt;![CDATA[
// &lt;![CDATA[
// &lt;![CDATA[
// &lt;![CDATA[</p>
<h3 id="google_translate_element">
// ]]&gt;
// ]]&gt;
// ]]&gt;
// ]]&gt;
// ]]&gt;
// ]]&gt;
// ]]&gt;</script><script src="//translate.google.com/translate_a/element.js?cb=googleTranslateElementInit"></script><iframe loading="lazy" src="//www.youtube.com/embed/Qlnz4UI95BE" width="560" height="315" frameborder="0" allowfullscreen="allowfullscreen"></iframe></p>
<h3><em><strong>Abierto al amor</strong></em></h3>
<div>Paulo Coelho habla del amor. Que no te rindas en busca de la otra mitad. En algún lugar, alguien está a la espera y a la búsqueda de nosotros también.</div>
<div>En el video puedes escoger la opción de agregar subtítulos para que puedas visualizarlo en tu idioma de preferencia.</div>
<p>&nbsp;</p>
<h3><iframe loading="lazy" src="//www.youtube.com/embed/baMTi8scQmQ" width="560" height="315" frameborder="0" allowfullscreen="allowfullscreen"></iframe></h3>
<p>&nbsp;</p>
<h3><em><strong>Entrevista a Paulo Coelho</strong></em></h3>
<p><script>// </script></p>
<p>Paulo Coelho, uno de los escritores más reconocidos de Latinoamérica dió una entrevista al periodista Andrés Oppenheimer para su programa CNN en Español, ''Oppenheimer presenta''.</p>
<p>En ella habló de todo; sobre la situación de Cuba enfatizando "¡Fidel Castro sigue siendo un ícono de América Latina ¿Qué pasa? es un horror eso!". Sobre Brasil, aseguró que "Brasil vive en este momento, un momento de mucho conflicto" no dudó en dejar clara su visión sobre su país natal.</p>
<p>Coelho, autor leído en más de 80 idiomas es el escritor con el mayor número de seguidores en Facebook y Twitter. Durante la entrevista el autor se refirió al tema de las derrotas. "La derrota es para los valientes y el fracaso es para los cobardes que no intentaron otra vez".</p>
<p>Y también habló de por qué no le gusta tanto dar entrevistas. Por lo general siempre le preguntan lo mismo. Que si se ha hecho rico con su venta de libros por ejemplo, a lo que el autor responde: "¡Claro que soy rico!. Vendí 180 millones de libros, tengo que ser rico".</p>
<p>Finalmente hace referencia al amor. "Para amar hay que tener valor. No es aceptar, es ir más allá". Y también se refirió a la importancia de la soledad. "La soledad puede ser una virtud, cuando uno elige".</p>
<p><iframe loading="lazy" src="//www.youtube.com/embed/7ZNELqfsad4" width="560" height="315" frameborder="0" allowfullscreen="allowfullscreen"></iframe></p>
<h3 style="text-align: justify"></h3>
<h3 style="text-align: justify"><strong><em>Veronika decide morir</em></strong></h3>
<p>Con el título Veronika decides to die, llegó la adaptación cinematográfica del best seller. El papel de Verónica fue protagonizado por Sarah Michelle Gellar. Forman parte del elenco Jonathan Tucker, David Thewlis, Melissa Leo, Erika Christensen y Florencia Lozano. La dirección es de Emily Young y la adaptación del guion fue realizada por Larry Gross y Roberta Hanley. La película se estrenó en el año 2009 en los Estados Unidos.<br />
<iframe loading="lazy" src="//www.youtube.com/embed/OFFAhTVkHwg" width="560" height="315" frameborder="0" allowfullscreen="allowfullscreen"></iframe></p>

<p>Sentirse inútil Paulo Coelho habla de cómo todo el mundo de vez en cuando se siente inútil. En el video puedes escoger la opción de agregar subtítulos para que puedas visualizarlo en tu idioma de preferencia. Miedo a cambiar Paulo Coelho habla de por qué a menudo tenemos miedo a cambiar. En el video puedes escoger [&hellip;]</p>
