{"id":2,"date":"2012-06-08T19:08:10","date_gmt":"2012-06-08T19:08:10","guid":{"rendered":"http:\/\/blog.espol.edu.ec\/cmyagual\/?page_id=2"},"modified":"2012-07-14T19:09:00","modified_gmt":"2012-07-15T00:09:00","slug":"pagina-ejemplo","status":"publish","type":"page","link":"https:\/\/blog.espol.edu.ec\/cmyagual\/pagina-ejemplo\/","title":{"rendered":"Estrenos mas esperados  2012"},"content":{"rendered":"<p>ICE AGE 4 Continental Drift<br \/>\nLa loca persecuci\u00f3n de Scrat por su escurridiza bellota desde el principio de los tiempos, tiene consecuencias que cambiar\u00e1n al mundo: un cataclismo continental que desencadenar\u00e1 la mayor de las aventuras para Manny, Diego y Sid. En medio de estas agitaciones, Sid se reencuentra con su Abuelita Gru\u00f1ona y la manada tropieza con una extra\u00f1a cuadrilla de piratas de altamar decididos a impedirles su regreso a casa.<br \/>\n<iframe loading=\"lazy\" width=\"560\" height=\"315\" src=\"http:\/\/www.youtube.com\/embed\/Ss9zoR-9UOE\" frameborder=\"0\" allowfullscreen><\/iframe><\/p>\n<p>The Amazing Spider-Man<br \/>\nComo la mayor\u00eda de los adolescentes de su edad. Peter esta tratando de averiguar quien es y como a llegado a ser la persona que es hoy. En su viaje para juntar las piezas de su pasado descubre, un secreto que su padre tenia un secreto que al final marcara su vida como spider-man. Esta es la primera de una serie de pel\u00edculas que cuentan la historia de peter parker desde otro lado.<br \/>\n<iframe loading=\"lazy\" width=\"560\" height=\"315\" src=\"http:\/\/www.youtube.com\/embed\/-tnxzJ0SSOw\" frameborder=\"0\" allowfullscreen><\/iframe><\/p>\n<p>Abraham Lincoln Vampire Hunter<br \/>\nLa novela comienza en Indiana en 1818, donde un joven Abraham Lincoln ve morir a su madre de lo que se conoce como la enfermedad de la leche. Cuando m\u00e1s tarde descubre que en realidad la causa del fallecimiento de su madre es el trabajo de un vampiro, se decide a dedicar su vida a vengarla. Dotado con una gran altura, fuerza y habilidad con el hacha, su lucha le lleva hasta la mism\u00edsima Casa Blanca. Una vez convertido en presidente, contin\u00faa su lucha para deshacerse de los vampiros.<br \/>\n<iframe loading=\"lazy\" width=\"560\" height=\"315\" src=\"http:\/\/www.youtube.com\/embed\/34x6m-ahGIo\" frameborder=\"0\" allowfullscreen><\/iframe><\/p>\n<p>The Dark Knight Rises<br \/>\nTras la muerte del fiscal de distrito Harvey Dent, Batman asume la responsabilidad de los cr\u00edmenes de Dent con el fin de proteger la reputaci\u00f3n de Dent y es perseguido como un fugitivo por el Departamento de Polic\u00eda de Gotham City. Ocho a\u00f1os despu\u00e9s de los acontecimientos de The Dark Knight, Gotham se ha recuperado de juerga de la matanza del Joker, y est\u00e1 viviendo un momento de paz. Una advertencia de la \"enigm\u00e1tica\" Kyle Selina anuncia un cataclismo, lo que llev\u00f3 a Batman a volver a la ciudad en la que debe detener el Bane villano y sus planes para destruir Gotham.<br \/>\n<iframe loading=\"lazy\" width=\"560\" height=\"315\" src=\"http:\/\/www.youtube.com\/embed\/IJ0l_tN6KN0\" frameborder=\"0\" allowfullscreen><\/iframe><\/p>\n<p>Madagascar 3<br \/>\nAlex, Marty, Melman y Gloria siguen luchando por llegar a casa a su amada Gran Manzana. Su viaje los lleva a trav\u00e9s de Europa, donde se encuentran la coartada perfecta: un circo ambulante, que se reinventan - estilo de Madagascar.<br \/>\n<iframe loading=\"lazy\" width=\"560\" height=\"315\" src=\"http:\/\/www.youtube.com\/embed\/C05pGnZQQtE\" frameborder=\"0\" allowfullscreen><\/iframe><\/p>\n<p>RESIDENT EVIL: RETRIBUTION<br \/>\nAlice (Milla Jovovich) es capturada por la Corporaci\u00f3n Umbrella, una vez m\u00e1s, y despierta en el coraz\u00f3n de su centro de operaci\u00f3n, mientras ella se mueve m\u00e1s en el complejo, conoce mas de su pasdo y contin\u00faa a la caza de los responsables del brote. Su b\u00fasqueda la lleva a ella y a sus nuevos aliados a Tokio, Nueva York, Washington, DC y Mosc\u00fa. Despu\u00e9s de un \"alucinante\" revelaci\u00f3n, se ve obligada a replantearse todo, finalmente, descubrir la verdad acerca de s\u00ed misma, y la Corporaci\u00f3n Umbrella.<br \/>\n<iframe loading=\"lazy\" width=\"560\" height=\"315\" src=\"http:\/\/www.youtube.com\/embed\/5dyrI2MIj8c\" frameborder=\"0\" allowfullscreen><\/iframe><\/p>\n<p>Ted<br \/>\nDesde su infancia, a John (Mark Wahlberg) le hubiese gustado que su oso de peluche cobrase vida. El osito de nombre Ted (Seth MacFarlane) resulta ser uno de sus mejores amigos a pesar de la edad adulta de este primero hasta que el estilo de vida libre de Ted empieza a crear un conflicto entre la vida que lleva y la presi\u00f3n social de encontrar a la mujer de sus sue\u00f1os<br \/>\n<iframe loading=\"lazy\" width=\"560\" height=\"315\" src=\"http:\/\/www.youtube.com\/embed\/9fbo_pQvU7M\" frameborder=\"0\" allowfullscreen><\/iframe><\/p>\n","protected":false},"excerpt":{"rendered":"<p>ICE AGE 4 Continental Drift La loca persecuci\u00f3n de Scrat por su escurridiza bellota desde el principio de los tiempos, tiene consecuencias que cambiar\u00e1n al mundo: un cataclismo continental que desencadenar\u00e1 la mayor de las aventuras para Manny, Diego y Sid. En medio de estas agitaciones, Sid se reencuentra con su Abuelita Gru\u00f1ona y la [&hellip;]<\/p>\n","protected":false},"author":7606,"featured_media":0,"parent":0,"menu_order":0,"comment_status":"open","ping_status":"open","template":"","meta":{"footnotes":""},"class_list":["post-2","page","type-page","status-publish","hentry"],"_links":{"self":[{"href":"https:\/\/blog.espol.edu.ec\/cmyagual\/wp-json\/wp\/v2\/pages\/2","targetHints":{"allow":["GET"]}}],"collection":[{"href":"https:\/\/blog.espol.edu.ec\/cmyagual\/wp-json\/wp\/v2\/pages"}],"about":[{"href":"https:\/\/blog.espol.edu.ec\/cmyagual\/wp-json\/wp\/v2\/types\/page"}],"author":[{"embeddable":true,"href":"https:\/\/blog.espol.edu.ec\/cmyagual\/wp-json\/wp\/v2\/users\/7606"}],"replies":[{"embeddable":true,"href":"https:\/\/blog.espol.edu.ec\/cmyagual\/wp-json\/wp\/v2\/comments?post=2"}],"version-history":[{"count":7,"href":"https:\/\/blog.espol.edu.ec\/cmyagual\/wp-json\/wp\/v2\/pages\/2\/revisions"}],"predecessor-version":[{"id":44,"href":"https:\/\/blog.espol.edu.ec\/cmyagual\/wp-json\/wp\/v2\/pages\/2\/revisions\/44"}],"wp:attachment":[{"href":"https:\/\/blog.espol.edu.ec\/cmyagual\/wp-json\/wp\/v2\/media?parent=2"}],"curies":[{"name":"wp","href":"https:\/\/api.w.org\/{rel}","templated":true}]}}