{"id":2,"date":"2020-03-18T02:07:03","date_gmt":"2020-03-18T01:07:03","guid":{"rendered":"http:\/\/blog.espol.edu.ec\/coloracion\/?page_id=2"},"modified":"2020-03-18T02:32:33","modified_gmt":"2020-03-18T01:32:33","slug":"significado-de-los-colores","status":"publish","type":"page","link":"https:\/\/blog.espol.edu.ec\/coloracion\/significado-de-los-colores\/","title":{"rendered":"Que representan los colores y su definici\u00f3n en la vida y el trabajo"},"content":{"rendered":"<p>El mundo de los colores es bien conocido desde hace alg\u00fan tiempo, pero es en estos \u00faltimos a\u00f1os que ha salido a la luz todo el potencial que tienen y los distintos contextos en los que pueden ser usados, pues hay <strong>colores que significan<\/strong> una gran diversidad de entidades, no solo a nivel personal sino tambi\u00e9n a nivel profesional.<\/p>\n<p>Es importante saber que para poder utilizar los colores primero se debe tener un objetivo, y luego conocer c\u00f3mo utilizarlo seg\u00fan el efecto que produce en dando una <strong>representaci\u00f3n de los colores<\/strong> en emociones, sentimientos y personalidad en general.<\/p>\n<p>Para poder utilizar las propiedades de los colores, es necesario que los conozcamos. En primera instancia debemos saber que los colores se clasifican en primarios, secundarios, terciarios y cuaternarios.<\/p>\n<ul>\n<li>Los tonos principales son los que no proceden de la emulsi\u00f3n de otros matices, estos son: azul, amarillo y rojo.<\/li>\n<li>Las coloraciones supletorias son esas que descienden de la miscel\u00e1nea de dos pigmentos principales, por ejemplo, el tono verde resulta de la uni\u00f3n de azul y amarillo.<\/li>\n<li>Los matices terceros son esos que <strong>trascienden de la alianza en partes iguales de un color<\/strong> primario con uno secundario, algunos los describen como matices de color, por ejemplo, amarillo verdoso, azul viol\u00e1ceo o rojo anaranjado.<\/li>\n<li>Los colores cuaternarios, aunque suene complejo, son el resultado de la mezcla de dos colores terciarios, son llamados tambi\u00e9n \u201ccolores neutros\u201d<\/li>\n<\/ul>\n<p>De esta premisa surgen los <strong>colores de la vida<\/strong>, los que mayormente todos conocemos<strong>:<\/strong> amarillo, azul, rojo, verde, violeta, anaranjado, blanco, marr\u00f3n y negro, obviamente existen tantos colores como combinaciones posibles se realicen, pero nos enfocaremos en los m\u00e1s populares.<\/p>\n<p><img loading=\"lazy\" decoding=\"async\" class=\"size-full wp-image-10 aligncenter\" src=\"http:\/\/blog.espol.edu.ec\/coloracion\/files\/2020\/03\/los-colores-y-su-significado.jpg\" alt=\"\" width=\"380\" height=\"318\" srcset=\"https:\/\/blog.espol.edu.ec\/coloracion\/files\/2020\/03\/los-colores-y-su-significado.jpg 380w, https:\/\/blog.espol.edu.ec\/coloracion\/files\/2020\/03\/los-colores-y-su-significado-300x251.jpg 300w\" sizes=\"auto, (max-width: 380px) 100vw, 380px\" \/><\/p>\n<p>Existen otros t\u00e9rminos que debemos conocer antes de adentrarnos en este maravilloso mundo de <strong>colores de personalidad<\/strong> que tienen significados, pues cada uno es \u00fanico, por ejemplo, una armon\u00eda de colores una combinaci\u00f3n general que se realiza para lograr un efecto deseado, <strong>para ello se toma en cuenta la posici\u00f3n de los colores en la \u00f3rbita coloreada<\/strong>.<\/p>\n<p>Las combinaciones que existen son la monocrom\u00e1tica, la armon\u00eda complementaria, de colores tr\u00edadicos, de colores te\u00e1tricos y la combinaci\u00f3n an\u00e1loga.<\/p>\n<ul>\n<li>Armon\u00eda monocrom\u00e1tica: Se basa en un solo color mediante sus distintos tonos y no proporciona un contraste muy notorio.<\/li>\n<li>Armon\u00eda complementaria: Se consideran dos colores complementarios si est\u00e1n uno en frente del otro en la rueda de color, <strong>por ejemplo, azul y naranja<\/strong>. Este tipo de armon\u00eda, por su alto contraste, es utilizada para destacar y realzar alg\u00fan objeto.<\/li>\n<li>Mezclas de tonos tr\u00edadicos: Se emplean tres colores ubicados equidistantemente en la rueda de color, por lo <strong>general uno de los colores es dominante y se equilibra con la vibraci\u00f3n de los otros dos<\/strong>, debe lograrse un equilibrio en el sistema para poder lograr el objetivo: Resaltar. Un ejemplo de este tipo de combinaci\u00f3n es naranja, violeta y verde.<\/li>\n<li>Composiciones de coloraci\u00f3n tetr\u00e1dicos: Utiliza cuatro colores complementarios entre si y generalmente es bastante estable, equilibra bien tonos fr\u00edos y c\u00e1lidos.<\/li>\n<li>Armon\u00eda an\u00e1loga: Combina <strong>tres colores que se encuentran juntos<\/strong>, tienden a crear dise\u00f1os confortables y serenos, son colores que com\u00fanmente se encuentran relacionados en la naturaleza de manera muy armoniosa.<\/li>\n<\/ul>\n<h2><strong>El periodo de \u00e1nimo de los individuos en referencia al color y su significado<\/strong><\/h2>\n<p>Habiendo conocido un poco de las combinaciones, es momento de <a href=\"https:\/\/elsignificadode.org\/los-colores\/\">estudiar acerca del significado de los colores<\/a> y c\u00f3mo hacer caer la balanza estos matices en el momento de \u00e1nimo, en los sentimientos y personalidad seg\u00fan lo que proyectan.<\/p>\n<p>Comencemos con los colores primarios: <strong>el amarillo es un color llamativo<\/strong> que si te preguntas <strong>que significado tiene cada color<\/strong> el amarillo simboliza lo alegre y c\u00e1lido, por lo que ofrece br\u00edo a quien lo percibe, es s\u00edmbolo adem\u00e1s de curiosidad e inteligencia; por otro lado, tenemos el azul, que propicia serenidad, adem\u00e1s de calma y concentraci\u00f3n, una <strong>condici\u00f3n caracter\u00edstica de los tonos fr\u00edos<\/strong>, es de elecci\u00f3n en personas comunicativas. Y finalmente el color rojo, que significa para muchos, pasi\u00f3n y desenfreno, intensidad y amor por lo que se relaciona con personas en\u00e9rgicas e independientes.<\/p>\n<p>As\u00ed mismo, los tonos ayudantes tambi\u00e9n tienen su respectivo significado: <strong>el violeta, por ejemplo, se relaciona con lealtad, creatividad y bienestar<\/strong>, mientras que el verde est\u00e1 m\u00e1s ligado a la conciencia ambientalista, tranquilidad y salubridad; y el naranja que al igual que el amarillo transmite entusiasmo y alegr\u00eda.<\/p>\n<p>Tenemos tambi\u00e9n el color blanco, utilizado para <strong>modificar la tonalidad de los dem\u00e1s colores, \u00e9ste significa mayormente paz y pureza<\/strong>. Desde el punto de vista comercial, se toma en cuenta lo que proyecta, es muy \u00fatil al usarlo en espacios peque\u00f1os, ya que genera una sensaci\u00f3n de amplitud y sofisticaci\u00f3n, adem\u00e1s de pulcritud.<\/p>\n<h2><strong>Los colores preferidos y su relaci\u00f3n con nuestra personalidad<\/strong><\/h2>\n<p>A trav\u00e9s de muchos estudios se ha comprobado que existe una relaci\u00f3n entre la personalidad y el color favorito de cada persona, hay rasgos y cualidades que est\u00e1n presentes en individuos que comparten un mismo color preferido. De manera muy general, se relaciona con lo que transmite el color, <strong>determinando as\u00ed un tipo de comportamiento dominante<\/strong>, de modo que si quieres saber m\u00e1s acerca del tema solo tienes que investigar un poco m\u00e1s sobre las cualidades de tu color preferido por lo que puede haber una <strong>representaci\u00f3n de los colores<\/strong> para cada persona y que cada persona est\u00e1 pintada por los <strong>colores de la personalidad<\/strong> seg\u00fan como sea.<\/p>\n<h2><strong>Significado de los matices en los ambientes profesionales y personales<\/strong><\/h2>\n<p>Si los colores influyen tanto en nuestro estado de \u00e1nimo y personalidad \u00bfno crees que tambi\u00e9n afectan los \u00e1mbitos laborales? Pues s\u00ed, resulta que cumplen un <strong>papel fundamental no solo en la determinaci\u00f3n del perfil<\/strong> profesional de una persona, sino tambi\u00e9n se tocan con metodolog\u00edas de mercadeo, ambientes propicios para el trabajo y dise\u00f1o de productos, as\u00ed que se podr\u00eda exponer que militan las <strong>coloraciones comerciales<\/strong>.<\/p>\n<p>Desde este punto, es f\u00e1cil entonces entender el <strong>significado individual de cada color y el alcance<\/strong> infinito que tienen las combinaciones a nivel sensorial, es a trav\u00e9s de las combinaciones entre los colores de la naturaleza que se pueden potenciar o contrarrestar efectos. Ciertamente es muy interesante.<\/p>\n<h2><strong>El significado de cada coloraci\u00f3n y su analog\u00eda con los logotipos y las marcas comerciales<\/strong><\/h2>\n<p>Nuevamente caemos en el tema del significado de cada color y lo que transmite a nivel emocional, estos son los principales elementos que se toman en cuenta cuando de comercio de trata, los llamados <strong>colores comerciales<\/strong>. Es muy importante en p\u00e1ginas web, logotipos, anuncios publicitarios, propagandas e incluso en el dise\u00f1o de espacios en restaurantes y locales de cualquier tipo.<\/p>\n<p>Por ejemplo, el color rojo es excelente para <strong>evocar el apetito<\/strong>, por lo que es com\u00fanmente utilizado en logotipos de franquicias de comida r\u00e1pida y bebidas. Por otro lado, el <strong>azul al estar relacionado con la confianza<\/strong>, es com\u00fan sea utilizado en entidades bancarias; al igual que el verde en sitios de relajaci\u00f3n. Y los matices m\u00e1s l\u00fadicos como el limonado y naranja, <strong>est\u00e1n afines a creatividad<\/strong>, emoci\u00f3n y diversi\u00f3n.<\/p>\n<h2><strong>El significado de los tonos en relaci\u00f3n al g\u00e9nero<\/strong><\/h2>\n<p>Varios indican que los varones proceden de Marte y las damas de Venus. es que ciertamente se refiere a la distinta forma de pensar y percibir los est\u00edmulos. Los<strong> colores no escapan de esta premisa<\/strong>. Esto determina que haya colores m\u00e1s o menos apreciados por ambos sexos. Como ya se ha comentado antes, uno de los aspectos m\u00e1s importantes en este <strong>tema es la influencia cultural<\/strong> y de crianza seg\u00fan cada caso.<\/p>\n<h2><strong>Colores preferidos de los hombres<\/strong><\/h2>\n<p>Generalmente los hombres tienden a tener una preferencia por lo colores fr\u00edos, entre los cuales pueden destacar el color azul y el verde, y algo que hay que destacar, es\u00a0 que los hombres no tienden a detectar tonos y contrastes que pueden existir entre los colores, por lo que no son tan detallistas, resaltando una vez m\u00e1s que cada sujeto est\u00e1 te\u00f1ido por gustos diferentes seg\u00fan los <strong>colores de la personalidad<\/strong>, en este caso, separados por los sexos.<\/p>\n<h2><strong>Colores preferidos de las mujeres<\/strong><\/h2>\n<p>Por otro lado, las f\u00e9minas deciden irse por los colores de tonalidades suaves como lo son los matices pasteles <strong>colores que significan<\/strong> serenidad, aunque, tambi\u00e9n est\u00e1n los que son vibrantes como el rojo que suelen utilizar mucho con su vestuario, adem\u00e1s del rosa y el violeta, por su puesto, estos en determinados tonos y contrastes, puesto que las mujeres detectan considerablemente m\u00e1s que los varones.<\/p>\n<h2><strong>Colores menos favoritos de los hombres<\/strong><\/h2>\n<p>Siempre hay algo que va a desagradar, y para a gran poblaci\u00f3n de los hombres existe una determinada variedad que no aprecia\u00a0 esta <strong>representaci\u00f3n de tonos<\/strong> en donde existen los tonos amarillos, naranja y marrones, pero claro, eso a nivel estad\u00edstico, sin embargo, cada persona es diferente, por lo que estos gustos pueden variar en cada individuo.<\/p>\n<h2><strong>Colores menos favoritos de las mujeres<\/strong><\/h2>\n<p>Se puede decir que en este punto llegan a coincidir los disgustos para ambos g\u00e9neros, siendo tambi\u00e9n para las mujeres el repudio por el color naranja y amarillo, as\u00ed que en algo <strong>pueden coincidir<\/strong> y es que a pesar de que parecen <strong>colores de la vida<\/strong> cotidiana, pueden generar malas sensaciones para muchos.<\/p>\n<h2><strong>Los colores est\u00e1n en todos lados: Meditaci\u00f3n, los Chacras y el Feng Shui<\/strong><\/h2>\n<p>Tradicionalmente, y en muchas culturas, los colores han sido usados para denotar ciertos elementos. Se ha determinado en el yoga que los c<strong>olores que significan<\/strong> cada chacras, y as\u00ed cada uno ata\u00f1a con uno de las siente propiedades o puntos energ\u00e9ticos, estribando de su ocupaci\u00f3n y vibraci\u00f3n trasmitida. De un modo similar, los colores han sido empleados en obras milenarias como el Feng Shui y la meditaci\u00f3n para potenciar, equilibrar y cargar energ\u00e9ticamente estas pr\u00e1cticas.<\/p>\n<p>Sin duda alguna es fascinante todo lo que puede lograrse a trav\u00e9s de los matices. \u00bfAlguna vez te imaginaste tanto poder en algo tan simple?<\/p>\n<p>An\u00edmate a conocer un poco mas del tema y seguro encontraras un universo de posibilidades.<\/p>\n","protected":false},"excerpt":{"rendered":"<p>El mundo de los colores es bien conocido desde hace alg\u00fan tiempo, pero es en estos \u00faltimos a\u00f1os que ha salido a la luz todo el potencial que tienen y los distintos contextos en los que pueden ser usados, pues hay colores que significan una gran diversidad de entidades, no solo a nivel personal sino [&hellip;]<\/p>\n","protected":false},"author":11059,"featured_media":0,"parent":0,"menu_order":0,"comment_status":"closed","ping_status":"open","template":"","meta":{"footnotes":""},"class_list":["post-2","page","type-page","status-publish","hentry"],"_links":{"self":[{"href":"https:\/\/blog.espol.edu.ec\/coloracion\/wp-json\/wp\/v2\/pages\/2","targetHints":{"allow":["GET"]}}],"collection":[{"href":"https:\/\/blog.espol.edu.ec\/coloracion\/wp-json\/wp\/v2\/pages"}],"about":[{"href":"https:\/\/blog.espol.edu.ec\/coloracion\/wp-json\/wp\/v2\/types\/page"}],"author":[{"embeddable":true,"href":"https:\/\/blog.espol.edu.ec\/coloracion\/wp-json\/wp\/v2\/users\/11059"}],"replies":[{"embeddable":true,"href":"https:\/\/blog.espol.edu.ec\/coloracion\/wp-json\/wp\/v2\/comments?post=2"}],"version-history":[{"count":4,"href":"https:\/\/blog.espol.edu.ec\/coloracion\/wp-json\/wp\/v2\/pages\/2\/revisions"}],"predecessor-version":[{"id":12,"href":"https:\/\/blog.espol.edu.ec\/coloracion\/wp-json\/wp\/v2\/pages\/2\/revisions\/12"}],"wp:attachment":[{"href":"https:\/\/blog.espol.edu.ec\/coloracion\/wp-json\/wp\/v2\/media?parent=2"}],"curies":[{"name":"wp","href":"https:\/\/api.w.org\/{rel}","templated":true}]}}