{"id":25,"date":"2020-03-18T02:55:59","date_gmt":"2020-03-18T01:55:59","guid":{"rendered":"http:\/\/blog.espol.edu.ec\/coloracion\/?page_id=25"},"modified":"2020-03-18T02:55:59","modified_gmt":"2020-03-18T01:55:59","slug":"significado-del-color-celeste-2","status":"publish","type":"page","link":"https:\/\/blog.espol.edu.ec\/coloracion\/significado-del-color-celeste-2\/","title":{"rendered":"Significado del color celeste"},"content":{"rendered":"<p><strong>Se define al color celeste <\/strong>como un adjetivo, y su significado est\u00e1 relacionado al cielo. Por ser un adjetivo, es ampliamente utilizado en diversos nombres, como por ejemplo algunos llaman cuerpos celestes a las estrellas o cometas, o mapa celeste a un plano en el que se incluyen las constelaciones, etc.<\/p>\n<p><strong>El color celeste transmite <\/strong>buena energ\u00eda, pureza y\u00a0 tranquilidad, es por ello que es ampliamente usado, no solo en vestimentas, sino tambi\u00e9n para la ambientaci\u00f3n de diversos espacios, para pintar las paredes de los cuartos tambi\u00e9n es usado ya que ayuda a mejorar el sue\u00f1o.<\/p>\n<h2>\u00bfQu\u00e9 representa el color celeste?<\/h2>\n<p><strong>La definici\u00f3n del color celeste<\/strong>esta asociada al cielo, por lo cual su significado est\u00e1 relacionado a la cosas positivas, a paz, a tranquilidad. <strong>El color celeste trasmite<\/strong>en cierto modo pureza, al igual que el blanco, de hecho nace de la mezcla entre blanco y azul, por lo cual posee caracter\u00edsticas de ambos colores.<\/p>\n<p><img loading=\"lazy\" decoding=\"async\" class=\"wp-image-26 aligncenter\" src=\"http:\/\/blog.espol.edu.ec\/coloracion\/files\/2020\/03\/Significado-del-color-celeste.jpg\" alt=\"\" width=\"500\" height=\"281\" srcset=\"https:\/\/blog.espol.edu.ec\/coloracion\/files\/2020\/03\/Significado-del-color-celeste.jpg 1024w, https:\/\/blog.espol.edu.ec\/coloracion\/files\/2020\/03\/Significado-del-color-celeste-300x169.jpg 300w, https:\/\/blog.espol.edu.ec\/coloracion\/files\/2020\/03\/Significado-del-color-celeste-768x432.jpg 768w\" sizes=\"auto, (max-width: 500px) 100vw, 500px\" \/><\/p>\n<p><strong>El significado del color celeste <\/strong>en la colorterapia se relaciona a frescura y es utilizado para relajar y calmar las emociones e incluso es utilizado para pintar las paredes de los lugares donde se practica meditaci\u00f3n. <strong>El color celeste simboliza<\/strong> tambi\u00e9n pureza y divinidad por eso la virgen Mar\u00eda es vestida con ese color.<\/p>\n<p>Debido al <strong>significado que tiene el color celeste<\/strong>dentro de la psicolog\u00eda se cree que las personas que se sienten atra\u00eddas por este color presentan algunas caracter\u00edsticas similares en su personalidad, como la serenidad, sinceridad, ideolog\u00edas muy marcadas, y el ser fieles a s\u00ed mismos y con las dem\u00e1s personas.<\/p>\n<h2>Datos sobre el color celeste<\/h2>\n<p>Las banderas de algunos pa\u00edses como la Argentina, El Salvador, entre otros.Est\u00e1n dise\u00f1adas con este color, por lo cual <strong>el color azul celeste simboliza<\/strong> en ellas valores entre los que destaca la justicia, la lealtad y la fortaleza. En estos pa\u00edses tambi\u00e9n se puede utilizar este color en vestimentas e indica patriotismo.<\/p>\n<p>En algunos pueblos Mongoles este color es asociado al Lobo Azul, ya que dentro de su mitolog\u00eda se tiene la creencia que fue un lobo azul quien bajo a la tierra proveniente del cielo para crear estos pueblos. Contrario a esto en Siria y algunos pa\u00edses del Asia este color se asocia a muerte y luto.<\/p>\n<h2>Aspectos positivos asociados al color celeste<\/h2>\n<p>En t\u00e9rminos generales este color est\u00e1 asociado a cosas positivas y bonitas, producto de su asociaci\u00f3n con el cielo, ac\u00e1 te presentamos algunos de sus aspectos positivos:<\/p>\n<ul>\n<li>Relajaci\u00f3n<\/li>\n<li>Reflexi\u00f3n<\/li>\n<li>As\u00ed como el rosa se asocia a femenino, el celeste es tradicionalmente relacionado al g\u00e9nero masculino<\/li>\n<li>Fidelidad<\/li>\n<li>Calma<\/li>\n<li>Esperanza<\/li>\n<li>Sinceridad<\/li>\n<\/ul>\n<h2>Aspectos negativos asociados al color celeste<\/h2>\n<p>Realmente los aspectos negativos asociados a este color son muy pocos, depender\u00e1 siempre de la cultura, de tus creencias y la forma en la que te puedas identificar con este color. Ac\u00e1 te presentamos algunos de los aspectos negativos que podemos encontrar en el color celeste:<\/p>\n<ul>\n<li>Frialdad<\/li>\n<li>Se asocia en algunos casos a la tristeza<\/li>\n<li>Depresi\u00f3n<\/li>\n<li>Melancol\u00eda<\/li>\n<li>Distanciamiento<\/li>\n<li>Lagrimas<\/li>\n<\/ul>\n","protected":false},"excerpt":{"rendered":"<p>Se define al color celeste como un adjetivo, y su significado est\u00e1 relacionado al cielo. Por ser un adjetivo, es ampliamente utilizado en diversos nombres, como por ejemplo algunos llaman cuerpos celestes a las estrellas o cometas, o mapa celeste a un plano en el que se incluyen las constelaciones, etc. El color celeste transmite [&hellip;]<\/p>\n","protected":false},"author":11059,"featured_media":0,"parent":0,"menu_order":0,"comment_status":"closed","ping_status":"closed","template":"","meta":{"footnotes":""},"class_list":["post-25","page","type-page","status-publish","hentry"],"_links":{"self":[{"href":"https:\/\/blog.espol.edu.ec\/coloracion\/wp-json\/wp\/v2\/pages\/25","targetHints":{"allow":["GET"]}}],"collection":[{"href":"https:\/\/blog.espol.edu.ec\/coloracion\/wp-json\/wp\/v2\/pages"}],"about":[{"href":"https:\/\/blog.espol.edu.ec\/coloracion\/wp-json\/wp\/v2\/types\/page"}],"author":[{"embeddable":true,"href":"https:\/\/blog.espol.edu.ec\/coloracion\/wp-json\/wp\/v2\/users\/11059"}],"replies":[{"embeddable":true,"href":"https:\/\/blog.espol.edu.ec\/coloracion\/wp-json\/wp\/v2\/comments?post=25"}],"version-history":[{"count":1,"href":"https:\/\/blog.espol.edu.ec\/coloracion\/wp-json\/wp\/v2\/pages\/25\/revisions"}],"predecessor-version":[{"id":27,"href":"https:\/\/blog.espol.edu.ec\/coloracion\/wp-json\/wp\/v2\/pages\/25\/revisions\/27"}],"wp:attachment":[{"href":"https:\/\/blog.espol.edu.ec\/coloracion\/wp-json\/wp\/v2\/media?parent=25"}],"curies":[{"name":"wp","href":"https:\/\/api.w.org\/{rel}","templated":true}]}}