{"id":36,"date":"2020-11-15T08:46:30","date_gmt":"2020-11-15T07:46:30","guid":{"rendered":"http:\/\/blog.espol.edu.ec\/comunitariasautomatizacion\/?page_id=36"},"modified":"2020-11-15T10:04:43","modified_gmt":"2020-11-15T09:04:43","slug":"equipo-de-trabajo","status":"publish","type":"page","link":"https:\/\/blog.espol.edu.ec\/comunitariasautomatizacion\/equipo-de-trabajo\/","title":{"rendered":"EQUIPO DE TRABAJO"},"content":{"rendered":"<h4>El equipo de trabajo del \u00e1rea de V\u00ednculos esta conformador por:<\/h4>\n<ul>\n<li style=\"text-align: left\">\n<h4><a href=\"http:\/\/blog.espol.edu.ec\/comunitariasautomatizacion\/coordinacion\/\">Coordinaci\u00f3n<\/a><\/h4>\n<\/li>\n<li>\n<h4><a href=\"http:\/\/blog.espol.edu.ec\/comunitariasautomatizacion\/tutores\/\">Tutores<\/a><\/h4>\n<\/li>\n<\/ul>\n","protected":false},"excerpt":{"rendered":"<p>El equipo de trabajo del \u00e1rea de V\u00ednculos esta conformador por: Coordinaci\u00f3n Tutores<\/p>\n","protected":false},"author":11050,"featured_media":0,"parent":0,"menu_order":0,"comment_status":"closed","ping_status":"closed","template":"","meta":{"footnotes":""},"class_list":["post-36","page","type-page","status-publish","hentry","nodate","item-wrap"],"_links":{"self":[{"href":"https:\/\/blog.espol.edu.ec\/comunitariasautomatizacion\/wp-json\/wp\/v2\/pages\/36","targetHints":{"allow":["GET"]}}],"collection":[{"href":"https:\/\/blog.espol.edu.ec\/comunitariasautomatizacion\/wp-json\/wp\/v2\/pages"}],"about":[{"href":"https:\/\/blog.espol.edu.ec\/comunitariasautomatizacion\/wp-json\/wp\/v2\/types\/page"}],"author":[{"embeddable":true,"href":"https:\/\/blog.espol.edu.ec\/comunitariasautomatizacion\/wp-json\/wp\/v2\/users\/11050"}],"replies":[{"embeddable":true,"href":"https:\/\/blog.espol.edu.ec\/comunitariasautomatizacion\/wp-json\/wp\/v2\/comments?post=36"}],"version-history":[{"count":4,"href":"https:\/\/blog.espol.edu.ec\/comunitariasautomatizacion\/wp-json\/wp\/v2\/pages\/36\/revisions"}],"predecessor-version":[{"id":97,"href":"https:\/\/blog.espol.edu.ec\/comunitariasautomatizacion\/wp-json\/wp\/v2\/pages\/36\/revisions\/97"}],"wp:attachment":[{"href":"https:\/\/blog.espol.edu.ec\/comunitariasautomatizacion\/wp-json\/wp\/v2\/media?parent=36"}],"curies":[{"name":"wp","href":"https:\/\/api.w.org\/{rel}","templated":true}]}}