{"id":364,"date":"2025-09-29T14:26:23","date_gmt":"2025-09-29T19:26:23","guid":{"rendered":"http:\/\/blog.espol.edu.ec\/controlavanzado\/?page_id=364"},"modified":"2025-09-29T14:28:24","modified_gmt":"2025-09-29T19:28:24","slug":"politicas","status":"publish","type":"page","link":"https:\/\/blog.espol.edu.ec\/controlavanzado\/politicas\/","title":{"rendered":"Pol\u00edticas"},"content":{"rendered":"<div id=\"pl-364\"  class=\"panel-layout\" ><div id=\"pg-364-0\"  class=\"panel-grid panel-no-style\" ><div id=\"pgc-364-0-0\"  class=\"panel-grid-cell\" ><div id=\"panel-364-0-0-0\" class=\"so-panel widget widget_sow-editor panel-first-child panel-last-child\" data-index=\"0\" ><div\n\t\t\t\n\t\t\tclass=\"so-widget-sow-editor so-widget-sow-editor-base\"\n\t\t\t\n\t\t><h3 class=\"widget-title\">Pol\u00edticas del curso<\/h3>\n<div class=\"siteorigin-widget-tinymce textwidget\">\n\t<p>Estimados estudiantes, en el siguiente enlace encontrar\u00e1n las pol\u00edticas del laboratorio para el PAO I-2025 y normativas de seguridad del laboratorio:<\/p>\n<p><a href=\"https:\/\/drive.google.com\/open?id=1dfRYkzWobguAtSL9Hsaq60rr1k7PM9ix&amp;usp=drive_fs\">Pol\u00edticas PAO II 2025_CA<\/a><\/p>\n<p><a href=\"https:\/\/drive.google.com\/open?id=1hEIy5cFxOVaO4ZSVQKKf5U10neZTVPZX&amp;usp=drive_fs\" target=\"_blank\" rel=\"noopener noreferrer\">Normas de Seguridad del Laboratorio<\/a><\/p>\n<\/div>\n<\/div><\/div><\/div><\/div><\/div>","protected":false},"excerpt":{"rendered":"<p>Estimados estudiantes, en el siguiente enlace encontrar\u00e1n las pol\u00edticas del laboratorio para el PAO I-2025 y normativas de seguridad del laboratorio: Pol\u00edticas PAO II 2025_CA Normas de Seguridad del Laboratorio<\/p>\n","protected":false},"author":1644,"featured_media":0,"parent":0,"menu_order":0,"comment_status":"closed","ping_status":"closed","template":"","meta":{"footnotes":""},"class_list":["post-364","page","type-page","status-publish","hentry"],"_links":{"self":[{"href":"https:\/\/blog.espol.edu.ec\/controlavanzado\/wp-json\/wp\/v2\/pages\/364","targetHints":{"allow":["GET"]}}],"collection":[{"href":"https:\/\/blog.espol.edu.ec\/controlavanzado\/wp-json\/wp\/v2\/pages"}],"about":[{"href":"https:\/\/blog.espol.edu.ec\/controlavanzado\/wp-json\/wp\/v2\/types\/page"}],"author":[{"embeddable":true,"href":"https:\/\/blog.espol.edu.ec\/controlavanzado\/wp-json\/wp\/v2\/users\/1644"}],"replies":[{"embeddable":true,"href":"https:\/\/blog.espol.edu.ec\/controlavanzado\/wp-json\/wp\/v2\/comments?post=364"}],"version-history":[{"count":1,"href":"https:\/\/blog.espol.edu.ec\/controlavanzado\/wp-json\/wp\/v2\/pages\/364\/revisions"}],"predecessor-version":[{"id":365,"href":"https:\/\/blog.espol.edu.ec\/controlavanzado\/wp-json\/wp\/v2\/pages\/364\/revisions\/365"}],"wp:attachment":[{"href":"https:\/\/blog.espol.edu.ec\/controlavanzado\/wp-json\/wp\/v2\/media?parent=364"}],"curies":[{"name":"wp","href":"https:\/\/api.w.org\/{rel}","templated":true}]}}