{"id":2,"date":"2016-11-01T19:34:05","date_gmt":"2016-11-01T19:34:05","guid":{"rendered":"http:\/\/blog.espol.edu.ec\/crborbor\/?page_id=2"},"modified":"2016-11-15T03:03:48","modified_gmt":"2016-11-15T03:03:48","slug":"cupido","status":"publish","type":"page","link":"https:\/\/blog.espol.edu.ec\/crborbor\/cupido\/","title":{"rendered":"CUPIDO"},"content":{"rendered":"<p style=\"text-align: center\">EL MITO DE CUPIDO<\/p>\n<p><img loading=\"lazy\" decoding=\"async\" class=\"size-medium aligncenter\" src=\"http:\/\/acuarela.files.wordpress.com\/2011\/02\/cupidoypsique.jpg?w=540\" alt=\"\" width=\"208\" height=\"298\" \/><\/p>\n<p>La historia cuenta que su propia madre se sorprendi\u00f3 al comprobar que su hijo no crec\u00eda y se manten\u00eda como un ni\u00f1o.\u00a0 Entonces, ella consult\u00f3 el <em>Or\u00e1culo de Temis<\/em>, que le respondi\u00f3:<em><span style=\"color: #800080\"> \u201cEl amor no puede crecer sin pasi\u00f3n.\u201d<\/span><\/em><\/p>\n<p>En la Tierra de los humanos viv\u00eda una princesa llamada Psique (Alma), a la que Venus envidiaba por su gran belleza.\u00a0 Sin embargo, esta bella mujer no lograba enamorarse de nadie.<\/p>\n<p>Un d\u00eda, Venus envi\u00f3 a su hijo Cupido a eliminarla con sus flechas. Pero Cupido, al verla, se enamor\u00f3 profundamente de ella y creci\u00f3 hasta convertirse en un apuesto joven.<\/p>\n<p>Contra los deseos de su madre, se cas\u00f3 con Psique y fueron muy felices, hasta que ella, incitada por sus hermanas, rompi\u00f3 la prohibici\u00f3n impuesta por los dioses:\u00a0 mir\u00f3 a su marido siendo ella una simple mortal.<br \/>\nComo castigo, Psique fue alejada de Cupido pero fue tanto lo que luch\u00f3 que, finalmente, el Olimpo la convirti\u00f3 en diosa para reunirse con Cupido.<\/p>\n<p>Desde entonces, el amor ha sido <em>simbolizado\u00a0<\/em>por dos corazones atravesados por una flecha: la flecha de Cupido.\u201d<\/p>\n<p><a href=\"http:\/\/www.youtube.com\/watch?v=rN5H97tYuY4\">http:\/\/www.youtube.com\/watch?v=rN5H97tYuY4<\/a><\/p>\n<p>&nbsp;<\/p>\n","protected":false},"excerpt":{"rendered":"<p>EL MITO DE CUPIDO La historia cuenta que su propia madre se sorprendi\u00f3 al comprobar que su hijo no crec\u00eda y se manten\u00eda como un ni\u00f1o.\u00a0 Entonces, ella consult\u00f3 el Or\u00e1culo de Temis, que le respondi\u00f3: \u201cEl amor no puede crecer sin pasi\u00f3n.\u201d En la Tierra de los humanos viv\u00eda una princesa llamada Psique (Alma), [&hellip;]<\/p>\n","protected":false},"author":10696,"featured_media":0,"parent":0,"menu_order":0,"comment_status":"closed","ping_status":"open","template":"","meta":{"footnotes":""},"class_list":["post-2","page","type-page","status-publish","hentry"],"_links":{"self":[{"href":"https:\/\/blog.espol.edu.ec\/crborbor\/wp-json\/wp\/v2\/pages\/2","targetHints":{"allow":["GET"]}}],"collection":[{"href":"https:\/\/blog.espol.edu.ec\/crborbor\/wp-json\/wp\/v2\/pages"}],"about":[{"href":"https:\/\/blog.espol.edu.ec\/crborbor\/wp-json\/wp\/v2\/types\/page"}],"author":[{"embeddable":true,"href":"https:\/\/blog.espol.edu.ec\/crborbor\/wp-json\/wp\/v2\/users\/10696"}],"replies":[{"embeddable":true,"href":"https:\/\/blog.espol.edu.ec\/crborbor\/wp-json\/wp\/v2\/comments?post=2"}],"version-history":[{"count":2,"href":"https:\/\/blog.espol.edu.ec\/crborbor\/wp-json\/wp\/v2\/pages\/2\/revisions"}],"predecessor-version":[{"id":51,"href":"https:\/\/blog.espol.edu.ec\/crborbor\/wp-json\/wp\/v2\/pages\/2\/revisions\/51"}],"wp:attachment":[{"href":"https:\/\/blog.espol.edu.ec\/crborbor\/wp-json\/wp\/v2\/media?parent=2"}],"curies":[{"name":"wp","href":"https:\/\/api.w.org\/{rel}","templated":true}]}}