{"id":33,"date":"2016-11-15T01:55:14","date_gmt":"2016-11-15T01:55:14","guid":{"rendered":"http:\/\/blog.espol.edu.ec\/crborbor\/?page_id=33"},"modified":"2016-11-15T03:25:31","modified_gmt":"2016-11-15T03:25:31","slug":"orfeo-y-euridice","status":"publish","type":"page","link":"https:\/\/blog.espol.edu.ec\/crborbor\/orfeo-y-euridice\/","title":{"rendered":"ORFEO Y EUR\u00cdDICE"},"content":{"rendered":"<p style=\"text-align: center\">EL MITO DE ORFEO Y EUR\u00cdDICE<\/p>\n<p><img loading=\"lazy\" decoding=\"async\" class=\" aligncenter\" src=\"http:\/\/thought.artsci.wustl.edu\/files\/thought\/articles\/orfeo480387.jpg\" alt=\"\" width=\"386\" height=\"311\" \/><\/p>\n<p>Orfeo, hijo de Apolo y \u00a0de Cal\u00edope, musa de la poes\u00eda \u00e9pica y de la elocuencia, pose\u00eda un don de la m\u00fasica y de la poes\u00eda. Enamorado perdidamente de Eur\u00eddice, una ninfa de los valles de Tracia, la convierte felizmente en su esposa.<\/p>\n<p>Un nefasto d\u00eda, tratando ella de huir de Aristeo, hijo de Apolo y que pretend\u00eda poseerla, pis\u00f3 una serpiente venenosa y mordida por \u00e9sta muri\u00f3.<\/p>\n<p>La pena invadi\u00f3 a Orfeo, y llorando desconsoladamente a las orillas del r\u00edo Estrim\u00f3n, enton\u00f3 canciones tan tristes que todos los dioses y todas las ninfas le incitaron a descender al inframundo, donde, con la ayuda inestimable de su m\u00fasica, consigui\u00f3 sortear mil y un peligros, conmoviendo a demonios y tormentos.<\/p>\n<p>una vez lleg\u00f3 ante Hades y Pers\u00e9fone, dioses regentes del inframundo, utiliz\u00f3 de nuevo su m\u00fasica consiguiendo convencerlos de dar a Eur\u00eddice la oportunidad de regresar al mundo de los vivos. Pero pusieron una condici\u00f3n: Orfeo deb\u00eda caminar siempre delante de ella y no mirarla hasta que ambos hubieran llegado arriba, y los rayos del sol hubieran ba\u00f1ado por completo a Eur\u00eddice.<\/p>\n<p>El camino de regreso se hizo terriblemente largo. Orfeo manten\u00eda sus ojos al frente a pesar de las enormes ansias que le invad\u00edan de admirar a su amada. No la mir\u00f3, ni cuando los peligros del inframundo los acechaban.<\/p>\n<p>Y a en la superficie, Orfeo, al borde de la desesperaci\u00f3n, gir\u00f3 la cabeza creyendo que todo hab\u00eda pasado, pero Eur\u00eddice a\u00fan ten\u00eda un pies a la sombra., y en ese instante, se desvaneci\u00f3 en el aire, ya sin posibilidad de volver de nuevo.<\/p>\n<p><iframe loading=\"lazy\" title=\"La historia de amor entre Orfeo y Euridice\" width=\"610\" height=\"343\" src=\"https:\/\/www.youtube.com\/embed\/OeJcbRH6ANM?feature=oembed\" frameborder=\"0\" allow=\"accelerometer; autoplay; clipboard-write; encrypted-media; gyroscope; picture-in-picture; web-share\" referrerpolicy=\"strict-origin-when-cross-origin\" allowfullscreen><\/iframe><\/p>\n<p>&nbsp;<\/p>\n","protected":false},"excerpt":{"rendered":"<p>EL MITO DE ORFEO Y EUR\u00cdDICE Orfeo, hijo de Apolo y \u00a0de Cal\u00edope, musa de la poes\u00eda \u00e9pica y de la elocuencia, pose\u00eda un don de la m\u00fasica y de la poes\u00eda. Enamorado perdidamente de Eur\u00eddice, una ninfa de los valles de Tracia, la convierte felizmente en su esposa. Un nefasto d\u00eda, tratando ella de [&hellip;]<\/p>\n","protected":false},"author":10696,"featured_media":0,"parent":0,"menu_order":0,"comment_status":"closed","ping_status":"closed","template":"","meta":{"footnotes":""},"class_list":["post-33","page","type-page","status-publish","hentry"],"_links":{"self":[{"href":"https:\/\/blog.espol.edu.ec\/crborbor\/wp-json\/wp\/v2\/pages\/33","targetHints":{"allow":["GET"]}}],"collection":[{"href":"https:\/\/blog.espol.edu.ec\/crborbor\/wp-json\/wp\/v2\/pages"}],"about":[{"href":"https:\/\/blog.espol.edu.ec\/crborbor\/wp-json\/wp\/v2\/types\/page"}],"author":[{"embeddable":true,"href":"https:\/\/blog.espol.edu.ec\/crborbor\/wp-json\/wp\/v2\/users\/10696"}],"replies":[{"embeddable":true,"href":"https:\/\/blog.espol.edu.ec\/crborbor\/wp-json\/wp\/v2\/comments?post=33"}],"version-history":[{"count":3,"href":"https:\/\/blog.espol.edu.ec\/crborbor\/wp-json\/wp\/v2\/pages\/33\/revisions"}],"predecessor-version":[{"id":57,"href":"https:\/\/blog.espol.edu.ec\/crborbor\/wp-json\/wp\/v2\/pages\/33\/revisions\/57"}],"wp:attachment":[{"href":"https:\/\/blog.espol.edu.ec\/crborbor\/wp-json\/wp\/v2\/media?parent=33"}],"curies":[{"name":"wp","href":"https:\/\/api.w.org\/{rel}","templated":true}]}}