{"id":1,"date":"2008-11-07T11:18:37","date_gmt":"2008-11-07T16:18:37","guid":{"rendered":""},"modified":"2013-12-20T11:43:13","modified_gmt":"2013-12-20T16:43:13","slug":"carla-ricaurte-quijano-blog","status":"publish","type":"page","link":"https:\/\/blog.espol.edu.ec\/cricaurt\/carla-ricaurte-quijano-blog\/","title":{"rendered":"Sobre la autora"},"content":{"rendered":"<p><span><span><strong>Intereses del blog: <\/strong>P<\/span><span>lanificaci\u00f3n, gobernanza y pol\u00edticas p\u00fablicas en turismo. Gesti\u00f3n local, desarrollo sostenible e impactos del turismo.\u00a0Temas de actualidad tur\u00edstica, tendencias, consumo responsable y pr\u00e1ctica responsable del turismo.<\/span><\/span><\/p>\n<p><a href=\"http:\/\/blog.espol.edu.ec\/cricaurt\/files\/2009\/02\/_mg_83971.jpg\"><img loading=\"lazy\" decoding=\"async\" class=\"alignright size-medium wp-image-84\" alt=\"\" src=\"http:\/\/blog.espol.edu.ec\/cricaurt\/files\/2009\/02\/_mg_83971-300x200.jpg\" width=\"300\" height=\"200\" \/><\/a><\/p>\n<p><strong>Sobre la autora: <\/strong>Mi nombre es Carla Ricaurte Quijano, soy\u00a0profesora titular a tiempo completo en la\u00a0<a href=\"http:\/\/www.espol.edu.ec\/\">Escuela Superior Polit\u00e9cnica del Litoral<\/a>, Guayaquil. Ense\u00f1o Teor\u00eda del Turismo, Metodolog\u00eda de la Investigaci\u00f3n Cient\u00edfica, Cooperaci\u00f3n para el desarrollo \u00a0y Planificaci\u00f3n Tur\u00edstica y Territorial.<\/p>\n<p>Adicionalmente realizo trabajos de consultor\u00eda \u2014principalmente en el sector p\u00fablico\u2014 donde me especializo en la planificaci\u00f3n de destinos, sitios o productos tur\u00edsticos. Recientemente finalic\u00e9 mis estudios doctorales en el <a href=\"http:\/\/www.brighton.ac.uk\/ssm\/research\/centops\/\" target=\"_blank\">Centre for Tourism Policy Studies<\/a> (CENTOPS) en la Universidad de Brighton, Inglaterra. Mi tesis doctoral se enfoca en formas <a href=\"http:\/\/prezi.com\/qn4ixb-4vml0\/research-presentation\/\" target=\"_blank\">alternativas de planificaci\u00f3n y gobernanza tur\u00edstica<\/a> en la provincia de Santa Elena a partir de la Teor\u00eda de Sistemas Complejos.<\/p>\n<p>Para m\u00e1s info sobre la autora, pueden ver <a href=\"http:\/\/vizualize.me\/GwlcLyuF7A\" target=\"_blank\">aqu\u00ed<\/a>.<\/p>\n<p><strong> <\/strong><span style=\"font-size: medium\"><span><br \/>\n<\/span><\/span><\/p>\n<p>&nbsp;<\/p>\n","protected":false},"excerpt":{"rendered":"<p>Intereses del blog: Planificaci\u00f3n, gobernanza y pol\u00edticas p\u00fablicas en turismo. Gesti\u00f3n local, desarrollo sostenible e impactos del turismo.\u00a0Temas de actualidad tur\u00edstica, tendencias, consumo responsable y pr\u00e1ctica responsable del turismo. Sobre la autora: Mi nombre es Carla Ricaurte Quijano, soy\u00a0profesora titular a tiempo completo en la\u00a0Escuela Superior Polit\u00e9cnica del Litoral, Guayaquil. Ense\u00f1o Teor\u00eda del Turismo, Metodolog\u00eda [&hellip;]<\/p>\n","protected":false},"author":499,"featured_media":0,"parent":0,"menu_order":0,"comment_status":"open","ping_status":"open","template":"","meta":{"footnotes":""},"class_list":["post-1","page","type-page","status-publish","hentry"],"_links":{"self":[{"href":"https:\/\/blog.espol.edu.ec\/cricaurt\/wp-json\/wp\/v2\/pages\/1","targetHints":{"allow":["GET"]}}],"collection":[{"href":"https:\/\/blog.espol.edu.ec\/cricaurt\/wp-json\/wp\/v2\/pages"}],"about":[{"href":"https:\/\/blog.espol.edu.ec\/cricaurt\/wp-json\/wp\/v2\/types\/page"}],"author":[{"embeddable":true,"href":"https:\/\/blog.espol.edu.ec\/cricaurt\/wp-json\/wp\/v2\/users\/499"}],"replies":[{"embeddable":true,"href":"https:\/\/blog.espol.edu.ec\/cricaurt\/wp-json\/wp\/v2\/comments?post=1"}],"version-history":[{"count":22,"href":"https:\/\/blog.espol.edu.ec\/cricaurt\/wp-json\/wp\/v2\/pages\/1\/revisions"}],"predecessor-version":[{"id":533,"href":"https:\/\/blog.espol.edu.ec\/cricaurt\/wp-json\/wp\/v2\/pages\/1\/revisions\/533"}],"wp:attachment":[{"href":"https:\/\/blog.espol.edu.ec\/cricaurt\/wp-json\/wp\/v2\/media?parent=1"}],"curies":[{"name":"wp","href":"https:\/\/api.w.org\/{rel}","templated":true}]}}