{"id":2,"date":"2011-05-21T14:35:23","date_gmt":"2011-05-21T14:35:23","guid":{"rendered":""},"modified":"2011-06-10T08:34:58","modified_gmt":"2011-06-10T08:34:58","slug":"about","status":"publish","type":"page","link":"https:\/\/blog.espol.edu.ec\/crimrome\/about\/","title":{"rendered":"FUTBOL"},"content":{"rendered":"<p>El f\u00fatbol , tambi\u00e9n llamado futbol, balompi\u00e9 o soccer, es un deporte de equipo jugado entre dos conjuntos de 11 jugadores cada uno y un \u00e1rbitro que se ocupa de que las normas se cumplan correctamente. Es ampliamente considerado el deporte m\u00e1s popular del mundo, pues participan en \u00e9l unos 270 millones de personas. Se juega en un campo rectangular de c\u00e9sped, con una meta o porter\u00eda a cada lado del campo. El objetivo del juego es desplazar una pelota a trav\u00e9s del campo para intentar ubicarla dentro de la meta contraria, acci\u00f3n que se denomina gol. El equipo que marque m\u00e1s goles al cabo del partido es el que resulta ganador.<\/p>\n<p><a href=\"http:\/\/blog.espol.edu.ec\/crimrome\/files\/2011\/05\/ddd.jpg\"><img loading=\"lazy\" decoding=\"async\" src=\"http:\/\/blog.espol.edu.ec\/crimrome\/files\/2011\/05\/ddd-300x199.jpg\" alt=\"\" title=\"ddd\" width=\"300\" height=\"199\" class=\"aligncenter size-medium wp-image-34\" srcset=\"https:\/\/blog.espol.edu.ec\/crimrome\/files\/2011\/05\/ddd-300x199.jpg 300w, https:\/\/blog.espol.edu.ec\/crimrome\/files\/2011\/05\/ddd.jpg 800w\" sizes=\"auto, (max-width: 300px) 100vw, 300px\" \/><\/a><\/p>\n<p>Popularidad<br \/>\nMapa comparativo de la popularidad del f\u00fatbol a nivel mundial. Los pa\u00edses que figuran con color verde son los que tienen mayor n\u00famero de jugadores activos por cada 1.000 habitantes.<\/p>\n<p>El pa\u00eds con m\u00e1s futbolistas que se desempe\u00f1an regularmente (excepto ni\u00f1os) es China, que posee 26,1 millones de futbolistas. Otros pa\u00edses que lo siguen son: Estados Unidos (24,4 millones), India (20,5), Alemania (16,3), Brasil (13,1) y M\u00e9xico (8,4). Por otro lado, las Federaciones con menor cantidad de futbolistas regulares (excepto ni\u00f1os) son Montserrat, con apenas 300 futbolistas, las Islas V\u00edrgenes Brit\u00e1nicas (658), Anguila (760) y las Islas Turcas y Caicos (950).<\/p>\n<p><a href=\"http:\/\/blog.espol.edu.ec\/crimrome\/files\/2011\/05\/bb.jpg\"><img loading=\"lazy\" decoding=\"async\" src=\"http:\/\/blog.espol.edu.ec\/crimrome\/files\/2011\/05\/bb-300x225.jpg\" alt=\"\" title=\"bb\" width=\"300\" height=\"225\" class=\"aligncenter size-medium wp-image-35\" srcset=\"https:\/\/blog.espol.edu.ec\/crimrome\/files\/2011\/05\/bb-300x225.jpg 300w, https:\/\/blog.espol.edu.ec\/crimrome\/files\/2011\/05\/bb.jpg 400w\" sizes=\"auto, (max-width: 300px) 100vw, 300px\" \/><\/a><\/p>\n","protected":false},"excerpt":{"rendered":"<p>El f\u00fatbol , tambi\u00e9n llamado futbol, balompi\u00e9 o soccer, es un deporte de equipo jugado entre dos conjuntos de 11 jugadores cada uno y un \u00e1rbitro que se ocupa de que las normas se cumplan correctamente. Es ampliamente considerado el deporte m\u00e1s popular del mundo, pues participan en \u00e9l unos 270 millones de personas. Se [&hellip;]<\/p>\n","protected":false},"author":5795,"featured_media":0,"parent":0,"menu_order":0,"comment_status":"open","ping_status":"open","template":"","meta":{"footnotes":""},"class_list":["post-2","page","type-page","status-publish","hentry"],"_links":{"self":[{"href":"https:\/\/blog.espol.edu.ec\/crimrome\/wp-json\/wp\/v2\/pages\/2","targetHints":{"allow":["GET"]}}],"collection":[{"href":"https:\/\/blog.espol.edu.ec\/crimrome\/wp-json\/wp\/v2\/pages"}],"about":[{"href":"https:\/\/blog.espol.edu.ec\/crimrome\/wp-json\/wp\/v2\/types\/page"}],"author":[{"embeddable":true,"href":"https:\/\/blog.espol.edu.ec\/crimrome\/wp-json\/wp\/v2\/users\/5795"}],"replies":[{"embeddable":true,"href":"https:\/\/blog.espol.edu.ec\/crimrome\/wp-json\/wp\/v2\/comments?post=2"}],"version-history":[{"count":7,"href":"https:\/\/blog.espol.edu.ec\/crimrome\/wp-json\/wp\/v2\/pages\/2\/revisions"}],"predecessor-version":[{"id":84,"href":"https:\/\/blog.espol.edu.ec\/crimrome\/wp-json\/wp\/v2\/pages\/2\/revisions\/84"}],"wp:attachment":[{"href":"https:\/\/blog.espol.edu.ec\/crimrome\/wp-json\/wp\/v2\/media?parent=2"}],"curies":[{"name":"wp","href":"https:\/\/api.w.org\/{rel}","templated":true}]}}