{"id":2,"date":"2012-10-17T18:00:10","date_gmt":"2012-10-17T18:00:10","guid":{"rendered":"http:\/\/blog.espol.edu.ec\/crvillac\/?page_id=2"},"modified":"2012-11-07T01:25:37","modified_gmt":"2012-11-07T01:25:37","slug":"pagina-ejemplo","status":"publish","type":"page","link":"https:\/\/blog.espol.edu.ec\/crvillac\/pagina-ejemplo\/","title":{"rendered":"GASTRONOM\u00cdA"},"content":{"rendered":"<h3><span style=\"color: #ccffff\">Gastronom\u00eda<\/span><\/h3>\n<p><span style=\"color: #ffffff\">Ambato brinda una gran variedad gastron\u00f3mica, su plato m\u00e1s caracter\u00edstico son las tortillas con chorizo (llapingachos), que consta de tortillas de papa, chorizo, huevos fritos y aguacate, destacan tambi\u00e9n, el caucara, la fritada, guaguamama, chinchulines, el yaguarlocro, el seco de gallina, las afamadas gallinas asadas y el pan de\u00a0<a title=\"Pinllo\" href=\"http:\/\/es.wikipedia.org\/wiki\/Pinllo\"><span style=\"color: #ffffff\">Pinllo<\/span><\/a>, el pan ambate\u00f1o es muy conocido en el pa\u00eds desde la \u00e9poca de la colonia por su inigualable sabor muy apreciado en las familias de Quito y Guayaquil, est\u00e1n tambi\u00e9n las empanadas de viento, y bebidas como la colada morada y el chocolate, en fin, una variedad muy extensa de platos que se pueden degustar en los remodelados mercados y plazas y en otros lugares estrategicamente ubicados en toda la urbe. Los ambate\u00f1os gustan de comer y de la variedad, por ello existen tambi\u00e9n lugares de gran aceptaci\u00f3n de comida internacional como la china, italiana, mexicana, o argentina<\/span><\/p>\n","protected":false},"excerpt":{"rendered":"<p>Gastronom\u00eda Ambato brinda una gran variedad gastron\u00f3mica, su plato m\u00e1s caracter\u00edstico son las tortillas con chorizo (llapingachos), que consta de tortillas de papa, chorizo, huevos fritos y aguacate, destacan tambi\u00e9n, el caucara, la fritada, guaguamama, chinchulines, el yaguarlocro, el seco de gallina, las afamadas gallinas asadas y el pan de\u00a0Pinllo, el pan ambate\u00f1o es muy [&hellip;]<\/p>\n","protected":false},"author":8197,"featured_media":0,"parent":0,"menu_order":0,"comment_status":"open","ping_status":"open","template":"","meta":{"footnotes":""},"class_list":["post-2","page","type-page","status-publish","hentry"],"_links":{"self":[{"href":"https:\/\/blog.espol.edu.ec\/crvillac\/wp-json\/wp\/v2\/pages\/2","targetHints":{"allow":["GET"]}}],"collection":[{"href":"https:\/\/blog.espol.edu.ec\/crvillac\/wp-json\/wp\/v2\/pages"}],"about":[{"href":"https:\/\/blog.espol.edu.ec\/crvillac\/wp-json\/wp\/v2\/types\/page"}],"author":[{"embeddable":true,"href":"https:\/\/blog.espol.edu.ec\/crvillac\/wp-json\/wp\/v2\/users\/8197"}],"replies":[{"embeddable":true,"href":"https:\/\/blog.espol.edu.ec\/crvillac\/wp-json\/wp\/v2\/comments?post=2"}],"version-history":[{"count":1,"href":"https:\/\/blog.espol.edu.ec\/crvillac\/wp-json\/wp\/v2\/pages\/2\/revisions"}],"predecessor-version":[{"id":59,"href":"https:\/\/blog.espol.edu.ec\/crvillac\/wp-json\/wp\/v2\/pages\/2\/revisions\/59"}],"wp:attachment":[{"href":"https:\/\/blog.espol.edu.ec\/crvillac\/wp-json\/wp\/v2\/media?parent=2"}],"curies":[{"name":"wp","href":"https:\/\/api.w.org\/{rel}","templated":true}]}}